000
CXUS56 KPQR 011201
CF6MMV
PRELIMINARY LOCAL CLIMATOLOGICAL DATA (WS FORM: F-6)
STATION: MCMINNVILLE OR
MONTH: FEBRUARY
YEAR: 2024
LATITUDE: 45 11 N
LONGITUDE: 123 8 W
TEMPERATURE IN F: :PCPN: SNOW: WIND :SUNSHINE: SKY :PK WND
================================================================================
1 2 3 4 5 6A 6B 7 8 9 10 11 12 13 14 15 16 17 18
12Z AVG MX 2MIN
DY MAX MIN AVG DEP HDD CDD WTR SNW DPTH SPD SPD DIR MIN PSBL S-S WX SPD DR
================================================================================
1 60 46 53 11 12 0 0.01 M M 5.1 20 200 M M 7 26 200
2 55 36 46 4 19 0 T M M 6.5 18 190 M M 6 27 180
3 54 29 42 0 23 0 0.00 M M 1.7 10 330 M M 1 11 330
4 55 27 41 -1 24 0 0.00 M M 7.7 18 40 M M 2 27 50
5 48 44 46 4 19 0 0.20 M M 4.9 13 330 M M 10 1 18 320
6 51 41 46 4 19 0 0.02 M M 3.0 10 290 M M 9 15 260
7 51 38 45 3 20 0 0.01 M M 2.7 8 270 M M 9 1 10 320
8 51 38 45 3 20 0 0.01 M M 3.1 10 300 M M 7 15 310
9 46 40 43 0 22 0 0.10 M M 3.1 8 150 M M 10 10 230
10 51 39 45 2 20 0 0.00 M M 1.2 7 330 M M 7 1 9 320
11 56 37 47 4 18 0 0.12 M M 5.4 23 210 M M 8 1 31 210
12 53 37 45 2 20 0 0.01 M M 7.2 14 220 M M 6 1 21 200
13 44 30 37 -6 28 0 0.00 M M 2.1 7 240 M M 6 12 9 250
14 47 35 41 -2 24 0 0.58 M M 5.5 23 180 M M 10 1 31 180
15 50 43 47 4 18 0 0.25 M M 18.4 20 180 M M 10 1 36 180
16 45 37 41 -2 24 0 0.08 M M 10.9 M M M M 1 1 M M
17 42 38 40 -3 25 0 0.19 M M 12.6 M M M M 10 M M
18 47 39 43 0 22 0 0.04 M M 6.3 12 350 M M 8 1 17 340
19 52 43 48 4 17 0 0.13 M M 7.5 14 340 M M 9 1 20 340
20 53 41 47 3 18 0 0.27 M M 3.5 12 260 M M 9 1 15 150
21 54 46 50 6 15 0 0.16 M M 8.1 17 190 M M 10 1 23 210
22 59 39 49 5 16 0 0.00 M M 3.7 9 360 M M 5 1 11 360
23 59 33 46 2 19 0 0.00 M M 2.2 8 340 M M 0 1 9 340
24 58 33 46 2 19 0 0.00 M M 1.1 7 120 M M 4 12 9 120
25 54 40 47 3 18 0 0.26 M M 9.3 21 240 M M 9 28 240
26 47 33 40 -4 25 0 0.17 M M 8.5 23 310 M M 7 1 32 310
27 47 33 40 -4 25 0 0.02 M M 9.5 20 180 M M 8 28 180
28 52 46 49 5 16 0 0.75 M M 16.2 23 190 M M 10 1 35 200
29 48 36 42 -3 23 0 0.80 M M 12.6 22 150 M M 9 1 36 170
================================================================================
SM 1489 1097 588 0 4.18 M 189.6 M 207
================================================================================
AV 51.3 37.8 6.5 FASTST M M 7 MAX(MPH)
MISC ----> # 23 210 36 170
================================================================================
NOTES:
# LAST OF SEVERAL OCCURRENCES
COLUMN 17 PEAK WIND IN M.P.H.
PRELIMINARY LOCAL CLIMATOLOGICAL DATA (WS FORM: F-6) , PAGE 2
STATION: MCMINNVILLE OR
MONTH: FEBRUARY
YEAR: 2024
LATITUDE: 45 11 N
LONGITUDE: 123 8 W
[TEMPERATURE DATA] [PRECIPITATION DATA] SYMBOLS USED IN COLUMN 16
AVERAGE MONTHLY: 44.6 TOTAL FOR MONTH: 4.18 1 = FOG OR MIST
DPTR FM NORMAL: 1.4 DPTR FM NORMAL: 0.10 2 = FOG REDUCING VISIBILITY
HIGHEST: 60 ON 1 GRTST 24HR 1.12 ON 28-29 TO 1/4 MILE OR LESS
LOWEST: 27 ON 4 3 = THUNDER
SNOW, ICE PELLETS, HAIL 4 = ICE PELLETS
TOTAL MONTH: M 5 = HAIL
GRTST 24HR M ON M 6 = FREEZING RAIN OR DRIZZLE
GRTST DEPTH: M ON M 7 = DUSTSTORM OR SANDSTORM:
VSBY 1/2 MILE OR LESS
8 = SMOKE OR HAZE
[NO. OF DAYS WITH] [WEATHER - DAYS WITH] 9 = BLOWING SNOW
X = TORNADO
MAX 32 OR BELOW: 0 0.01 INCH OR MORE: 21
MAX 90 OR ABOVE: 0 0.10 INCH OR MORE: 13
MIN 32 OR BELOW: 3 0.50 INCH OR MORE: 3
MIN 0 OR BELOW: 0 1.00 INCH OR MORE: 0
[HDD (BASE 65) ]
TOTAL THIS MO. 588 CLEAR (SCALE 0-3) 4
DPTR FM NORMAL -24 PTCLDY (SCALE 4-7) 10
TOTAL FM JUL 1 2858 CLOUDY (SCALE 8-10) 15
DPTR FM NORMAL -423
[CDD (BASE 65) ]
TOTAL THIS MO. 0
DPTR FM NORMAL 0 [PRESSURE DATA]
TOTAL FM JAN 1 0 HIGHEST SLP 30.33 ON 23
DPTR FM NORMAL 0 LOWEST SLP 29.40 ON 5
[REMARKS]
#FINAL-02-24#