359
CXUS56 KPQR 011200
CF6MMV
PRELIMINARY LOCAL CLIMATOLOGICAL DATA (WS FORM: F-6)
STATION: MCMINNVILLE OR
MONTH: JUNE
YEAR: 2020
LATITUDE: 45 11 N
LONGITUDE: 123 8 W
TEMPERATURE IN F: :PCPN: SNOW: WIND :SUNSHINE: SKY :PK WND
================================================================================
1 2 3 4 5 6A 6B 7 8 9 10 11 12 13 14 15 16 17 18
12Z AVG MX 2MIN
DY MAX MIN AVG DEP HDD CDD WTR SNW DPTH SPD SPD DIR MIN PSBL S-S WX SPD DR
================================================================================
1 72 38 55 -3 10 0 0.00 M M 2.7 9 220 M M 0 128 11 140
2 77 42 60 2 5 0 0.00 M M 3.8 16 240 M M 1 18 20 250
3 75 45 60 2 5 0 0.00 M M 3.9 13 230 M M 1 16 220
4 73 47 60 2 5 0 0.00 M M 6.0 15 10 M M 4 21 20
5 71 50 61 3 4 0 0.00 M M 6.4 21 240 M M 3 26 240
6 62 46 54 -4 11 0 0.40 M M 8.0 22 260 M M 9 1 30 270
7 63 46 55 -3 10 0 0.01 M M 8.8 20 240 M M 9 24 250
8 64 49 57 -1 8 0 0.19 M M 7.1 16 250 M M 9 1 20 250
9 65 50 58 -1 7 0 0.24 M M 8.7 17 190 M M 10 1 21 210
10 77 56 67 8 0 2 0.00 M M 6.5 18 260 M M 7 1 24 270
11 76 54 65 6 0 0 0.04 M M 4.0 14 220 M M 6 1 17 220
12 60 48 54 -5 11 0 0.15 M M 3.9 13 210 M M 8 1 15 210
13 61 45 53 -6 12 0 0.13 M M 7.2 18 250 M M 8 1 22 240
14 68 44 56 -3 9 0 0.02 M M 5.4 13 150 M M 7 1 18 150
15 64 50 57 -3 8 0 0.09 M M 7.7 18 270 M M 8 1 24 250
16 66 50 58 -2 7 0 0.08 M M 4.9 15 250 M M 9 1 19 230
17 73 47 60 0 5 0 0.00 M M 3.4 12 360 M M 5 15 10
18 82 46 64 4 1 0 0.00 M M 4.2 14 20 M M 0 12 19 10
19 84 49 67 7 0 2 0.00 M M 2.7 14 230 M M 0 12 20 220
20 71 53 62 2 3 0 0.28 M M 6.2 13 240 M M 7 1 16 260
21 75 51 63 2 2 0 0.00 M M 4.5 13 10 M M 5 17 10
22 87 48 68 7 0 3 0.00 M M 4.4 12 360 M M 0 1 17 30
23 90 53 72 11 0 7 0.00 M M 4.0 14 230 M M 0 1 19 220
24 78 55 67 5 0 2 0.00 M M 4.5 13 340 M M 3 16 230
25 85 48 67 5 0 2 0.00 M M 5.5 15 10 M M 1 19 30
26 88 53 71 9 0 6 0.00 M M 3.9 16 220 M M 0 19 220
27 73 53 63 1 2 0 0.00 M M 5.1 16 330 M M 7 20 340
28 70 52 61 -1 4 0 T M M 6.9 15 240 M M 8 1 19 240
29 75 48 62 -1 3 0 T M M 7.2 20 250 M M 2 28 250
30 70 51 61 -2 4 0 0.00 M M 10.0 21 300 M M 6 29 280
================================================================================
SM 2195 1467 136 24 1.63 M 167.5 M 143
================================================================================
AV 73.2 48.9 5.6 FASTST M M 5 MAX(MPH)
MISC ----> # 22 260 # 30 270
================================================================================
NOTES:
# LAST OF SEVERAL OCCURRENCES
COLUMN 17 PEAK WIND IN M.P.H.
PRELIMINARY LOCAL CLIMATOLOGICAL DATA (WS FORM: F-6) , PAGE 2
STATION: MCMINNVILLE OR
MONTH: JUNE
YEAR: 2020
LATITUDE: 45 11 N
LONGITUDE: 123 8 W
[TEMPERATURE DATA] [PRECIPITATION DATA] SYMBOLS USED IN COLUMN 16
AVERAGE MONTHLY: 61.0 TOTAL FOR MONTH: 1.63 1 = FOG OR MIST
DPTR FM NORMAL: 1.1 DPTR FM NORMAL: 0.10 2 = FOG REDUCING VISIBILITY
HIGHEST: 90 ON 23 GRTST 24HR 0.40 ON 6- 6 TO 1/4 MILE OR LESS
LOWEST: 38 ON 1 3 = THUNDER
SNOW, ICE PELLETS, HAIL 4 = ICE PELLETS
TOTAL MONTH: M 5 = HAIL
GRTST 24HR M ON M 6 = FREEZING RAIN OR DRIZZLE
GRTST DEPTH: M ON M 7 = DUSTSTORM OR SANDSTORM:
VSBY 1/2 MILE OR LESS
8 = SMOKE OR HAZE
[NO. OF DAYS WITH] [WEATHER - DAYS WITH] 9 = BLOWING SNOW
X = TORNADO
MAX 32 OR BELOW: 0 0.01 INCH OR MORE: 11
MAX 90 OR ABOVE: 1 0.10 INCH OR MORE: 6
MIN 32 OR BELOW: 0 0.50 INCH OR MORE: 0
MIN 0 OR BELOW: 0 1.00 INCH OR MORE: 0
[HDD (BASE 65) ]
TOTAL THIS MO. 136 CLEAR (SCALE 0-3) 11
DPTR FM NORMAL -33 PTCLDY (SCALE 4-7) 13
TOTAL FM JUL 1 4646 CLOUDY (SCALE 8-10) 6
DPTR FM NORMAL -225
[CDD (BASE 65) ]
TOTAL THIS MO. 24
DPTR FM NORMAL 8 [PRESSURE DATA]
TOTAL FM JAN 1 45 HIGHEST SLP 30.31 ON 17
DPTR FM NORMAL 23 LOWEST SLP 29.71 ON 5
[REMARKS]
#FINAL-06-20#