000
CXUS55 KBOU 011000
CF6MNH
PRELIMINARY LOCAL CLIMATOLOGICAL DATA (WS FORM: F-6)
STATION: ELBERT 6W CO
MONTH: NOVEMBER
YEAR: 2020
LATITUDE: 39 13 N
LONGITUDE: 104 38 W
TEMPERATURE IN F: :PCPN: SNOW: WIND :SUNSHINE: SKY :PK WND
================================================================================
1 2 3 4 5 6A 6B 7 8 9 10 11 12 13 14 15 16 17 18
12Z AVG MX 2MIN
DY MAX MIN AVG DEP HDD CDD WTR SNW DPTH SPD SPD DIR MIN PSBL S-S WX SPD DR
================================================================================
1 68 30 49 M 16 0 0.00 M M 8.3 18 180 M M 0 24 180
2 70 32 51 M 14 0 0.00 M M 6.0 10 190 M M 0 M M
3 70 37 54 M 11 0 0.00 M M 6.2 12 210 M M 0 M M
4 68 36 52 M 13 0 0.00 M M 7.0 13 310 M M 1 17 310
5 68 36 52 M 13 0 0.00 M M 10.1 16 170 M M 0 20 160
6 72 41 57 M 8 0 0.00 M M 10.9 16 250 M M 0 22 240
7 64 45 55 M 10 0 0.00 M M 14.2 26 160 M M 0 39 170
8 52 32 42 M 23 0 0.00 M M 16.1 31 170 M M 1 41 170
9 41 23 32 M 33 0 0.00 M M 7.1 15 250 M M 5 2 24 220
10 43 16 30 M 35 0 0.00 M M 8.0 15 240 M M 0 22 240
11 41 12 27 M 38 0 0.00 M M 8.8 20 190 M M 0 31 170
12 41 14 28 M 37 0 0.00 M M 9.4 21 180 M M 0 23 180
13 54 21 38 M 27 0 0.00 M M 15.2 29 250 M M 0 39 240
14 45 18 32 M 33 0 0.00 M M 20.9 39 250 M M 2 52 240
15 54 10 32 M 33 0 0.00 M M 10.5 25 290 M M 0 31 290
16 59 28 44 M 21 0 0.00 M M 8.2 12 150 M M 0 17 200
17 68 32 50 M 15 0 0.00 M M 10.1 14 230 M M 0 16 210
18 64 45 55 M 10 0 0.00 M M 10.5 22 230 M M 0 28 230
19 64 30 47 M 18 0 0.00 M M 16.6 29 260 M M 0 40 260
20 46 25 36 M 29 0 0.00 M M 11.3 22 170 M M 0 29 170
21 50 25 38 M 27 0 0.00 M M 9.8 18 180 M M 0 25 170
22 37 12 25 M 40 0 0.00 M M 14.7 27 180 M M 0 32 170
23 59 25 42 M 23 0 0.00 M M 7.0 13 170 M M 0 23 0
24 34 14 24 M 41 0 0.03 M M 11.7 21 320 M M 4 30 320
25 50 18 34 M 31 0 0.00 M M 9.8 13 230 M M 0 17 230
26 41 21 31 M 34 0 0.00 M M 7.9 18 160 M M 2 24 160
27 37 16 27 M 38 0 0.02 M M 8.2 17 180 M M 1 17 180
28 48 18 33 M 32 0 0.00 M M 5.6 10 230 M M 0 M M
29 32 16 24 M 41 0 0.00 M M 8.9 15 340 M M 0 30 360
30 52 18 35 M 30 0 0.00 M M 8.6 15 210 M M 0 M M
================================================================================
SM 1592 746 774 0 0.05 M 307.5 M 16
================================================================================
AV 53.1 24.9 10.2 FASTST M M 1 MAX(MPH)
MISC ----> 39 250 52 240
================================================================================
NOTES:
# LAST OF SEVERAL OCCURRENCES
COLUMN 17 PEAK WIND IN M.P.H.
PRELIMINARY LOCAL CLIMATOLOGICAL DATA (WS FORM: F-6) , PAGE 2
STATION: ELBERT 6W CO
MONTH: NOVEMBER
YEAR: 2020
LATITUDE: 39 13 N
LONGITUDE: 104 38 W
[TEMPERATURE DATA] [PRECIPITATION DATA] SYMBOLS USED IN COLUMN 16
AVERAGE MONTHLY: 39.0 TOTAL FOR MONTH: 0.05 1 = FOG OR MIST
DPTR FM NORMAL: 0.0 DPTR FM NORMAL: M 2 = FOG REDUCING VISIBILITY
HIGHEST: 72 ON 6 GRTST 24HR 0.03 ON 24-24 TO 1/4 MILE OR LESS
LOWEST: 10 ON 15 3 = THUNDER
SNOW, ICE PELLETS, HAIL 4 = ICE PELLETS
TOTAL MONTH: M 5 = HAIL
GRTST 24HR M ON M 6 = FREEZING RAIN OR DRIZZLE
GRTST DEPTH: M ON M 7 = DUSTSTORM OR SANDSTORM:
VSBY 1/2 MILE OR LESS
8 = SMOKE OR HAZE
[NO. OF DAYS WITH] [WEATHER - DAYS WITH] 9 = BLOWING SNOW
X = TORNADO
MAX 32 OR BELOW: 1 0.01 INCH OR MORE: 2
MAX 90 OR ABOVE: 0 0.10 INCH OR MORE: 0
MIN 32 OR BELOW: 24 0.50 INCH OR MORE: 0
MIN 0 OR BELOW: 0 1.00 INCH OR MORE: 0
[HDD (BASE 65) ]
TOTAL THIS MO. 774 CLEAR (SCALE 0-3) 28
DPTR FM NORMAL M PTCLDY (SCALE 4-7) 2
TOTAL FM JUL 1 1677 CLOUDY (SCALE 8-10) 0
DPTR FM NORMAL M
[CDD (BASE 65) ]
TOTAL THIS MO. 0
DPTR FM NORMAL M [PRESSURE DATA]
TOTAL FM JAN 1 289 HIGHEST SLP M ON M
DPTR FM NORMAL M LOWEST SLP M ON M
[REMARKS]
#FINAL-11-20#