000
CXUS53 KBIS 010930
CF6MOT
PRELIMINARY LOCAL CLIMATOLOGICAL DATA (WS FORM: F-6)
STATION: MINOT ND
MONTH: JANUARY
YEAR: 2022
LATITUDE: 48 15 N
LONGITUDE: 101 16 W
TEMPERATURE IN F: :PCPN: SNOW: WIND :SUNSHINE: SKY :PK WND
================================================================================
1 2 3 4 5 6A 6B 7 8 9 10 11 12 13 14 15 16 17 18
12Z AVG MX 2MIN
DY MAX MIN AVG DEP HDD CDD WTR SNW DPTH SPD SPD DIR MIN PSBL S-S WX SPD DR
================================================================================
1 -5 -20 -12 -27 77 0 0.00 M M 7.1 17 230 M M 0 21 250
2 28 -9 10 -4 55 0 0.00 M M 13.7 25 230 M M 1 33 210
3 25 1 13 -1 52 0 T M M 10.6 21 90 M M 5 8 25 90
4 5 1 3 -11 62 0 M M M 18.0 26 300 M M 10 8 33 310
5 1 -18 -8 -22 73 0 T M M 19.1 26 290 M M 8 8 32 290
6 -12 -23 -17 -31 82 0 0.00 M M 8.6 21 290 M M 7 8 26 290
7 18 -24 -3 -17 68 0 M M M 12.0 23 150 M M 6 8 32 150
8 22 -7 8 -6 57 0 M M M 21.9 37 280 M M 5 89 47 290
9 0 -12 -6 -20 71 0 0.00 M M 7.4 21 270 M M 4 8 25 260
10 23 -2 11 -3 54 0 0.00 M M 8.1 17 210 M M 4 23 220
11 42 22 32 18 33 0 M M M 19.0 45 280 M M 2 89 56 280
12 38 21 30 16 35 0 0.00 M M 8.6 23 280 M M 2 29 280
13 36 18 27 13 38 0 M M M 13.8 25 100 M M 8 18 32 110
14 18 7 13 -1 52 0 M M M 9.2 24 100 M M 10 18 32 100
15 37 15 26 12 39 0 0.00 M M 12.7 30 200 M M 4 18 40 210
16 39 26 33 19 32 0 0.00 M M 16.8 28 280 M M 6 37 280
17 33 23 28 14 37 0 0.00 M M 8.1 16 100 M M 8 8 20 110
18 38 -6 16 2 49 0 M M M 29.2 49 290 M M 8 189 64 300
19 -3 -15 -9 -23 74 0 0.00 M M 15.4 26 280 M M 0 89 32 280
20 19 -20 0 -14 65 0 0.00 M M 11.7 33 170 M M 0 46 180
21 39 6 23 9 42 0 M M M 24.2 46 300 M M 7 18 57 300
22 11 -6 3 -11 62 0 0.00 M M 9.3 23 290 M M 7 8 29 280
23 38 -5 17 3 48 0 M M M 13.1 26 350 M M 9 18 32 350
24 13 -7 3 -11 62 0 M M M 11.8 20 360 M M 5 8 24 360
25 12 -13 0 -14 65 0 0.00 M M 12.8 26 190 M M 0 8 37 190
26 37 11 24 10 41 0 T M M 25.3 49 290 M M 6 89 63 290
27 33 5 19 5 46 0 M M M 11.1 28 300 M M 7 35 300
28 27 12 20 6 45 0 0.00 M M 6.0 15 210 M M 1 17 210
29 31 13 22 8 43 0 0.00 M M 14.0 29 290 M M 2 35 290
30 34 13 24 10 41 0 0.00 M M 8.2 16 180 M M 4 1 20 220
31 40 15 28 14 37 0 T M M 16.6 52 270 M M 4 73 270
================================================================================
SM 717 22 1637 0 T M 423.4 M 150
================================================================================
AV 23.1 0.7 13.7 FASTST M M 5 MAX(MPH)
MISC ----> 52 270 73 270
================================================================================
NOTES:
# LAST OF SEVERAL OCCURRENCES
COLUMN 17 PEAK WIND IN M.P.H.
PRELIMINARY LOCAL CLIMATOLOGICAL DATA (WS FORM: F-6) , PAGE 2
STATION: MINOT ND
MONTH: JANUARY
YEAR: 2022
LATITUDE: 48 15 N
LONGITUDE: 101 16 W
[TEMPERATURE DATA] [PRECIPITATION DATA] SYMBOLS USED IN COLUMN 16
AVERAGE MONTHLY: 11.9 TOTAL FOR MONTH: T 1 = FOG OR MIST
DPTR FM NORMAL: -1.9 DPTR FM NORMAL: -0.28 2 = FOG REDUCING VISIBILITY
HIGHEST: 42 ON 11 GRTST 24HR 0.06 ON 14-14 TO 1/4 MILE OR LESS
LOWEST: -24 ON 7 3 = THUNDER
SNOW, ICE PELLETS, HAIL 4 = ICE PELLETS
TOTAL MONTH: M 5 = HAIL
GRTST 24HR M ON M 6 = FREEZING RAIN OR DRIZZLE
GRTST DEPTH: M ON M 7 = DUSTSTORM OR SANDSTORM:
VSBY 1/2 MILE OR LESS
8 = SMOKE OR HAZE
[NO. OF DAYS WITH] [WEATHER - DAYS WITH] 9 = BLOWING SNOW
X = TORNADO
MAX 32 OR BELOW: 18 0.01 INCH OR MORE: 0
MAX 90 OR ABOVE: 0 0.10 INCH OR MORE: 0
MIN 32 OR BELOW: 31 0.50 INCH OR MORE: 0
MIN 0 OR BELOW: 15 1.00 INCH OR MORE: 0
[HDD (BASE 65) ]
TOTAL THIS MO. 1637 CLEAR (SCALE 0-3) 9
DPTR FM NORMAL 51 PTCLDY (SCALE 4-7) 17
TOTAL FM JUL 1 4572 CLOUDY (SCALE 8-10) 5
DPTR FM NORMAL -348
[CDD (BASE 65) ]
TOTAL THIS MO. 0
DPTR FM NORMAL 0 [PRESSURE DATA]
TOTAL FM JAN 1 0 HIGHEST SLP 30.79 ON 19
DPTR FM NORMAL 0 LOWEST SLP 29.32 ON 8
[REMARKS]
#FINAL-01-22#