000
CXUS53 KBIS 010830
CF6MOT
PRELIMINARY LOCAL CLIMATOLOGICAL DATA (WS FORM: F-6)
STATION: MINOT ND
MONTH: JUNE
YEAR: 2021
LATITUDE: 48 15 N
LONGITUDE: 101 16 W
TEMPERATURE IN F: :PCPN: SNOW: WIND :SUNSHINE: SKY :PK WND
================================================================================
1 2 3 4 5 6A 6B 7 8 9 10 11 12 13 14 15 16 17 18
12Z AVG MX 2MIN
DY MAX MIN AVG DEP HDD CDD WTR SNW DPTH SPD SPD DIR MIN PSBL S-S WX SPD DR
================================================================================
1 86 58 72 10 0 7 0.00 M M 5.7 18 200 M M 1 28 190
2 90 56 73 11 0 8 0.00 M M 7.5 15 310 M M 0 22 330
3 99 70 85 23 0 20 0.00 M M 9.6 18 260 M M 1 27 260
4 105 72 89 26 0 24 T M M 12.5 31 280 M M 0 43 280
5 99 63 81 18 0 16 0.08 M M 10.4 51 270 M M 0 3 65 270
6 80 59 70 7 0 5 0.09 M M 15.5 31 250 M M 4 3 47 230
7 90 52 71 7 0 6 0.00 M M 8.5 18 20 M M 4 23 30
8 81 52 67 3 0 2 0.00 M M 11.5 26 100 M M 1 3 38 90
9 90 64 77 13 0 12 T M M 7.5 35 270 M M 3 44 270
10 86 63 75 11 0 10 0.00 M M 18.4 32 90 M M 5 128 43 100
11 69 57 63 -2 2 0 0.92 M M 19.6 40 240 M M 6 13 60 230
12 85 53 69 4 0 4 0.00 M M 9.6 18 240 M M 0 26 220
13 83 56 70 5 0 5 0.00 M M 9.1 22 270 M M 0 30 260
14 87 53 70 5 0 5 0.00 M M 7.0 14 90 M M 0 19 100
15 92 58 75 9 0 10 0.00 M M 14.4 24 120 M M 0 36 100
16 88 61 75 9 0 10 0.00 M M 16.6 33 300 M M 0 48 300
17 86 57 72 6 0 7 0.00 M M 13.8 28 280 M M 0 40 260
18 75 54 65 -1 0 0 0.00 M M 14.4 29 290 M M 2 38 280
19 84 51 68 2 0 3 0.01 M M 7.7 17 330 M M 3 24 310
20 72 47 60 -7 5 0 0.11 M M 13.1 26 330 M M 6 1 36 340
21 70 49 60 -7 5 0 0.00 M M 9.1 22 290 M M 5 29 290
22 87 50 69 2 0 4 0.00 M M 8.1 16 200 M M 0 22 200
23 94 65 80 13 0 15 0.00 M M 16.0 26 320 M M 0 42 180
24 83 56 70 2 0 5 0.00 M M 8.5 21 360 M M 1 26 350
25 68 57 63 -5 2 0 0.13 M M 6.4 14 350 M M 8 1 19 20
26 80 58 69 1 0 4 T M M 7.1 18 300 M M 4 25 320
27 78 56 67 -1 0 2 0.19 M M 7.4 20 300 M M 4 13 26 300
28 78 57 68 0 0 3 0.00 M M 7.8 17 350 M M 1 25 350
29 85 55 70 2 0 5 0.00 M M 5.2 10 20 M M 0 15 210
30 92 55 74 5 0 9 0.00 M M 5.2 16 70 M M 0 30 50
================================================================================
SM 2542 1714 14 201 1.53 M 313.2 M 59
================================================================================
AV 84.7 57.1 10.4 FASTST M M 2 MAX(MPH)
MISC ----> 51 270 65 270
================================================================================
NOTES:
# LAST OF SEVERAL OCCURRENCES
COLUMN 17 PEAK WIND IN M.P.H.
PRELIMINARY LOCAL CLIMATOLOGICAL DATA (WS FORM: F-6) , PAGE 2
STATION: MINOT ND
MONTH: JUNE
YEAR: 2021
LATITUDE: 48 15 N
LONGITUDE: 101 16 W
[TEMPERATURE DATA] [PRECIPITATION DATA] SYMBOLS USED IN COLUMN 16
AVERAGE MONTHLY: 70.9 TOTAL FOR MONTH: 1.53 1 = FOG OR MIST
DPTR FM NORMAL: 5.3 DPTR FM NORMAL: -2.20 2 = FOG REDUCING VISIBILITY
HIGHEST: 105 ON 4 GRTST 24HR 0.92 ON 11-11 TO 1/4 MILE OR LESS
LOWEST: 47 ON 20 3 = THUNDER
SNOW, ICE PELLETS, HAIL 4 = ICE PELLETS
TOTAL MONTH: M 5 = HAIL
GRTST 24HR M ON M 6 = FREEZING RAIN OR DRIZZLE
GRTST DEPTH: M ON M 7 = DUSTSTORM OR SANDSTORM:
VSBY 1/2 MILE OR LESS
8 = SMOKE OR HAZE
[NO. OF DAYS WITH] [WEATHER - DAYS WITH] 9 = BLOWING SNOW
X = TORNADO
MAX 32 OR BELOW: 0 0.01 INCH OR MORE: 7
MAX 90 OR ABOVE: 9 0.10 INCH OR MORE: 4
MIN 32 OR BELOW: 0 0.50 INCH OR MORE: 1
MIN 0 OR BELOW: 0 1.00 INCH OR MORE: 0
[HDD (BASE 65) ]
TOTAL THIS MO. 14 CLEAR (SCALE 0-3) 21
DPTR FM NORMAL -60 PTCLDY (SCALE 4-7) 9
TOTAL FM JUL 1 7863 CLOUDY (SCALE 8-10) 0
DPTR FM NORMAL -518
[CDD (BASE 65) ]
TOTAL THIS MO. 201
DPTR FM NORMAL 111 [PRESSURE DATA]
TOTAL FM JAN 1 223 HIGHEST SLP 30.20 ON 28
DPTR FM NORMAL 111 LOWEST SLP 29.31 ON 6
[REMARKS]
#FINAL-06-21#