000
CXUS51 KBTV 010700
CF6MPV
PRELIMINARY LOCAL CLIMATOLOGICAL DATA (WS FORM: F-6)
STATION: MONTPELIER VT
MONTH: APRIL
YEAR: 2022
LATITUDE: 44 12 N
LONGITUDE: 72 34 W
TEMPERATURE IN F: :PCPN: SNOW: WIND :SUNSHINE: SKY :PK WND
================================================================================
1 2 3 4 5 6A 6B 7 8 9 10 11 12 13 14 15 16 17 18
12Z AVG MX 2MIN
DY MAX MIN AVG DEP HDD CDD WTR SNW DPTH SPD SPD DIR MIN PSBL S-S WX SPD DR
================================================================================
1 56 31 44 10 21 0 0.07 M M M 24 310 M M M 33 290
2 43 28 36 2 29 0 T M M M 25 320 M M M 37 290
3 47 26 37 2 28 0 0.01 M M M 10 340 M M M 13 350
4 50 35 43 8 22 0 T M M M 21 310 M M M 30 310
5 55 30 43 7 22 0 T M M M 13 340 M M M 17 340
6 64 29 47 11 18 0 T M M M 17 170 M M M 22 160
7 50 40 45 8 20 0 0.19 M M M 23 150 M M M 30 160
8 54 35 45 8 20 0 0.74 M M M 20 150 M M M 1 26 160
9 47 31 39 1 26 0 0.20 M M M 15 300 M M M 1 21 310
10 43 31 37 -1 28 0 T M M M 21 310 M M M 1 28 320
11 62 31 47 8 18 0 T M M 5.8 17 300 M M 2 22 310
12 62 40 51 12 14 0 0.24 M M 6.3 23 310 M M 5 1 34 360
13 56 37 47 7 18 0 0.16 M M 2.3 12 170 M M 8 14 160
14 59 44 52 12 13 0 0.27 M M 7.0 22 180 M M 9 12 27 150
15 60 32 46 5 19 0 T M M 7.3 25 200 M M 5 12 36 200
16 52 35 44 3 21 0 0.20 M M 4.1 18 320 M M 9 1 24 320
17 44 32 38 -4 27 0 T M M 9.6 29 290 M M 8 8 40 300
18 59 27 43 1 22 0 T M M 8.2 23 150 M M 1 33 160
19 43 33 38 -5 27 0 1.01 M M 7.5 15 210 M M 9 12 33 150
20 46 29 38 -5 27 0 0.01 M M 9.1 21 300 M M 7 32 280
21 57 25 41 -3 24 0 T M M 11.1 28 170 M M 4 37 180
22 53 34 44 0 21 0 0.03 M M 9.7 25 310 M M 5 35 310
23 54 28 41 -4 24 0 0.00 M M 4.7 15 290 M M 3 19 300
24 60 38 49 4 16 0 0.00 M M 3.2 13 190 M M 6 16 170
25 67 44 56 10 9 0 0.00 M M 11.5 22 150 M M 1 30 150
26 58 47 53 7 12 0 0.22 M M 5.9 14 170 M M 10 1 19 170
27 47 34 41 -5 24 0 0.06 M M 11.8 24 310 M M 10 1 36 310
28 47 31 39 -8 26 0 T M M 15.5 26 310 M M 5 42 290
29 52 31 42 -5 23 0 0.00 M M 11.8 23 340 M M 4 33 340
30 56 31 44 -4 21 0 0.00 M M 5.5 16 340 M M 3 22 10
================================================================================
SM 1603 999 640 0 3.41 M 157.9 M 114
================================================================================
AV 53.4 33.3 7.9 FASTST M M 6 MAX(MPH)
MISC ----> 29 290 42 290
================================================================================
NOTES:
# LAST OF SEVERAL OCCURRENCES
COLUMN 17 PEAK WIND IN M.P.H.
PRELIMINARY LOCAL CLIMATOLOGICAL DATA (WS FORM: F-6) , PAGE 2
STATION: MONTPELIER VT
MONTH: APRIL
YEAR: 2022
LATITUDE: 44 12 N
LONGITUDE: 72 34 W
[TEMPERATURE DATA] [PRECIPITATION DATA] SYMBOLS USED IN COLUMN 16
AVERAGE MONTHLY: 43.4 TOTAL FOR MONTH: 3.41 1 = FOG OR MIST
DPTR FM NORMAL: 2.5 DPTR FM NORMAL: 0.37 2 = FOG REDUCING VISIBILITY
HIGHEST: 67 ON 25 GRTST 24HR 1.01 ON 19-19 TO 1/4 MILE OR LESS
LOWEST: 25 ON 21 3 = THUNDER
SNOW, ICE PELLETS, HAIL 4 = ICE PELLETS
TOTAL MONTH: M 5 = HAIL
GRTST 24HR M ON M 6 = FREEZING RAIN OR DRIZZLE
GRTST DEPTH: M ON M 7 = DUSTSTORM OR SANDSTORM:
VSBY 1/2 MILE OR LESS
8 = SMOKE OR HAZE
[NO. OF DAYS WITH] [WEATHER - DAYS WITH] 9 = BLOWING SNOW
X = TORNADO
MAX 32 OR BELOW: 0 0.01 INCH OR MORE: 14
MAX 90 OR ABOVE: 0 0.10 INCH OR MORE: 9
MIN 32 OR BELOW: 17 0.50 INCH OR MORE: 2
MIN 0 OR BELOW: 0 1.00 INCH OR MORE: 1
[HDD (BASE 65) ]
TOTAL THIS MO. 640 CLEAR (SCALE 0-3) 4
DPTR FM NORMAL -84 PTCLDY (SCALE 4-7) 11
TOTAL FM JUL 1 6890 CLOUDY (SCALE 8-10) 15
DPTR FM NORMAL -954
[CDD (BASE 65) ]
TOTAL THIS MO. 0
DPTR FM NORMAL -1 [PRESSURE DATA]
TOTAL FM JAN 1 0 HIGHEST SLP M ON M
DPTR FM NORMAL -1 LOWEST SLP 29.77 ON 20
[REMARKS]
#FINAL-04-22#