000
CXUS53 KMQT 131940
CF6MQT
PRELIMINARY LOCAL CLIMATOLOGICAL DATA (WS FORM: F-6)
STATION: MARQUETTE MI
MONTH: DECEMBER
YEAR: 2022
LATITUDE: 46 31 N
LONGITUDE: 87 33 W
TEMPERATURE IN F: :PCPN: SNOW: WIND :SUNSHINE: SKY :PK WND
================================================================================
1 2 3 4 5 6A 6B 7 8 9 10 11 12 13 14 15 16 17 18
12Z AVG MX 2MIN
DY MAX MIN AVG DEP HDD CDD WTR SNW DPTH SPD SPD DIR MIN PSBL S-S WX SPD DR
================================================================================
1 27 21 24 -1 41 0 T T 1 M M M M M M 33 270
2 36 25 31 7 34 0 T 0.1 T M M M M M M 28 180
3 33 9 21 -3 44 0 0.08 1.7 1 M M M M M M 37 315
4 27 6 17 -7 48 0 0.00 0.0 1 M M M M M M 23 225
5 30 17 24 1 41 0 T T 1 M M M M M M 19 225
6 29 13 21 -2 44 0 T T 1 M M M M M M 14 135
7 29 10 20 -3 45 0 0.12 2.1 1 M M M M M M 20 360
8 27 0 14 -8 51 0 T T 2 M M M M M M 15 225
9 26 5 16 -6 49 0 T T 2 M M M M M M 14 180
10 25 23 24 2 41 0 0.11 1.4 2 M M M M M M 13 135
11 32 24 28 7 37 0 0.13 1.3 3 M M M M M M 11 315
12 30 22 26 5 39 0 T T 4 M M M M M M 11 180
13 29 26 28 7 37 0 T T 4 M M M M M M 18 135
14 33 26 30 9 35 0 0.07 0.1 3 M M M M M M 46 28 135
15 33 30 32 12 33 0 0.67 6.1 6 M M M M M M 4 M 21
16 30 18 24 4 41 0 0.05 0.7 8 M M M M M M 19 135
17 26 6 16 -4 49 0 0.06 1.0 8 M M M M M M 17 315
18 27 16 22 2 43 0 0.03 1.4 9 M M M M M M 22 315
19 17 15 16 -3 49 0 0.01 0.6 9 M M M M M M 20 180
20 18 0 9 -10 56 0 0.08 1.9 10 M M M M M M 29 270
21 8 -5 2 -17 63 0 0.07 1.1 9 M M M M M M 18 270
22 25 4 15 -3 50 0 0.41 6.5 11 M M M M M M 24 270
23 12 7 10 -8 55 0 0.39 5.8 13 M M M M M M 9 42 315
24 13 9 11 -7 54 0 0.65 11.8 16 M M M M M M 9 39 315
25 14 6 10 -8 55 0 0.08 1.7 18 M M M M M M 9 34 270
26 14 11 13 -5 52 0 0.01 0.6 16 M M M M M M 19 315
27 17 11 14 -3 51 0 T T 16 M M M M M M 46 31 180
28 31 17 24 7 41 0 T T 15 M M M M M M 46 24 180
29 39 31 35 18 30 0 0.00 0.0 14 M M M M M M 1 15 180
30 42 28 35 18 30 0 0.13 0.0 13 M M M M M M 1 22 270
31 32 26 29 12 36 0 0.00 0.0 10 M M M M M M 14 180
================================================================================
SM 811 457 1374 0 3.15 45.9 M M M
================================================================================
AV 26.2 14.7 M FASTST M M M MAX(MPH)
MISC ----> M M 42 315
================================================================================
NOTES:
# LAST OF SEVERAL OCCURRENCES
COLUMN 17 PEAK WIND IN M.P.H.
PRELIMINARY LOCAL CLIMATOLOGICAL DATA (WS FORM: F-6) , PAGE 2
STATION: MARQUETTE MI
MONTH: DECEMBER
YEAR: 2022
LATITUDE: 46 31 N
LONGITUDE: 87 33 W
[TEMPERATURE DATA] [PRECIPITATION DATA] SYMBOLS USED IN COLUMN 16
AVERAGE MONTHLY: 20.5 TOTAL FOR MONTH: 3.15 1 = FOG OR MIST
DPTR FM NORMAL: 0.3 DPTR FM NORMAL: 0.55 2 = FOG REDUCING VISIBILITY
HIGHEST: 42 ON 30 GRTST 24HR 0.67 ON 15-15 TO 1/4 MILE OR LESS
LOWEST: -5 ON 21 3 = THUNDER
SNOW, ICE PELLETS, HAIL 4 = ICE PELLETS
TOTAL MONTH: 46.1 INCHES 5 = HAIL
GRTST 24HR 11.8 ON 24-24 6 = FREEZING RAIN OR DRIZZLE
GRTST DEPTH: 18 ON 25 7 = DUSTSTORM OR SANDSTORM:
VSBY 1/2 MILE OR LESS
8 = SMOKE OR HAZE
[NO. OF DAYS WITH] [WEATHER - DAYS WITH] 9 = BLOWING SNOW
X = TORNADO
MAX 32 OR BELOW: 25 0.01 INCH OR MORE: 18
MAX 90 OR ABOVE: 0 0.10 INCH OR MORE: 8
MIN 32 OR BELOW: 31 0.50 INCH OR MORE: 2
MIN 0 OR BELOW: 3 1.00 INCH OR MORE: 0
[HDD (BASE 65) ]
TOTAL THIS MO. 1374 CLEAR (SCALE 0-3) 0
DPTR FM NORMAL -13 PTCLDY (SCALE 4-7) 0
TOTAL FM JUL 1 3218 CLOUDY (SCALE 8-10) 31
DPTR FM NORMAL -336
[CDD (BASE 65) ]
TOTAL THIS MO. 0
DPTR FM NORMAL 0 [PRESSURE DATA]
TOTAL FM JAN 1 316 HIGHEST SLP M ON M
DPTR FM NORMAL 79 LOWEST SLP M ON M
[REMARKS]
#FINAL-12-22#
CORRECTED FOR PEAK GUST WIND DIRECTION ON 12/24