000
CXUS54 KMAF 011110
CF6MRF
PRELIMINARY LOCAL CLIMATOLOGICAL DATA (WS FORM: F-6)
STATION: MARFA
MONTH: APRIL
YEAR: 2023
LATITUDE: 30 22 N
LONGITUDE: 104 1 W
TEMPERATURE IN F: :PCPN: SNOW: WIND :SUNSHINE: SKY :PK WND
================================================================================
1 2 3 4 5 6A 6B 7 8 9 10 11 12 13 14 15 16 17 18
12Z AVG MX 2MIN
DY MAX MIN AVG DEP HDD CDD WTR SNW DPTH SPD SPD DIR MIN PSBL S-S WX SPD DR
================================================================================
1 76 32 54 M 11 0 M M M 8.4 17 120 M M 0 23 100
2 77 39 58 M 7 0 M M M 11.0 25 260 M M 0 41 250
3 82 35 59 M 6 0 M M M 8.4 21 230 M M 0 33 230
4 81 46 64 M 1 0 M M M 16.2 31 240 M M 0 45 240
5 67 35 51 M 14 0 M M M 7.6 15 290 M M 0 M M
6 66 37 52 M 13 0 M M M 12.9 24 40 M M 0 31 40
7 63 39 51 M 14 0 M M M 12.4 18 50 M M 4 25 60
8 76 34 55 M 10 0 M M M 6.7 13 200 M M 0 17 180
9 80 42 61 M 4 0 0.01 M M 6.1 17 50 M M 2 23 310
10 77 44 61 M 4 0 M M M 9.1 20 30 M M 2 20 110
11 78 39 59 M 6 0 M M M 6.5 13 180 M M 0 M M
12 80 39 60 M 5 0 M M M 8.4 17 110 M M 0 22 140
13 83 44 64 M 1 0 M M M 8.7 26 180 M M 0 25 220
14 78 45 62 M 3 0 M M M 9.5 25 240 M M 0 36 230
15 76 43 60 M 5 0 M M M 11.6 25 250 M M 0 35 270
16 74 41 58 M 7 0 M M M 10.4 18 10 M M 0 23 120
17 80 41 61 M 4 0 T M M 9.4 17 170 M M 1 30 160
18 82 44 63 M 2 0 M M M 9.3 23 260 M M 0 33 260
19 83 41 62 M 3 0 M M M 9.7 17 220 M M 0 26 270
20 80 46 63 M 2 0 M M M 10.2 21 300 M M 0 28 300
21 77 41 59 M 6 0 M M M 13.2 25 10 M M 0 35 340
22 84 37 61 M 4 0 M M M 9.5 24 40 M M 0 33 30
23 63 40 52 M 13 0 M M M 13.8 21 50 M M 3 23 20
24 79 33 56 M 9 0 M M M 7.0 16 270 M M 1 20 99
25 81 37 59 M 6 0 M M M 10.1 20 270 M M 0 31 270
26 78 45 62 M 3 0 M M M 12.9 22 270 M M 1 31 280
27 79 44 62 M 3 0 M M M 11.5 22 240 M M 0 8 30 250
28 74 39 57 M 8 0 M M M 16.6 35 10 M M 0 8 44 10
29 76 36 56 M 9 0 M M M 7.4 15 360 M M 0 17 40
30 87 36 62 M 3 0 M M M 8.2 17 190 M M 0 24 190
================================================================================
SM 2317 1194 186 0 0.01 M 302.4 M 14
================================================================================
AV 77.2 39.8 10.1 FASTST M M 0 MAX(MPH)
MISC ----> 35 10 45 240
================================================================================
NOTES:
# LAST OF SEVERAL OCCURRENCES
COLUMN 17 PEAK WIND IN M.P.H.
PRELIMINARY LOCAL CLIMATOLOGICAL DATA (WS FORM: F-6) , PAGE 2
STATION: MARFA
MONTH: APRIL
YEAR: 2023
LATITUDE: 30 22 N
LONGITUDE: 104 1 W
[TEMPERATURE DATA] [PRECIPITATION DATA] SYMBOLS USED IN COLUMN 16
AVERAGE MONTHLY: 58.5 TOTAL FOR MONTH: 0.01 1 = FOG OR MIST
DPTR FM NORMAL: 0.0 DPTR FM NORMAL: M 2 = FOG REDUCING VISIBILITY
HIGHEST: 87 ON 30 GRTST 24HR 0.01 ON 9- 9 TO 1/4 MILE OR LESS
LOWEST: 32 ON 1 3 = THUNDER
SNOW, ICE PELLETS, HAIL 4 = ICE PELLETS
TOTAL MONTH: M 5 = HAIL
GRTST 24HR M ON M 6 = FREEZING RAIN OR DRIZZLE
GRTST DEPTH: M ON M 7 = DUSTSTORM OR SANDSTORM:
VSBY 1/2 MILE OR LESS
8 = SMOKE OR HAZE
[NO. OF DAYS WITH] [WEATHER - DAYS WITH] 9 = BLOWING SNOW
X = TORNADO
MAX 32 OR BELOW: 0 0.01 INCH OR MORE: 1
MAX 90 OR ABOVE: 0 0.10 INCH OR MORE: 0
MIN 32 OR BELOW: 1 0.50 INCH OR MORE: 0
MIN 0 OR BELOW: 0 1.00 INCH OR MORE: 0
[HDD (BASE 65) ]
TOTAL THIS MO. 186 CLEAR (SCALE 0-3) 28
DPTR FM NORMAL M PTCLDY (SCALE 4-7) 2
TOTAL FM JUL 1 2219 CLOUDY (SCALE 8-10) 0
DPTR FM NORMAL M
[CDD (BASE 65) ]
TOTAL THIS MO. 0
DPTR FM NORMAL M [PRESSURE DATA]
TOTAL FM JAN 1 0 HIGHEST SLP M ON M
DPTR FM NORMAL M LOWEST SLP M ON M
[REMARKS]
#FINAL-04-23#