000
CXUS54 KMAF 011210
CF6MRF
PRELIMINARY LOCAL CLIMATOLOGICAL DATA (WS FORM: F-6)
STATION: MARFA
MONTH: NOVEMBER
YEAR: 2021
LATITUDE: 30 22 N
LONGITUDE: 104 1 W
TEMPERATURE IN F: :PCPN: SNOW: WIND :SUNSHINE: SKY :PK WND
================================================================================
1 2 3 4 5 6A 6B 7 8 9 10 11 12 13 14 15 16 17 18
12Z AVG MX 2MIN
DY MAX MIN AVG DEP HDD CDD WTR SNW DPTH SPD SPD DIR MIN PSBL S-S WX SPD DR
================================================================================
1 80 42 61 M 4 0 M M M 7.0 12 260 M M 0 M M
2 80 40 60 M 5 0 M M M 5.6 14 40 M M 0 M M
3 60 45 53 M 12 0 M M M 11.2 20 40 M M 6 1 23 40
4 63 35 49 M 16 0 M M M 4.4 12 20 M M 3 M M
5 76 30 53 M 12 0 M M M 5.8 12 270 M M 0 18 250
6 78 35 57 M 8 0 M M M 6.3 9 350 M M 0 M M
7 80 37 59 M 6 0 M M M 6.1 10 140 M M 0 18 140
8 82 41 62 M 3 0 M M M 5.3 10 160 M M 0 M M
9 81 42 62 M 3 0 M M M 5.7 13 270 M M 0 M M
10 74 40 57 M 8 0 M M M 9.7 22 280 M M 0 35 270
11 73 35 54 M 11 0 M M M 6.8 13 20 M M 0 M M
12 74 28 51 M 14 0 M M M 9.6 22 20 M M 0 29 20
13 75 28 52 M 13 0 M M M 7.4 16 240 M M 0 22 240
14 78 34 56 M 9 0 M M M 7.0 13 280 M M 0 M M
15 77 31 54 M 11 0 M M M 7.1 17 260 M M 0 22 260
16 77 32 55 M 10 0 M M M 7.6 21 250 M M 0 8 30 250
17 74 34 54 M 11 0 M M M 9.6 23 20 M M 0 24 30
18 53 32 43 M 22 0 M M M 15.6 23 10 M M 2 31 20
19 67 28 48 M 17 0 M M M 5.9 14 170 M M 0 18 170
20 77 32 55 M 10 0 M M M 6.4 16 180 M M 0 21 180
21 63 44 54 M 11 0 M M M 14.1 25 20 M M 2 33 30
22 64 35 50 M 15 0 M M M 6.1 14 30 M M 0 M M
23 69 34 52 M 13 0 M M M 5.0 17 180 M M 0 25 180
24 70 39 55 M 10 0 M M M 8.9 18 250 M M 3 32 260
25 54 38 46 M 19 0 M M M 16.5 26 10 M M 3 38 10
26 50 37 44 M 21 0 0.06 M M 5.1 14 30 M M 4 M M
27 52 42 47 M 18 0 0.03 M M 10.6 17 280 M M 9 22 270
28 M M M M M M M M M M M M M M M M M
29 67 26 47 M 18 0 M M M 5.4 10 180 M M 0 M M
30 72 33 53 M 12 0 M M M 6.6 14 300 M M 0 M M
================================================================================
SM 2040 1029 342 0 0.09 M 228.5 M 32
================================================================================
AV 70.3 35.5 7.9 FASTST M M 1 MAX(MPH)
MISC ----> 26 10 38 10
================================================================================
NOTES:
# LAST OF SEVERAL OCCURRENCES
COLUMN 17 PEAK WIND IN M.P.H.
PRELIMINARY LOCAL CLIMATOLOGICAL DATA (WS FORM: F-6) , PAGE 2
STATION: MARFA
MONTH: NOVEMBER
YEAR: 2021
LATITUDE: 30 22 N
LONGITUDE: 104 1 W
[TEMPERATURE DATA] [PRECIPITATION DATA] SYMBOLS USED IN COLUMN 16
AVERAGE MONTHLY: 52.9 TOTAL FOR MONTH: 0.09 1 = FOG OR MIST
DPTR FM NORMAL: 0.0 DPTR FM NORMAL: M 2 = FOG REDUCING VISIBILITY
HIGHEST: 82 ON 8 GRTST 24HR 0.06 ON 26-26 TO 1/4 MILE OR LESS
LOWEST: 26 ON 29 3 = THUNDER
SNOW, ICE PELLETS, HAIL 4 = ICE PELLETS
TOTAL MONTH: M 5 = HAIL
GRTST 24HR M ON M 6 = FREEZING RAIN OR DRIZZLE
GRTST DEPTH: M ON M 7 = DUSTSTORM OR SANDSTORM:
VSBY 1/2 MILE OR LESS
8 = SMOKE OR HAZE
[NO. OF DAYS WITH] [WEATHER - DAYS WITH] 9 = BLOWING SNOW
X = TORNADO
MAX 32 OR BELOW: 0 0.01 INCH OR MORE: 2
MAX 90 OR ABOVE: 0 0.10 INCH OR MORE: 0
MIN 32 OR BELOW: 9 0.50 INCH OR MORE: 0
MIN 0 OR BELOW: 0 1.00 INCH OR MORE: 0
[HDD (BASE 65) ]
TOTAL THIS MO. 342 CLEAR (SCALE 0-3) 25
DPTR FM NORMAL M PTCLDY (SCALE 4-7) 3
TOTAL FM JUL 1 436 CLOUDY (SCALE 8-10) 2
DPTR FM NORMAL M
[CDD (BASE 65) ]
TOTAL THIS MO. 0
DPTR FM NORMAL M [PRESSURE DATA]
TOTAL FM JAN 1 1098 HIGHEST SLP M ON M
DPTR FM NORMAL M LOWEST SLP M ON M
[REMARKS]
#FINAL-11-21#