000
CXUS52 KMHX 142342
CF6MRH
PRELIMINARY LOCAL CLIMATOLOGICAL DATA (WS FORM: F-6)
STATION: BEAUFORT/SMITH FIELD NC
MONTH: FEBRUARY
YEAR: 2022
LATITUDE: 34 43 N
LONGITUDE: 76 39 W
TEMPERATURE IN F: :PCPN: SNOW: WIND :SUNSHINE: SKY :PK WND
================================================================================
1 2 3 4 5 6A 6B 7 8 9 10 11 12 13 14 15 16 17 18
12Z AVG MX 2MIN
DY MAX MIN AVG DEP HDD CDD WTR SNW DPTH SPD SPD DIR MIN PSBL S-S WX SPD DR
================================================================================
1 54 37 46 0 19 0 0.00 0.0 0 10.1 20 20 M M 0 23 20
2 62 38 50 4 15 0 0.00 0.0 0 7.9 14 20 M M 7 1 18 30
3 71 50 61 15 4 0 0.00 0.0 0 8.6 16 180 M M 4 24 190
4 70 57 64 17 1 0 0.16 0.0 0 16.6 24 210 M M 6 1 29 210
5 60 34 47 0 18 0 0.16 0.0 0 12.2 23 340 M M 6 1 30 340
6 50 31 41 -6 24 0 0.00 0.0 0 12.3 20 20 M M 3 26 20
7 54 40 47 0 18 0 0.58 0.0 0 11.6 22 320 M M 10 1 27 320
8 48 36 42 -5 23 0 0.00 0.0 0 7.1 16 300 M M 5 1 20 310
9 59 33 46 -1 19 0 0.00 0.0 0 5.0 14 20 M M 0 19 20
10 61 37 49 2 16 0 0.00 0.0 0 6.1 14 190 M M 0 17 190
11 61 41 51 3 14 0 0.00 0.0 0 6.8 12 190 M M 0 15 200
12 63 46 55 7 10 0 0.00 0.0 0 6.8 14 210 M M 2 16 210
13 58 39 49 1 16 0 0.12 0.0 0 7.6 18 20 M M 10 1 24 10
14 48 30 39 -9 26 0 0.00 0.0 0 8.6 21 340 M M 1 26 320
15 51 32 42 -6 23 0 0.00 0.0 0 6.8 14 50 M M 0 18 20
16 66 37 52 4 13 0 0.00 0.0 0 8.2 14 150 M M 0 19 150
17 70 50 60 12 5 0 0.05 0.0 0 10.3 23 190 M M 5 1 32 190
18 67 46 57 8 8 0 0.39 0.0 0 17.3 29 210 M M 9 12 39 240
19 59 39 49 0 16 0 0.00 0.0 0 10.4 21 300 M M 0 24 300
20 52 36 44 -5 21 0 0.00 0.0 0 8.2 17 30 M M 0 24 20
21 68 41 55 6 10 0 0.03 0.0 0 4.7 16 160 M M 8 1 20 170
22 70 60 65 16 0 0 0.00 0.0 0 8.8 15 190 M M 8 20 190
23 70 59 65 15 0 0 0.00 0.0 0 9.7 15 220 M M 5 12 19 220
24 63 50 57 7 8 0 0.00 0.0 0 7.3 17 10 M M 10 12 21 50
25 69 50 60 10 5 0 0.00 0.0 0 10.2 25 220 M M 8 12 31 230
26 60 41 51 1 14 0 T 0.0 0 13.8 23 20 M M 8 30 20
27 48 40 44 -6 21 0 0.28 0.0 0 5.8 13 310 M M 9 1 15 360
28 57 39 48 -2 17 0 0.00 0.0 0 11.6 20 20 M M 1 27 10
================================================================================
SM 1689 1169 384 0 1.77 0.0 260.4 M 125
================================================================================
AV 60.3 41.8 9.3 FASTST M M 4 MAX(MPH)
MISC ----> 29 210 39 240
================================================================================
NOTES:
# LAST OF SEVERAL OCCURRENCES
COLUMN 17 PEAK WIND IN M.P.H.
PRELIMINARY LOCAL CLIMATOLOGICAL DATA (WS FORM: F-6) , PAGE 2
STATION: BEAUFORT/SMITH FIELD NC
MONTH: FEBRUARY
YEAR: 2022
LATITUDE: 34 43 N
LONGITUDE: 76 39 W
[TEMPERATURE DATA] [PRECIPITATION DATA] SYMBOLS USED IN COLUMN 16
AVERAGE MONTHLY: 51.0 TOTAL FOR MONTH: 1.77 1 = FOG OR MIST
DPTR FM NORMAL: 2.8 DPTR FM NORMAL: -1.56 2 = FOG REDUCING VISIBILITY
HIGHEST: 71 ON 3 GRTST 24HR 0.58 ON 7- 7 TO 1/4 MILE OR LESS
LOWEST: 30 ON 14 3 = THUNDER
SNOW, ICE PELLETS, HAIL 4 = ICE PELLETS
TOTAL MONTH: 0.0 INCH 5 = HAIL
GRTST 24HR 0.0 6 = FREEZING RAIN OR DRIZZLE
GRTST DEPTH: 0 7 = DUSTSTORM OR SANDSTORM:
VSBY 1/2 MILE OR LESS
8 = SMOKE OR HAZE
[NO. OF DAYS WITH] [WEATHER - DAYS WITH] 9 = BLOWING SNOW
X = TORNADO
MAX 32 OR BELOW: 0 0.01 INCH OR MORE: 8
MAX 90 OR ABOVE: 0 0.10 INCH OR MORE: 6
MIN 32 OR BELOW: 3 0.50 INCH OR MORE: 1
MIN 0 OR BELOW: 0 1.00 INCH OR MORE: 0
[HDD (BASE 65) ]
TOTAL THIS MO. 384 CLEAR (SCALE 0-3) 12
DPTR FM NORMAL -88 PTCLDY (SCALE 4-7) 9
TOTAL FM JUL 1 1636 CLOUDY (SCALE 8-10) 7
DPTR FM NORMAL -240
[CDD (BASE 65) ]
TOTAL THIS MO. 0
DPTR FM NORMAL -1 [PRESSURE DATA]
TOTAL FM JAN 1 6 HIGHEST SLP 30.68 ON 15
DPTR FM NORMAL 6 LOWEST SLP 29.84 ON 18
[REMARKS]
#FINAL-02-22#