000
CXUS56 KMTR 022155
CF6MRY
PRELIMINARY LOCAL CLIMATOLOGICAL DATA (WS FORM: F-6)
STATION: MONTEREY AIRPORT
MONTH: JANUARY
YEAR: 2024
LATITUDE: 36 34 N
LONGITUDE: 121 51 W
TEMPERATURE IN F: :PCPN: SNOW: WIND :SUNSHINE: SKY :PK WND
================================================================================
1 2 3 4 5 6A 6B 7 8 9 10 11 12 13 14 15 16 17 18
12Z AVG MX 2MIN
DY MAX MIN AVG DEP HDD CDD WTR SNW DPTH SPD SPD DIR MIN PSBL S-S WX SPD DR
================================================================================
1 62 43 53 1 12 0 0.00 M M 4.0 9 330 M M 1 13 330
2 63 45 54 2 11 0 0.41 M M 6.9 23 250 M M 5 1 31 250
3 56 47 52 0 13 0 0.10 M M 8.9 20 300 M M 6 1 32 310
4 58 44 51 -1 14 0 0.00 M M 4.5 13 300 M M 2 22 310
5 61 46 54 2 11 0 0.00 M M 4.8 10 120 M M 2 12 130
6 57 40 49 -3 16 0 0.36 M M 8.5 23 280 M M 3 18 36 310
7 54 38 46 -6 19 0 0.00 M M 5.8 14 310 M M 0 22 340
8 56 38 47 -5 18 0 0.00 M M 3.8 10 120 M M 0 12 110
9 59 44 52 0 13 0 T M M 5.9 14 310 M M 7 1 22 330
10 55 39 47 -5 18 0 0.18 M M 9.2 25 310 M M 6 1 40 300
11 53 37 45 -7 20 0 0.00 M M 5.3 20 320 M M 0 37 300
12 55 37 46 -6 19 0 0.00 M M 5.5 10 110 M M 1 14 300
13 59 39 49 -3 16 0 0.01 M M 5.0 9 160 M M 6 1 17 220
14 60 47 54 2 11 0 0.03 M M 5.3 12 330 M M 7 1 16 90
15 59 41 50 -2 15 0 0.00 M M 1.5 8 250 M M 1 12 12 210
16 58 45 52 0 13 0 0.18 M M 4.3 16 240 M M 6 1 22 240
17 61 45 53 1 12 0 0.02 M M 3.9 9 120 M M 6 1 13 140
18 59 43 51 -1 14 0 0.00 M M 3.0 10 120 M M 0 13 120
19 59 46 53 1 12 0 0.03 M M 4.0 20 130 M M 4 18 31 130
20 62 50 56 3 9 0 0.23 M M 5.6 16 180 M M 8 12 24 170
21 61 49 55 2 10 0 0.18 M M 2.0 12 300 M M 8 1 16 280
22 60 54 57 4 8 0 0.28 M M 5.4 13 260 M M 9 1 17 270
23 57 50 54 1 11 0 0.02 M M 4.5 12 290 M M 8 1 18 290
24 57 51 54 1 11 0 0.44 M M 2.7 15 140 M M 10 1 16 140
25 58 47 53 0 12 0 0.02 M M 4.6 12 120 M M 6 1 15 120
26 63 47 55 2 10 0 0.00 M M 2.6 10 110 M M 0 13 110
27 67 49 58 5 7 0 0.00 M M 2.9 8 140 M M 0 12 60
28 75 50 63 10 2 0 0.00 M M 3.3 12 120 M M 0 8 14 120
29 68 51 60 7 5 0 0.00 M M 4.6 13 120 M M 0 15 120
30 62 49 56 3 9 0 0.00 M M 4.3 15 240 M M 0 21 240
31 63 49 56 3 9 0 1.09 M M 5.9 18 170 M M 6 1 28 190
================================================================================
SM 1857 1400 380 0 3.58 M 148.5 M 118
================================================================================
AV 59.9 45.2 4.8 FASTST M M 4 MAX(MPH)
MISC ----> 25 310 40 300
================================================================================
NOTES:
# LAST OF SEVERAL OCCURRENCES
COLUMN 17 PEAK WIND IN M.P.H.
PRELIMINARY LOCAL CLIMATOLOGICAL DATA (WS FORM: F-6) , PAGE 2
STATION: MONTEREY AIRPORT
MONTH: JANUARY
YEAR: 2024
LATITUDE: 36 34 N
LONGITUDE: 121 51 W
[TEMPERATURE DATA] [PRECIPITATION DATA] SYMBOLS USED IN COLUMN 16
AVERAGE MONTHLY: 52.5 TOTAL FOR MONTH: 3.58 1 = FOG OR MIST
DPTR FM NORMAL: 0.0 DPTR FM NORMAL: 0.09 2 = FOG REDUCING VISIBILITY
HIGHEST: 75 ON 28 GRTST 24HR 1.27 ON 21-22 TO 1/4 MILE OR LESS
LOWEST: 37 ON 12,11 3 = THUNDER
SNOW, ICE PELLETS, HAIL 4 = ICE PELLETS
TOTAL MONTH: M 5 = HAIL
GRTST 24HR M ON M 6 = FREEZING RAIN OR DRIZZLE
GRTST DEPTH: M ON M 7 = DUSTSTORM OR SANDSTORM:
VSBY 1/2 MILE OR LESS
8 = SMOKE OR HAZE
[NO. OF DAYS WITH] [WEATHER - DAYS WITH] 9 = BLOWING SNOW
X = TORNADO
MAX 32 OR BELOW: 0 0.01 INCH OR MORE: 16
MAX 90 OR ABOVE: 0 0.10 INCH OR MORE: 10
MIN 32 OR BELOW: 0 0.50 INCH OR MORE: 1
MIN 0 OR BELOW: 0 1.00 INCH OR MORE: 1
[HDD (BASE 65) ]
TOTAL THIS MO. 380 CLEAR (SCALE 0-3) 15
DPTR FM NORMAL -9 PTCLDY (SCALE 4-7) 14
TOTAL FM JUL 1 1326 CLOUDY (SCALE 8-10) 2
DPTR FM NORMAL -219
[CDD (BASE 65) ]
TOTAL THIS MO. 0
DPTR FM NORMAL 0 [PRESSURE DATA]
TOTAL FM JAN 1 0 HIGHEST SLP 30.43 ON 9
DPTR FM NORMAL 0 LOWEST SLP 29.63 ON 31
[REMARKS]
#FINAL-01-24#