000
CXUS53 KMKX 010810
CF6MSN
PRELIMINARY LOCAL CLIMATOLOGICAL DATA (WS FORM: F-6)
STATION: MADISON WI
MONTH: APRIL
YEAR: 2022
LATITUDE: 43 7 N
LONGITUDE: 89 20 W
TEMPERATURE IN F: :PCPN: SNOW: WIND :SUNSHINE: SKY :PK WND
================================================================================
1 2 3 4 5 6A 6B 7 8 9 10 11 12 13 14 15 16 17 18
12Z AVG MX 2MIN
DY MAX MIN AVG DEP HDD CDD WTR SNW DPTH SPD SPD DIR MIN PSBL S-S WX SPD DR
================================================================================
1 46 23 35 -6 30 0 0.00 0.0 1 5.2 12 340 M M 4 17 330
2 39 33 36 -5 29 0 0.29 1.3 0 2.5 9 190 M M 8 14 13 190
3 48 29 39 -2 26 0 0.28 0.0 0 6.5 16 160 M M 6 1 21 160
4 44 37 41 -1 24 0 0.05 0.0 0 8.1 20 160 M M 10 13 26 170
5 53 38 46 4 19 0 0.41 0.0 0 10.9 21 120 M M 9 1 28 130
6 51 38 45 2 20 0 0.10 0.0 0 9.5 20 210 M M 8 1 32 200
7 45 34 40 -3 25 0 0.05 T 0 7.4 18 310 M M 9 1 28 290
8 36 32 34 -9 31 0 0.02 0.2 T 10.6 20 340 M M 10 1 28 340
9 52 30 41 -3 24 0 0.00 0.0 T 6.1 16 330 M M 3 25 300
10 61 28 45 1 20 0 0.00 0.0 0 12.6 31 140 M M 6 43 140
11 64 37 51 6 14 0 0.00 0.0 0 6.9 16 290 M M 4 28 290
12 66 31 49 4 16 0 0.09 0.0 0 11.4 31 130 M M 7 18 42 150
13 66 35 51 6 14 0 0.52 0.0 0 9.7 22 170 M M 9 18 34 280
14 42 33 38 -8 27 0 T T 0 12.0 23 240 M M 5 44 230
15 41 31 36 -10 29 0 0.00 0.0 0 9.1 18 280 M M 5 31 290
16 43 27 35 -11 30 0 0.00 0.0 0 7.8 22 300 M M 4 33 310
17 47 24 36 -11 29 0 T T 0 6.1 15 120 M M 6 1 22 110
18 39 32 36 -11 29 0 0.13 1.2 1 9.2 17 290 M M 10 1 28 300
19 50 31 41 -7 24 0 0.00 0.0 0 7.3 16 320 M M 7 25 340
20 50 41 46 -2 19 0 0.14 0.0 0 14.5 31 170 M M 10 1 40 140
21 67 38 53 5 12 0 T 0.0 0 6.9 18 280 M M 3 30 280
22 52 37 45 -4 20 0 0.92 0.0 0 11.9 30 120 M M 8 13 37 120
23 81 50 66 17 0 1 T 0.0 0 15.0 30 170 M M 6 1 43 190
24 70 49 60 10 5 0 0.05 0.0 0 11.2 29 160 M M 7 36 280
25 49 37 43 -7 22 0 0.00 0.0 0 8.1 17 280 M M 8 27 260
26 44 28 36 -14 29 0 T T 0 8.2 17 330 M M 7 18 26 310
27 45 27 36 -15 29 0 T 0.0 0 9.3 17 100 M M 8 23 110
28 49 35 42 -9 23 0 0.04 0.0 0 12.5 21 110 M M 10 29 110
29 64 41 53 1 12 0 0.06 0.0 0 13.3 24 130 M M 9 31 130
30 63 48 56 4 9 0 0.35 0.0 0 15.8 28 110 M M 10 13 37 150
================================================================================
SM 1567 1034 640 1 3.50 2.7 285.6 M 216
================================================================================
AV 52.2 34.5 9.5 FASTST M M 7 MAX(MPH)
MISC ----> # 31 140 44 230
================================================================================
NOTES:
# LAST OF SEVERAL OCCURRENCES
COLUMN 17 PEAK WIND IN M.P.H.
PRELIMINARY LOCAL CLIMATOLOGICAL DATA (WS FORM: F-6) , PAGE 2
STATION: MADISON WI
MONTH: APRIL
YEAR: 2022
LATITUDE: 43 7 N
LONGITUDE: 89 20 W
[TEMPERATURE DATA] [PRECIPITATION DATA] SYMBOLS USED IN COLUMN 16
AVERAGE MONTHLY: 43.4 TOTAL FOR MONTH: 3.50 1 = FOG OR MIST
DPTR FM NORMAL: -3.0 DPTR FM NORMAL: -0.28 2 = FOG REDUCING VISIBILITY
HIGHEST: 81 ON 23 GRTST 24HR 0.92 ON 22-22 TO 1/4 MILE OR LESS
LOWEST: 23 ON 1 3 = THUNDER
SNOW, ICE PELLETS, HAIL 4 = ICE PELLETS
TOTAL MONTH: 4.6 INCHES 5 = HAIL
GRTST 24HR 1.3 ON 2- 2 6 = FREEZING RAIN OR DRIZZLE
GRTST DEPTH: 1 ON 18, 1 7 = DUSTSTORM OR SANDSTORM:
VSBY 1/2 MILE OR LESS
8 = SMOKE OR HAZE
[NO. OF DAYS WITH] [WEATHER - DAYS WITH] 9 = BLOWING SNOW
X = TORNADO
MAX 32 OR BELOW: 0 0.01 INCH OR MORE: 16
MAX 90 OR ABOVE: 0 0.10 INCH OR MORE: 9
MIN 32 OR BELOW: 13 0.50 INCH OR MORE: 2
MIN 0 OR BELOW: 0 1.00 INCH OR MORE: 0
[HDD (BASE 65) ]
TOTAL THIS MO. 640 CLEAR (SCALE 0-3) 1
DPTR FM NORMAL 78 PTCLDY (SCALE 4-7) 16
TOTAL FM JUL 1 6623 CLOUDY (SCALE 8-10) 13
DPTR FM NORMAL -215
[CDD (BASE 65) ]
TOTAL THIS MO. 1
DPTR FM NORMAL -1 [PRESSURE DATA]
TOTAL FM JAN 1 1 HIGHEST SLP M ON M
DPTR FM NORMAL -2 LOWEST SLP 29.37 ON 6
[REMARKS]
#FINAL-04-22#