000
CXUS51 KBTV 010700
CF6MSS
PRELIMINARY LOCAL CLIMATOLOGICAL DATA (WS FORM: F-6)
STATION: MASSENA NY
MONTH: AUGUST
YEAR: 2021
LATITUDE: 44 55 N
LONGITUDE: 74 51 W
TEMPERATURE IN F: :PCPN: SNOW: WIND :SUNSHINE: SKY :PK WND
================================================================================
1 2 3 4 5 6A 6B 7 8 9 10 11 12 13 14 15 16 17 18
12Z AVG MX 2MIN
DY MAX MIN AVG DEP HDD CDD WTR SNW DPTH SPD SPD DIR MIN PSBL S-S WX SPD DR
================================================================================
1 64 55 60 -9 5 0 0.01 M M 3.6 10 40 M M 9 1 13 20
2 73 56 65 -4 0 0 0.13 M M 6.7 16 270 M M 4 1 21 290
3 77 56 67 -2 0 2 0.00 M M 9.7 18 230 M M 0 24 230
4 76 53 65 -4 0 0 0.00 M M 2.3 9 220 M M 0 11 220
5 82 64 73 4 0 8 0.00 M M 2.0 7 350 M M 0 18 9 360
6 85 61 73 4 0 8 0.00 M M 6.9 16 230 M M 0 18 22 220
7 83 62 73 4 0 8 0.20 M M 5.9 16 230 M M 4 123 19 220
8 82 60 71 2 0 6 0.01 M M 5.6 13 60 M M 3 12 16 140
9 85 67 76 7 0 11 0.28 M M 3.4 13 210 M M 3 1 17 210
10 89 63 76 8 0 11 0.04 M M 2.7 21 200 M M 3 13 25 190
11 87 71 79 11 0 14 T M M 8.5 21 210 M M 5 13 27 210
12 83 71 77 9 0 12 0.00 M M 11.0 25 220 M M 2 31 230
13 86 66 76 8 0 11 0.00 M M 9.0 22 220 M M 2 1 27 230
14 78 53 66 -2 0 1 T M M 7.9 18 290 M M 3 23 300
15 74 48 61 -7 4 0 0.00 M M 1.1 10 270 M M 0 1 16 170
16 77 47 62 -6 3 0 0.00 M M 1.2 8 340 M M 0 1 9 340
17 74 57 66 -2 0 1 0.10 M M 1.6 8 200 M M 8 1 9 190
18 83 69 76 8 0 11 0.32 M M 3.7 12 210 M M 6 1 14 210
19 79 68 74 7 0 9 0.18 M M 4.3 13 30 M M 7 1 15 30
20 88 68 78 11 0 13 0.00 M M 2.0 9 300 M M 1 1 14 330
21 88 66 77 10 0 12 0.00 M M 2.8 14 210 M M 1 128 17 220
22 87 66 77 10 0 12 0.00 M M 4.8 13 50 M M 1 1 16 30
23 83 68 76 9 0 11 0.00 M M 4.4 13 60 M M 6 1 16 40
24 87 68 78 12 0 13 0.00 M M 6.9 16 220 M M 2 18 22 190
25 88 61 75 9 0 10 0.00 M M 5.0 14 220 M M 1 18 18 210
26 89 66 78 12 0 13 0.00 M M 5.6 16 260 M M 2 18 19 270
27 75 63 69 3 0 4 0.00 M M 7.1 13 350 M M 2 18 16 350
28 66 62 64 -2 1 0 0.35 M M 8.1 14 70 M M 9 1 20 50
29 79 63 71 6 0 6 1.06 M M 4.4 14 320 M M 6 123 18 310
30 M 68 M M M M M M M 8.2 13 240 M M 1 3 18 240
31 77 55 66 1 0 1 0.00 M M 7.4 17 290 M M 1 23 290
================================================================================
SM 2424 1921 13 208 2.68 M 163.8 M 92
================================================================================
AV 80.8 62.0 5.3 FASTST M M 3 MAX(MPH)
MISC ----> 25 220 31 230
================================================================================
NOTES:
# LAST OF SEVERAL OCCURRENCES
COLUMN 17 PEAK WIND IN M.P.H.
PRELIMINARY LOCAL CLIMATOLOGICAL DATA (WS FORM: F-6) , PAGE 2
STATION: MASSENA NY
MONTH: AUGUST
YEAR: 2021
LATITUDE: 44 55 N
LONGITUDE: 74 51 W
[TEMPERATURE DATA] [PRECIPITATION DATA] SYMBOLS USED IN COLUMN 16
AVERAGE MONTHLY: 71.4 TOTAL FOR MONTH: 2.68 1 = FOG OR MIST
DPTR FM NORMAL: 3.9 DPTR FM NORMAL: -0.68 2 = FOG REDUCING VISIBILITY
HIGHEST: 89 ON 26,10 GRTST 24HR 1.41 ON 28-29 TO 1/4 MILE OR LESS
LOWEST: 47 ON 16 3 = THUNDER
SNOW, ICE PELLETS, HAIL 4 = ICE PELLETS
TOTAL MONTH: M 5 = HAIL
GRTST 24HR M ON M 6 = FREEZING RAIN OR DRIZZLE
GRTST DEPTH: M ON M 7 = DUSTSTORM OR SANDSTORM:
VSBY 1/2 MILE OR LESS
8 = SMOKE OR HAZE
[NO. OF DAYS WITH] [WEATHER - DAYS WITH] 9 = BLOWING SNOW
X = TORNADO
MAX 32 OR BELOW: 0 0.01 INCH OR MORE: 11
MAX 90 OR ABOVE: 0 0.10 INCH OR MORE: 8
MIN 32 OR BELOW: 0 0.50 INCH OR MORE: 1
MIN 0 OR BELOW: 0 1.00 INCH OR MORE: 1
[HDD (BASE 65) ]
TOTAL THIS MO. 13 CLEAR (SCALE 0-3) 21
DPTR FM NORMAL -25 PTCLDY (SCALE 4-7) 7
TOTAL FM JUL 1 54 CLOUDY (SCALE 8-10) 3
DPTR FM NORMAL -1
[CDD (BASE 65) ]
TOTAL THIS MO. 208
DPTR FM NORMAL 91 [PRESSURE DATA]
TOTAL FM JAN 1 472 HIGHEST SLP M ON M
DPTR FM NORMAL 102 LOWEST SLP 29.73 ON 31
[REMARKS]
#FINAL-08-21#