000
CXUS52 KKEY 012028 CCA
CF6MTH
PRELIMINARY LOCAL CLIMATOLOGICAL DATA (WS FORM: F-6)...CORRECTED
STATION: MARATHON
MONTH: DECEMBER
YEAR: 2021
LATITUDE: 24 43 N
LONGITUDE: 81 5 W
TEMPERATURE IN F: :PCPN: SNOW: WIND :SUNSHINE: SKY :PK WND
================================================================================
1 2 3 4 5 6A 6B 7 8 9 10 11 12 13 14 15 16 17 18
12Z AVG MX 2MIN
DY MAX MIN AVG DEP HDD CDD WTR SNW DPTH SPD SPD DIR MIN PSBL S-S WX SPD DR
================================================================================
1 80 65 73 -1 0 8 T 0.0 0 6.3 14 90 M M 3 22 100
2 78 64 71 -3 0 6 0.00 0.0 0 4.7 10 40 M M 1 13 40
3 76 65 71 -3 0 6 0.00 0.0 0 6.8 15 30 M M 0 19 40
4 80 68 74 0 0 9 0.00 0.0 0 7.1 10 60 M M 5 15 50
5 82 70 76 2 0 11 T 0.0 0 6.5 12 50 M M 2 17 120
6 81 72 77 3 0 12 0.24 0.0 0 3.9 12 50 M M 4 1 15 50
7 81 71 76 2 0 11 0.00 0.0 0 6.3 13 60 M M 0 16 70
8 84 72 78 4 0 13 0.00 0.0 0 3.6 10 60 M M 0 14 40
9 83 70 77 3 0 12 0.00 0.0 0 2.7 9 40 M M 1 1 12 10
10 84 71 78 4 0 13 0.00 0.0 0 5.8 13 90 M M 1 20 100
11 84 74 79 6 0 14 0.02 0.0 0 7.1 14 110 M M 1 22 120
12 83 72 78 5 0 13 0.00 0.0 0 7.9 15 70 M M 4 21 100
13 84 73 79 6 0 14 0.00 0.0 0 12.3 17 60 M M 1 24 90
14 81 73 77 4 0 12 0.22 0.0 0 11.3 18 50 M M 2 1 25 30
15 83 73 78 5 0 13 T 0.0 0 10.9 16 60 M M 1 24 70
16 84 75 80 7 0 15 T 0.0 0 11.1 16 90 M M 2 26 100
17 84 74 79 6 0 14 0.01 0.0 0 9.9 15 100 M M 3 24 90
18 83 74 79 6 0 14 0.03 0.0 0 M 13 130 M M 1 22 120
19 86 71 79 7 0 14 0.11 0.0 0 4.8 21 170 M M 2 13 32 230
20 81 73 77 5 0 12 0.00 0.0 0 4.7 12 40 M M 2 16 50
21 80 72 76 4 0 11 0.20 0.0 0 11.4 23 290 M M 4 1 33 280
22 75 67 71 -1 0 6 T 0.0 0 11.2 22 280 M M 5 33 280
23 72 59 66 -6 0 1 0.00 0.0 0 9.3 14 20 M M 1 22 10
24 77 65 71 -1 0 6 0.00 0.0 0 9.5 13 40 M M 0 19 40
25 82 70 76 4 0 11 0.26 0.0 0 7.2 13 120 M M 7 18 21 100
26 82 70 76 5 0 11 0.06 0.0 0 3.5 10 20 M M 5 1 15 130
27 80 68 74 3 0 9 0.00 0.0 0 4.4 10 40 M M 2 14 50
28 83 73 78 7 0 13 0.00 0.0 0 6.9 12 130 M M 5 19 140
29 83 74 79 8 0 14 0.00 0.0 0 5.8 10 140 M M 2 17 130
30 84 75 80 9 0 15 0.00 0.0 0 4.9 9 130 M M 1 14 160
31 83 69 76 5 0 11 0.00 0.0 0 5.6 10 110 M M 0 17 100
================================================================================
SM 2523 2182 0 344 1.15 0.0 213.4 M 68
================================================================================
AV 81.4 70.4 7.1 FASTST M M 2 MAX(MPH)
MISC ----> 23 290 # 33 280
================================================================================
NOTES:
# LAST OF SEVERAL OCCURRENCES
COLUMN 17 PEAK WIND IN M.P.H.
PRELIMINARY LOCAL CLIMATOLOGICAL DATA (WS FORM: F-6) , PAGE 2
STATION: MARATHON
MONTH: DECEMBER
YEAR: 2021
LATITUDE: 24 43 N
LONGITUDE: 81 5 W
[TEMPERATURE DATA] [PRECIPITATION DATA] SYMBOLS USED IN COLUMN 16
AVERAGE MONTHLY: 75.9 TOTAL FOR MONTH: 1.15 1 = FOG OR MIST
DPTR FM NORMAL: 3.2 DPTR FM NORMAL: -1.05 2 = FOG REDUCING VISIBILITY
HIGHEST: 86 ON 19 GRTST 24HR 0.32 ON 25-26 TO 1/4 MILE OR LESS
LOWEST: 59 ON 23 3 = THUNDER
SNOW, ICE PELLETS, HAIL 4 = ICE PELLETS
TOTAL MONTH: 0.0 INCH 5 = HAIL
GRTST 24HR 0.0 6 = FREEZING RAIN OR DRIZZLE
GRTST DEPTH: 0 7 = DUSTSTORM OR SANDSTORM:
VSBY 1/2 MILE OR LESS
8 = SMOKE OR HAZE
[NO. OF DAYS WITH] [WEATHER - DAYS WITH] 9 = BLOWING SNOW
X = TORNADO
MAX 32 OR BELOW: 0 0.01 INCH OR MORE: 9
MAX 90 OR ABOVE: 0 0.10 INCH OR MORE: 5
MIN 32 OR BELOW: 0 0.50 INCH OR MORE: 0
MIN 0 OR BELOW: 0 1.00 INCH OR MORE: 0
[HDD (BASE 65) ]
TOTAL THIS MO. 0 CLEAR (SCALE 0-3) 23
DPTR FM NORMAL -17 PTCLDY (SCALE 4-7) 8
TOTAL FM JUL 1 1 CLOUDY (SCALE 8-10) 0
DPTR FM NORMAL -17
[CDD (BASE 65) ]
TOTAL THIS MO. 344
DPTR FM NORMAL 88 [PRESSURE DATA]
TOTAL FM JAN 1 5190 HIGHEST SLP M ON M
DPTR FM NORMAL 63 LOWEST SLP 29.78 ON 21
[REMARKS]
#FINAL-12-21#
CORRECTED MISSING 12Z SNOW DEPTH ON THE 21ST TO 0.
CORRECTED SNOW, ICE PELLETS, HAIL TABLE ALIGNMENT.
ROSS