000
CXUS55 KGJT 011000
CF6MTJ
PRELIMINARY LOCAL CLIMATOLOGICAL DATA (WS FORM: F-6)
STATION: MONTROSE CO
MONTH: JULY
YEAR: 2020
LATITUDE: 38 30 N
LONGITUDE: 107 53 W
TEMPERATURE IN F: :PCPN: SNOW: WIND :SUNSHINE: SKY :PK WND
================================================================================
1 2 3 4 5 6A 6B 7 8 9 10 11 12 13 14 15 16 17 18
12Z AVG MX 2MIN
DY MAX MIN AVG DEP HDD CDD WTR SNW DPTH SPD SPD DIR MIN PSBL S-S WX SPD DR
================================================================================
1 87 45 66 -6 0 1 0.00 M M 7.5 18 250 M M 0 29 240
2 91 58 75 2 0 10 0.00 M M 11.7 29 150 M M 0 37 140
3 88 55 72 -1 0 7 T M M 7.3 31 180 M M 1 45 180
4 87 59 73 0 0 8 0.03 M M 8.1 23 240 M M 1 3 33 240
5 93 54 74 1 0 9 0.00 M M 6.2 15 320 M M 0 21 350
6 94 58 76 3 0 11 0.00 M M 6.2 18 100 M M 0 27 100
7 94 63 79 6 0 14 0.00 M M 12.8 30 240 M M 0 43 220
8 92 57 75 1 0 10 0.00 M M 11.1 23 240 M M 0 32 240
9 94 55 75 1 0 10 0.00 M M 10.0 25 230 M M 0 35 260
10 97 54 76 2 0 11 0.00 M M 7.8 16 290 M M 0 24 280
11 98 52 75 1 0 10 0.00 M M 7.2 15 330 M M 0 20 330
12 97 62 80 6 0 15 T M M 8.9 30 220 M M 0 41 230
13 96 64 80 6 0 15 0.01 M M 9.9 32 120 M M 2 38 43 130
14 95 58 77 3 0 12 T M M 8.7 33 160 M M 0 3 41 150
15 92 61 77 3 0 12 T M M 8.2 21 110 M M 1 3 29 110
16 84 60 72 -2 0 7 0.02 M M 7.0 16 160 M M 2 3 21 340
17 87 56 72 -2 0 7 T M M 7.4 36 160 M M 1 46 150
18 89 57 73 -1 0 8 0.00 M M 6.7 16 310 M M 0 23 50
19 93 57 75 1 0 10 0.00 M M 8.2 20 120 M M 0 24 120
20 94 61 78 4 0 13 0.00 M M 7.8 25 30 M M 0 3 34 30
21 92 58 75 1 0 10 0.00 M M 8.3 24 230 M M 0 33 240
22 81 56 69 -5 0 4 0.06 M M 6.5 25 260 M M 2 35 290
23 86 52 69 -5 0 4 0.16 M M 5.1 21 300 M M 2 1 29 300
24 76 60 68 -6 0 3 0.17 M M 5.8 24 150 M M 7 30 160
25 73 60 67 -7 0 2 0.07 M M 8.1 22 150 M M 8 27 140
26 86 58 72 -2 0 7 0.00 M M 7.6 24 110 M M 1 35 120
27 90 64 77 3 0 12 T M M 5.8 23 110 M M 1 31 80
28 86 61 74 0 0 9 0.04 M M 4.6 17 220 M M 3 3 24 250
29 92 56 74 0 0 9 0.05 M M 8.9 30 330 M M 0 3 41 330
30 92 57 75 1 0 10 0.00 M M 8.3 20 300 M M 0 27 300
31 95 56 76 3 0 11 0.00 M M 7.6 29 20 M M 0 39 10
================================================================================
SM 2791 1784 0 281 0.61 M 245.3 M 32
================================================================================
AV 90.0 57.6 7.9 FASTST M M 1 MAX(MPH)
MISC ----> # 36 160 # 46 150
================================================================================
NOTES:
# LAST OF SEVERAL OCCURRENCES
COLUMN 17 PEAK WIND IN M.P.H.
PRELIMINARY LOCAL CLIMATOLOGICAL DATA (WS FORM: F-6) , PAGE 2
STATION: MONTROSE CO
MONTH: JULY
YEAR: 2020
LATITUDE: 38 30 N
LONGITUDE: 107 53 W
[TEMPERATURE DATA] [PRECIPITATION DATA] SYMBOLS USED IN COLUMN 16
AVERAGE MONTHLY: 73.8 TOTAL FOR MONTH: 0.61 1 = FOG OR MIST
DPTR FM NORMAL: 0.1 DPTR FM NORMAL: -0.39 2 = FOG REDUCING VISIBILITY
HIGHEST: 98 ON 11 GRTST 24HR 0.17 ON 24-24 TO 1/4 MILE OR LESS
LOWEST: 45 ON 1 3 = THUNDER
SNOW, ICE PELLETS, HAIL 4 = ICE PELLETS
TOTAL MONTH: M 5 = HAIL
GRTST 24HR M ON M 6 = FREEZING RAIN OR DRIZZLE
GRTST DEPTH: M ON M 7 = DUSTSTORM OR SANDSTORM:
VSBY 1/2 MILE OR LESS
8 = SMOKE OR HAZE
[NO. OF DAYS WITH] [WEATHER - DAYS WITH] 9 = BLOWING SNOW
X = TORNADO
MAX 32 OR BELOW: 0 0.01 INCH OR MORE: 9
MAX 90 OR ABOVE: 19 0.10 INCH OR MORE: 2
MIN 32 OR BELOW: 0 0.50 INCH OR MORE: 0
MIN 0 OR BELOW: 0 1.00 INCH OR MORE: 0
[HDD (BASE 65) ]
TOTAL THIS MO. 0 CLEAR (SCALE 0-3) 28
DPTR FM NORMAL 0 PTCLDY (SCALE 4-7) 3
TOTAL FM JUL 1 0 CLOUDY (SCALE 8-10) 0
DPTR FM NORMAL 0
[CDD (BASE 65) ]
TOTAL THIS MO. 281
DPTR FM NORMAL 11 [PRESSURE DATA]
TOTAL FM JAN 1 504 HIGHEST SLP 30.13 ON 11
DPTR FM NORMAL 82 LOWEST SLP 29.67 ON 13
[REMARKS]
#FINAL-07-20#