408
CXUS53 KGRB 280806
CF6MTW
PRELIMINARY LOCAL CLIMATOLOGICAL DATA (WS FORM: F-6)
STATION: MANITOWOC AWOS
MONTH: JANUARY
YEAR: 2021
LATITUDE: 44 7 N
LONGITUDE: 87 40 W
TEMPERATURE IN F: :PCPN: SNOW: WIND :SUNSHINE: SKY :PK WND
================================================================================
1 2 3 4 5 6A 6B 7 8 9 10 11 12 13 14 15 16 17 18
12Z AVG MX 2MIN
DY MAX MIN AVG DEP HDD CDD WTR SNW DPTH SPD SPD DIR MIN PSBL S-S WX SPD DR
================================================================================
1 31 10 21 1 44 0 M M M 5.2 13 100 M M 8 1 M M
2 28 19 24 5 41 0 M M M 5.8 12 330 M M 8 1 M M
3 30 21 26 7 39 0 M M M 5.8 10 230 M M 9 1 M M
4 27 21 24 5 41 0 T M M 7.1 12 170 M M 10 1 M M
5 37 25 31 12 34 0 T M M 6.7 10 280 M M 8 12 M M
6 32 25 29 10 36 0 T M M 4.0 8 280 M M 10 12 M M
7 33 26 30 11 35 0 T M M 7.0 12 340 M M 10 1 M M
8 31 26 29 10 36 0 M M M 8.6 12 340 M M 10 M M
9 32 21 27 8 38 0 M M M 7.8 10 330 M M 8 M M
10 26 20 23 4 42 0 M M M 7.1 10 280 M M 9 1 M M
11 32 19 26 8 39 0 M M M 9.5 15 240 M M 10 1 20 250
12 35 27 31 13 34 0 M M M 6.8 10 260 M M 9 1 M M
13 39 23 31 13 34 0 M M M 3.9 10 230 M M 1 1 M M
14 39 21 30 12 35 0 0.15 M M 7.6 22 120 M M 8 12 30 120
15 37 32 35 17 30 0 0.42 M M 5.8 20 120 M M 10 1 26 120
16 35 32 34 16 31 0 0.01 M M 11.2 16 340 M M 10 22 340
17 34 27 31 13 34 0 T M M 8.0 12 340 M M 9 M M
18 30 21 26 8 39 0 T M M 8.5 15 290 M M 9 M M
19 27 14 21 3 44 0 T M M 10.5 15 290 M M 6 22 290
20 33 8 21 3 44 0 M M M 13.4 26 170 M M 1 37 190
21 37 19 28 10 37 0 T M M 19.4 31 290 M M 3 38 290
22 19 12 16 -3 49 0 M M M 13.2 22 310 M M 5 30 310
23 23 9 16 -3 49 0 M M M 5.8 13 240 M M 3 M M
24 32 12 22 3 43 0 0.06 M M 5.8 10 270 M M 8 1 M M
25 28 9 19 0 46 0 M M M 8.9 17 60 M M 3 22 60
26 28 13 21 2 44 0 0.01 M M 10.2 16 360 M M 6 1 24 360
27 19 2 11 -8 54 0 M M M 7.6 14 330 M M 2 M M
================================================================================
SM 834 514 1072 0 0.65 M 221.1 M 193
================================================================================
AV 30.9 19.0 8.2 FASTST M M 7 MAX(MPH)
MISC ----> 31 290 38 290
================================================================================
NOTES:
# LAST OF SEVERAL OCCURRENCES
COLUMN 17 PEAK WIND IN M.P.H.
PRELIMINARY LOCAL CLIMATOLOGICAL DATA (WS FORM: F-6) , PAGE 2
STATION: MANITOWOC AWOS
MONTH: JANUARY
YEAR: 2021
LATITUDE: 44 7 N
LONGITUDE: 87 40 W
[TEMPERATURE DATA] [PRECIPITATION DATA] SYMBOLS USED IN COLUMN 16
AVERAGE MONTHLY: 25.0 TOTAL FOR MONTH: 0.65 1 = FOG OR MIST
DPTR FM NORMAL: 6.3 DPTR FM NORMAL: -0.97 2 = FOG REDUCING VISIBILITY
HIGHEST: 39 ON 14,13 GRTST 24HR 0.42 ON 15-15 TO 1/4 MILE OR LESS
LOWEST: 2 ON 27 3 = THUNDER
SNOW, ICE PELLETS, HAIL 4 = ICE PELLETS
TOTAL MONTH: M 5 = HAIL
GRTST 24HR M ON M 6 = FREEZING RAIN OR DRIZZLE
GRTST DEPTH: M ON M 7 = DUSTSTORM OR SANDSTORM:
VSBY 1/2 MILE OR LESS
8 = SMOKE OR HAZE
[NO. OF DAYS WITH] [WEATHER - DAYS WITH] 9 = BLOWING SNOW
X = TORNADO
MAX 32 OR BELOW: 17 0.01 INCH OR MORE: 5
MAX 90 OR ABOVE: 0 0.10 INCH OR MORE: 2
MIN 32 OR BELOW: 27 0.50 INCH OR MORE: 0
MIN 0 OR BELOW: 0 1.00 INCH OR MORE: 0
[HDD (BASE 65) ]
TOTAL THIS MO. 1072 CLEAR (SCALE 0-3) 4
DPTR FM NORMAL -183 PTCLDY (SCALE 4-7) 11
TOTAL FM JUL 1 3664 CLOUDY (SCALE 8-10) 12
DPTR FM NORMAL 2409
[CDD (BASE 65) ]
TOTAL THIS MO. 0
DPTR FM NORMAL 0 [PRESSURE DATA]
TOTAL FM JAN 1 0 HIGHEST SLP M ON M
DPTR FM NORMAL 0 LOWEST SLP M ON M
[REMARKS]