000
CXUS55 KBOI 011002
CF6MUO
PRELIMINARY LOCAL CLIMATOLOGICAL DATA (WS FORM: F-6)
STATION: MOUNTAIN HOME AFB
MONTH: JULY
YEAR: 2023
LATITUDE: 43 2 N
LONGITUDE: 115 52 W
TEMPERATURE IN F: :PCPN: SNOW: WIND :SUNSHINE: SKY :PK WND
================================================================================
1 2 3 4 5 6A 6B 7 8 9 10 11 12 13 14 15 16 17 18
12Z AVG MX 2MIN
DY MAX MIN AVG DEP HDD CDD WTR SNW DPTH SPD SPD DIR MIN PSBL S-S WX SPD DR
================================================================================
1 97 61 79 7 0 14 0.00 M M 10.9 21 320 M M 1 36 310
2 97 59 78 5 0 13 0.00 M M 8.2 20 310 M M 0 21 320
3 92 58 75 2 0 10 0.00 M M 12.4 22 320 M M 1 28 330
4 87 57 72 -1 0 7 0.00 M M 12.0 23 310 M M 0 28 310
5 90 50 70 -3 0 5 0.00 M M 5.9 15 100 M M 0 18 110
6 94 53 74 0 0 9 0.00 M M 5.8 17 320 M M 2 M M
7 96 61 79 5 0 14 0.00 M M 9.4 18 210 M M 3 22 90
8 94 66 80 6 0 15 0.00 M M 8.0 15 220 M M 6 17 280
9 100 61 81 6 0 16 0.00 M M 7.2 17 110 M M 2 M M
10 95 64 80 5 0 15 0.00 M M 11.0 18 320 M M 1 25 320
11 92 64 78 3 0 13 0.00 M M 10.9 18 300 M M 0 21 280
12 97 54 76 1 0 11 T M M 6.2 16 330 M M 0 23 330
13 92 63 78 2 0 13 0.00 M M 12.3 21 300 M M 0 32 290
14 93 63 78 2 0 13 0.00 M M 12.3 20 300 M M 0 31 310
15 100 58 79 3 0 14 0.00 M M 5.3 12 330 M M 0 21 280
16 106 62 84 8 0 19 0.00 M M 6.1 14 290 M M 0 20 270
17 96 69 83 6 0 18 0.01 M M 10.6 18 310 M M 2 3 27 330
18 94 61 78 1 0 13 0.00 M M 12.5 20 300 M M 0 23 300
19 100 57 79 2 0 14 0.00 M M 5.8 12 170 M M 2 8 M M
20 102 68 85 8 0 20 0.00 M M 9.4 21 100 M M 1 18 330
21 103 64 84 7 0 19 0.00 M M 7.6 15 90 M M 0 M M
22 104 63 84 7 0 19 0.00 M M 5.6 16 310 M M 1 17 20
23 102 63 83 6 0 18 0.00 M M 4.7 17 340 M M 1 M M
24 91 72 82 4 0 17 0.01 M M 9.9 23 120 M M 6 3 38 130
25 93 63 78 0 0 13 T M M 8.7 14 310 M M 0 M M
26 95 55 75 -3 0 10 0.00 M M 7.0 17 320 M M 0 20 320
27 95 58 77 -1 0 12 0.00 M M 8.0 16 280 M M 0 24 280
28 98 55 77 -1 0 12 T M M 3.1 8 240 M M 0 M M
29 98 58 78 0 0 13 0.00 M M 6.6 12 10 M M 4 M M
30 97 63 80 2 0 15 0.00 M M 5.1 12 10 M M 3 M M
31 97 54 76 -2 0 11 0.00 M M 8.4 18 320 M M 3 M M
================================================================================
SM 2987 1877 0 425 0.02 M 256.9 M 39
================================================================================
AV 96.4 60.5 8.3 FASTST M M 1 MAX(MPH)
MISC ----> 23 120 38 130
================================================================================
NOTES:
# LAST OF SEVERAL OCCURRENCES
COLUMN 17 PEAK WIND IN M.P.H.
PRELIMINARY LOCAL CLIMATOLOGICAL DATA (WS FORM: F-6) , PAGE 2
STATION: MOUNTAIN HOME AFB
MONTH: JULY
YEAR: 2023
LATITUDE: 43 2 N
LONGITUDE: 115 52 W
[TEMPERATURE DATA] [PRECIPITATION DATA] SYMBOLS USED IN COLUMN 16
AVERAGE MONTHLY: 78.5 TOTAL FOR MONTH: 0.02 1 = FOG OR MIST
DPTR FM NORMAL: 2.7 DPTR FM NORMAL: -0.19 2 = FOG REDUCING VISIBILITY
HIGHEST: 106 ON 16 GRTST 24HR 0.01 ON 17-17 TO 1/4 MILE OR LESS
LOWEST: 50 ON 5 3 = THUNDER
SNOW, ICE PELLETS, HAIL 4 = ICE PELLETS
TOTAL MONTH: M 5 = HAIL
GRTST 24HR M ON M 6 = FREEZING RAIN OR DRIZZLE
GRTST DEPTH: M ON M 7 = DUSTSTORM OR SANDSTORM:
VSBY 1/2 MILE OR LESS
8 = SMOKE OR HAZE
[NO. OF DAYS WITH] [WEATHER - DAYS WITH] 9 = BLOWING SNOW
X = TORNADO
MAX 32 OR BELOW: 0 0.01 INCH OR MORE: 2
MAX 90 OR ABOVE: 30 0.10 INCH OR MORE: 0
MIN 32 OR BELOW: 0 0.50 INCH OR MORE: 0
MIN 0 OR BELOW: 0 1.00 INCH OR MORE: 0
[HDD (BASE 65) ]
TOTAL THIS MO. 0 CLEAR (SCALE 0-3) 27
DPTR FM NORMAL -6 PTCLDY (SCALE 4-7) 4
TOTAL FM JUL 1 0 CLOUDY (SCALE 8-10) 0
DPTR FM NORMAL -6
[CDD (BASE 65) ]
TOTAL THIS MO. 425
DPTR FM NORMAL 84 [PRESSURE DATA]
TOTAL FM JAN 1 518 HIGHEST SLP M ON M
DPTR FM NORMAL 7 LOWEST SLP M ON M
[REMARKS]
#FINAL-07-23#