000
CXUS55 KBOI 011002
CF6MUO
PRELIMINARY LOCAL CLIMATOLOGICAL DATA (WS FORM: F-6)
STATION: MOUNTAIN HOME AFB
MONTH: NOVEMBER
YEAR: 2020
LATITUDE: 43 2 N
LONGITUDE: 115 52 W
TEMPERATURE IN F: :PCPN: SNOW: WIND :SUNSHINE: SKY :PK WND
================================================================================
1 2 3 4 5 6A 6B 7 8 9 10 11 12 13 14 15 16 17 18
12Z AVG MX 2MIN
DY MAX MIN AVG DEP HDD CDD WTR SNW DPTH SPD SPD DIR MIN PSBL S-S WX SPD DR
================================================================================
1 64 26 45 0 20 0 0.00 M M 5.5 14 130 M M 0 M M
2 67 29 48 4 17 0 T M M 4.5 12 130 M M 0 M M
3 67 29 48 4 17 0 0.00 M M 5.0 13 120 M M 0 M M
4 71 30 51 8 14 0 0.00 M M 3.8 9 160 M M 0 8 M M
5 73 35 54 11 11 0 0.00 M M 11.1 16 90 M M 0 8 M M
6 71 46 59 16 6 0 0.00 M M 16.6 29 310 M M 4 36 330
7 50 32 41 -1 24 0 0.02 M M 11.7 29 320 M M 7 16 37 320
8 35 28 32 -10 33 0 T M M 12.5 22 300 M M 9 1 27 300
9 34 24 29 -12 36 0 0.00 M M 8.7 17 330 M M 9 M M
10 40 26 33 -8 32 0 T M M 6.9 14 100 M M 7 1 M M
11 43 24 34 -6 31 0 T M M 6.8 21 310 M M 6 30 330
12 42 17 30 -10 35 0 0.00 M M 11.6 21 110 M M 2 24 100
13 48 31 40 0 25 0 0.09 M M 16.4 25 270 M M 7 1 47 270
14 46 28 37 -2 28 0 T M M 10.7 21 280 M M 5 28 280
15 42 35 39 0 26 0 0.13 M M 12.5 22 90 M M 6 31 90
16 55 41 48 10 17 0 0.00 M M 16.0 21 110 M M 4 28 110
17 58 42 50 12 15 0 0.00 M M 17.7 23 100 M M 2 36 110
18 52 41 47 10 18 0 0.33 M M 9.4 25 310 M M 7 1 36 260
19 49 27 38 1 27 0 T M M 6.9 18 300 M M 4 24 310
20 43 22 33 -4 32 0 0.00 M M 3.6 10 120 M M 0 M M
21 41 19 30 -6 35 0 0.00 M M 2.4 6 190 M M 0 18 M M
22 43 18 31 -5 34 0 0.00 M M 6.8 17 130 M M 0 18 M M
23 39 22 31 -4 34 0 T M M 4.4 12 310 M M 6 1 M M
24 43 23 33 -2 32 0 0.02 M M 7.3 20 110 M M 3 8 30 110
25 40 29 35 0 30 0 0.02 M M 12.5 22 110 M M 5 16 36 110
26 42 22 32 -2 33 0 0.00 M M 8.7 18 300 M M 2 24 320
27 40 20 30 -4 35 0 0.00 M M 8.5 15 110 M M 0 M M
28 39 18 29 -4 36 0 0.00 M M 8.0 17 110 M M 0 M M
29 41 16 29 -4 36 0 0.00 M M 4.7 13 120 M M 1 12 M M
30 45 22 34 1 31 0 0.00 M M 13.3 24 110 M M 4 33 100
================================================================================
SM 1463 822 800 0 0.61 M 274.5 M 100
================================================================================
AV 48.8 27.4 9.2 FASTST M M 3 MAX(MPH)
MISC ----> # 29 310 47 270
================================================================================
NOTES:
# LAST OF SEVERAL OCCURRENCES
COLUMN 17 PEAK WIND IN M.P.H.
PRELIMINARY LOCAL CLIMATOLOGICAL DATA (WS FORM: F-6) , PAGE 2
STATION: MOUNTAIN HOME AFB
MONTH: NOVEMBER
YEAR: 2020
LATITUDE: 43 2 N
LONGITUDE: 115 52 W
[TEMPERATURE DATA] [PRECIPITATION DATA] SYMBOLS USED IN COLUMN 16
AVERAGE MONTHLY: 38.1 TOTAL FOR MONTH: 0.61 1 = FOG OR MIST
DPTR FM NORMAL: -0.4 DPTR FM NORMAL: -0.65 2 = FOG REDUCING VISIBILITY
HIGHEST: 73 ON 5 GRTST 24HR 0.33 ON 18-18 TO 1/4 MILE OR LESS
LOWEST: 16 ON 29 3 = THUNDER
SNOW, ICE PELLETS, HAIL 4 = ICE PELLETS
TOTAL MONTH: M 5 = HAIL
GRTST 24HR M ON M 6 = FREEZING RAIN OR DRIZZLE
GRTST DEPTH: M ON M 7 = DUSTSTORM OR SANDSTORM:
VSBY 1/2 MILE OR LESS
8 = SMOKE OR HAZE
[NO. OF DAYS WITH] [WEATHER - DAYS WITH] 9 = BLOWING SNOW
X = TORNADO
MAX 32 OR BELOW: 0 0.01 INCH OR MORE: 6
MAX 90 OR ABOVE: 0 0.10 INCH OR MORE: 2
MIN 32 OR BELOW: 24 0.50 INCH OR MORE: 0
MIN 0 OR BELOW: 0 1.00 INCH OR MORE: 0
[HDD (BASE 65) ]
TOTAL THIS MO. 800 CLEAR (SCALE 0-3) 15
DPTR FM NORMAL 16 PTCLDY (SCALE 4-7) 13
TOTAL FM JUL 1 1263 CLOUDY (SCALE 8-10) 2
DPTR FM NORMAL -72
[CDD (BASE 65) ]
TOTAL THIS MO. 0
DPTR FM NORMAL 0 [PRESSURE DATA]
TOTAL FM JAN 1 965 HIGHEST SLP M ON M
DPTR FM NORMAL 52 LOWEST SLP M ON M
[REMARKS]
#FINAL-11-20#