000
CXUS56 KOTX 010900
CF6MWH
PRELIMINARY LOCAL CLIMATOLOGICAL DATA (WS FORM: F-6)
STATION: MOSES LAKE WA AIRPORT
MONTH: FEBRUARY
YEAR: 2020
LATITUDE: 47 12 N
LONGITUDE: 119 19 W
TEMPERATURE IN F: :PCPN: SNOW: WIND :SUNSHINE: SKY :PK WND
================================================================================
1 2 3 4 5 6A 6B 7 8 9 10 11 12 13 14 15 16 17 18
12Z AVG MX 2MIN
DY MAX MIN AVG DEP HDD CDD WTR SNW DPTH SPD SPD DIR MIN PSBL S-S WX SPD DR
================================================================================
1 60 39 50 18 15 0 0.01 M M 16.6 32 250 M M 4 43 200
2 46 26 36 3 29 0 0.00 M M 4.8 17 290 M M 0 21 290
3 44 21 33 0 32 0 0.00 M M 4.5 13 360 M M 1 17 360
4 34 20 27 -6 38 0 T M M 6.1 16 170 M M 4 1 20 180
5 39 32 36 3 29 0 0.01 M M 2.3 9 130 M M 5 12 9 130
6 40 32 36 3 29 0 0.08 M M 3.1 8 360 M M 7 12 9 30
7 42 34 38 4 27 0 0.03 M M 4.4 18 310 M M 9 12 24 310
8 52 35 44 10 21 0 0.00 M M 11.1 20 350 M M 3 24 350
9 46 30 38 4 27 0 0.00 M M 7.4 17 10 M M 0 20 10
10 53 25 39 5 26 0 0.00 M M 3.9 9 200 M M 0 12 200
11 60 33 47 13 18 0 0.00 M M 10.5 24 270 M M 0 31 270
12 53 28 41 7 24 0 0.00 M M 3.5 10 170 M M 0 20 330
13 45 26 36 1 29 0 0.00 M M 6.8 21 250 M M 2 26 260
14 54 34 44 9 21 0 0.00 M M 10.9 21 260 M M 1 26 270
15 48 30 39 4 26 0 0.00 M M 8.1 15 180 M M 4 19 190
16 54 31 43 7 22 0 0.00 M M 10.1 25 290 M M 1 35 270
17 51 26 39 3 26 0 0.00 M M 5.3 17 250 M M 2 23 220
18 50 20 35 -1 30 0 0.00 M M 4.6 10 30 M M 0 14 40
19 48 21 35 -1 30 0 0.00 M M 5.4 10 360 M M 0 12 150
20 48 22 35 -1 30 0 0.00 M M 5.1 10 350 M M 0 12 160
21 49 21 35 -2 30 0 0.00 M M 4.0 9 360 M M 0 10 210
22 54 25 40 3 25 0 0.00 M M 5.1 14 170 M M 0 17 170
23 53 32 43 6 22 0 0.06 M M 13.9 39 260 M M 3 8 49 250
24 53 31 42 4 23 0 0.00 M M 11.2 23 260 M M 0 8 28 270
25 49 25 37 -1 28 0 T M M 3.2 8 200 M M 3 8 11 220
26 56 32 44 6 21 0 0.00 M M 3.2 8 350 M M 0 9 230
27 59 29 44 5 21 0 0.00 M M 4.4 12 230 M M 1 13 220
28 61 29 45 6 20 0 0.00 M M 8.1 24 250 M M 1 32 250
29 58 33 46 7 19 0 0.00 M M 13.1 21 320 M M 1 26 260
================================================================================
SM 1459 822 738 0 0.19 M 200.7 M 52
================================================================================
AV 50.3 28.3 6.9 FASTST M M 2 MAX(MPH)
MISC ----> # 39 260 # 49 250
================================================================================
NOTES:
# LAST OF SEVERAL OCCURRENCES
COLUMN 17 PEAK WIND IN M.P.H.
PRELIMINARY LOCAL CLIMATOLOGICAL DATA (WS FORM: F-6) , PAGE 2
STATION: MOSES LAKE WA AIRPORT
MONTH: FEBRUARY
YEAR: 2020
LATITUDE: 47 12 N
LONGITUDE: 119 19 W
[TEMPERATURE DATA] [PRECIPITATION DATA] SYMBOLS USED IN COLUMN 16
AVERAGE MONTHLY: 39.3 TOTAL FOR MONTH: 0.19 1 = FOG OR MIST
DPTR FM NORMAL: 4.0 DPTR FM NORMAL: -0.61 2 = FOG REDUCING VISIBILITY
HIGHEST: 61 ON 28 GRTST 24HR 0.08 ON 6- 6 TO 1/4 MILE OR LESS
LOWEST: 20 ON 18, 4 3 = THUNDER
SNOW, ICE PELLETS, HAIL 4 = ICE PELLETS
TOTAL MONTH: M 5 = HAIL
GRTST 24HR M ON M 6 = FREEZING RAIN OR DRIZZLE
GRTST DEPTH: M ON M 7 = DUSTSTORM OR SANDSTORM:
VSBY 1/2 MILE OR LESS
8 = SMOKE OR HAZE
[NO. OF DAYS WITH] [WEATHER - DAYS WITH] 9 = BLOWING SNOW
X = TORNADO
MAX 32 OR BELOW: 0 0.01 INCH OR MORE: 5
MAX 90 OR ABOVE: 0 0.10 INCH OR MORE: 0
MIN 32 OR BELOW: 23 0.50 INCH OR MORE: 0
MIN 0 OR BELOW: 0 1.00 INCH OR MORE: 0
[HDD (BASE 65) ]
TOTAL THIS MO. 738 CLEAR (SCALE 0-3) 21
DPTR FM NORMAL -93 PTCLDY (SCALE 4-7) 7
TOTAL FM JUL 1 4046 CLOUDY (SCALE 8-10) 1
DPTR FM NORMAL -485
[CDD (BASE 65) ]
TOTAL THIS MO. 0
DPTR FM NORMAL 0 [PRESSURE DATA]
TOTAL FM JAN 1 0 HIGHEST SLP M ON M
DPTR FM NORMAL 0 LOWEST SLP 29.76 ON M
[REMARKS]
#FINAL-02-20#