000
CXUS54 KFWD 220504
CF6MWL
PRELIMINARY LOCAL CLIMATOLOGICAL DATA (WS FORM: F-6)
STATION: MINERAL WELLS
MONTH: JULY
YEAR: 2022
LATITUDE: 32 46 N
LONGITUDE: 98 4 W
TEMPERATURE IN F: :PCPN: SNOW: WIND :SUNSHINE: SKY :PK WND
================================================================================
1 2 3 4 5 6A 6B 7 8 9 10 11 12 13 14 15 16 17 18
12Z AVG MX 2MIN
DY MAX MIN AVG DEP HDD CDD WTR SNW DPTH SPD SPD DIR MIN PSBL S-S WX SPD DR
================================================================================
1 100 72 86 4 0 21 0.00 M M 8.3 18 150 M M 0 24 160
2 103 74 89 7 0 24 0.00 M M 6.9 21 100 M M 1 3 27 100
3 101 75 88 6 0 23 0.10 M M 8.2 20 30 M M 3 13 29 40
4 103 72 88 6 0 23 0.00 M M 9.6 20 160 M M 0 26 150
5 104 74 89 6 0 24 0.00 M M 10.2 18 140 M M 0 26 150
6 106 78 92 9 0 27 0.00 M M 8.9 20 130 M M 0 29 80
7 106 76 91 8 0 26 0.00 M M 9.7 20 120 M M 0 28 180
8 109 75 92 9 0 27 0.00 M M 7.3 15 210 M M 0 21 190
9 106 75 91 8 0 26 0.00 M M 6.9 24 330 M M 0 3 34 340
10 105 73 89 6 0 24 0.00 M M 5.9 17 20 M M 0 24 40
11 105 77 91 8 0 26 0.00 M M 7.5 16 80 M M 1 21 90
12 105 76 91 8 0 26 0.00 M M 8.2 21 90 M M 0 28 40
13 107 75 91 7 0 26 0.00 M M 5.3 14 90 M M 0 21 30
14 106 72 89 5 0 24 0.00 M M 7.6 26 140 M M 1 3 37 150
15 102 66 84 0 0 19 0.00 M M 5.7 18 130 M M 0 25 110
16 102 72 87 3 0 22 0.00 M M 8.0 16 160 M M 0 24 130
17 107 75 91 7 0 26 0.00 M M 8.1 16 160 M M 1 22 100
18 112 76 94 10 0 29 0.00 M M 9.4 17 180 M M 0 23 190
19 112 80 96 12 0 31 0.00 M M 10.7 22 190 M M 0 30 200
20 112 82 97 13 0 32 0.00 M M 9.0 17 180 M M 0 3 25 190
21 105 81 93 9 0 28 T M M 7.3 23 310 M M 1 30 300
22 105 80 93 9 0 28 M M M 9.3 18 130 M M 1 31 140
23 104 76 90 6 0 25 0.00 M M 9.9 20 130 M M 0 27 120
24 104 78 91 6 0 26 0.00 M M 9.1 20 140 M M 1 29 140
25 106 80 93 8 0 28 0.00 M M 9.7 20 130 M M 0 27 130
26 107 79 93 8 0 28 0.00 M M 10.0 20 120 M M 0 27 120
27 106 80 93 8 0 28 0.00 M M 9.8 20 140 M M 0 28 150
28 104 76 90 5 0 25 0.00 M M 9.0 17 150 M M 1 25 130
29 103 78 91 6 0 26 T M M 8.1 20 90 M M 3 3 26 90
30 102 79 91 6 0 26 0.09 M M 7.8 17 320 M M 2 3 23 350
31 106 79 93 8 0 28 0.00 M M 10.3 20 160 M M 0 31 120
================================================================================
SM 3265 2361 0 802 0.19 M 261.7 M 16
================================================================================
AV105.3 76.2 8.4 FASTST M M 1 MAX(MPH)
MISC ----> 26 140 37 150
================================================================================
NOTES:
# LAST OF SEVERAL OCCURRENCES
COLUMN 17 PEAK WIND IN M.P.H.
PRELIMINARY LOCAL CLIMATOLOGICAL DATA (WS FORM: F-6) , PAGE 2
STATION: MINERAL WELLS
MONTH: JULY
YEAR: 2022
LATITUDE: 32 46 N
LONGITUDE: 98 4 W
[TEMPERATURE DATA] [PRECIPITATION DATA] SYMBOLS USED IN COLUMN 16
AVERAGE MONTHLY: 90.7 TOTAL FOR MONTH: 0.19 1 = FOG OR MIST
DPTR FM NORMAL: 6.9 DPTR FM NORMAL: -1.94 2 = FOG REDUCING VISIBILITY
HIGHEST: 112 ON 18,20 GRTST 24HR 0.10 ON 3- 3 TO 1/4 MILE OR LESS
LOWEST: 66 ON 15 3 = THUNDER
SNOW, ICE PELLETS, HAIL 4 = ICE PELLETS
TOTAL MONTH: M 5 = HAIL
GRTST 24HR M ON M 6 = FREEZING RAIN OR DRIZZLE
GRTST DEPTH: M ON M 7 = DUSTSTORM OR SANDSTORM:
VSBY 1/2 MILE OR LESS
8 = SMOKE OR HAZE
[NO. OF DAYS WITH] [WEATHER - DAYS WITH] 9 = BLOWING SNOW
X = TORNADO
MAX 32 OR BELOW: 0 0.01 INCH OR MORE: 2
MAX 90 OR ABOVE: 31 0.10 INCH OR MORE: 1
MIN 32 OR BELOW: 0 0.50 INCH OR MORE: 0
MIN 0 OR BELOW: 0 1.00 INCH OR MORE: 0
[HDD (BASE 65) ]
TOTAL THIS MO. 0 CLEAR (SCALE 0-3) 30
DPTR FM NORMAL 0 PTCLDY (SCALE 4-7) 1
TOTAL FM JUL 1 0 CLOUDY (SCALE 8-10) 0
DPTR FM NORMAL 0
[CDD (BASE 65) ]
TOTAL THIS MO. 802
DPTR FM NORMAL 221 [PRESSURE DATA]
TOTAL FM JAN 1 1997 HIGHEST SLP 30.05 ON 15
DPTR FM NORMAL 573 LOWEST SLP 28.77 ON 20
[REMARKS]
#FINAL-07-22#