000
CXUS56 KSGX 011145
CF6MYF
PRELIMINARY LOCAL CLIMATOLOGICAL DATA (WS FORM: F-6)
STATION: SAN DIEGO/MONTGOMERY FLD CA
MONTH: NOVEMBER
YEAR: 2022
LATITUDE: 32 49 N
LONGITUDE: 117 9 W
TEMPERATURE IN F: :PCPN: SNOW: WIND :SUNSHINE: SKY :PK WND
================================================================================
1 2 3 4 5 6A 6B 7 8 9 10 11 12 13 14 15 16 17 18
12Z AVG MX 2MIN
DY MAX MIN AVG DEP HDD CDD WTR SNW DPTH SPD SPD DIR MIN PSBL S-S WX SPD DR
================================================================================
1 69 58 64 -1 1 0 0.00 M M 6.2 14 200 M M 7 1 19 200
2 66 57 62 -3 3 0 0.13 M M 9.2 17 270 M M 6 1 22 280
3 63 47 55 -10 10 0 0.01 M M 12.2 24 280 M M 4 31 280
4 69 42 56 -8 9 0 0.00 M M 4.6 16 330 M M 0 19 320
5 72 46 59 -5 6 0 0.00 M M 2.9 12 230 M M 0 17 280
6 67 49 58 -6 7 0 0.00 M M 5.1 12 240 M M 2 16 220
7 67 56 62 -2 3 0 0.07 M M 6.2 12 210 M M 10 18 20 210
8 64 53 59 -4 6 0 0.73 M M 11.5 25 170 M M 10 1 34 160
9 62 50 56 -7 9 0 0.02 M M 7.7 17 280 M M 4 1 22 270
10 65 43 54 -9 11 0 0.00 M M 4.4 14 330 M M 0 17 340
11 70 43 57 -6 8 0 0.00 M M 3.5 14 300 M M 0 16 290
12 69 44 57 -5 8 0 0.00 M M 2.8 12 240 M M 0 16 240
13 63 47 55 -7 10 0 0.00 M M 5.7 15 290 M M 3 19 300
14 70 45 58 -4 7 0 0.00 M M 5.1 13 270 M M 0 16 260
15 70 44 57 -5 8 0 0.00 M M 3.4 14 300 M M 0 18 290
16 75 45 60 -1 5 0 0.00 M M 2.9 18 40 M M 0 25 20
17 73 43 58 -3 7 0 0.00 M M 2.4 13 320 M M 0 15 320
18 67 44 56 -5 9 0 0.00 M M 3.4 12 250 M M 0 1 17 250
19 74 42 58 -2 7 0 0.00 M M 3.5 13 320 M M 1 12 16 260
20 77 45 61 1 4 0 0.00 M M 3.6 14 320 M M 0 17 310
21 76 46 61 1 4 0 0.00 M M 2.9 14 280 M M 0 15 320
22 74 45 60 0 5 0 0.00 M M 2.6 12 220 M M 0 16 310
23 72 42 57 -2 8 0 0.00 M M 2.2 13 300 M M 0 17 300
24 78 45 62 3 3 0 0.00 M M 7.7 28 30 M M 0 35 30
25 74 48 61 2 4 0 0.00 M M 4.0 15 320 M M 0 20 330
26 70 44 57 -2 8 0 0.00 M M 3.9 14 190 M M 0 20 190
27 73 42 58 0 7 0 0.00 M M 2.5 13 230 M M 0 1 15 230
28 61 51 56 -2 9 0 0.00 M M 5.9 13 200 M M 8 8 17 230
29 62 47 55 -3 10 0 T M M 5.1 13 210 M M 5 18 200
30 60 45 53 -5 12 0 0.00 M M 3.8 10 240 M M 6 13 270
================================================================================
SM 2072 1398 208 0 0.96 M 146.9 M 66
================================================================================
AV 69.1 46.6 4.9 FASTST M M 2 MAX(MPH)
MISC ----> 28 30 35 30
================================================================================
NOTES:
# LAST OF SEVERAL OCCURRENCES
COLUMN 17 PEAK WIND IN M.P.H.
PRELIMINARY LOCAL CLIMATOLOGICAL DATA (WS FORM: F-6) , PAGE 2
STATION: SAN DIEGO/MONTGOMERY FLD CA
MONTH: NOVEMBER
YEAR: 2022
LATITUDE: 32 49 N
LONGITUDE: 117 9 W
[TEMPERATURE DATA] [PRECIPITATION DATA] SYMBOLS USED IN COLUMN 16
AVERAGE MONTHLY: 57.8 TOTAL FOR MONTH: 0.96 1 = FOG OR MIST
DPTR FM NORMAL: -3.6 DPTR FM NORMAL: 0.05 2 = FOG REDUCING VISIBILITY
HIGHEST: 78 ON 24 GRTST 24HR 0.75 ON 8- 9 TO 1/4 MILE OR LESS
LOWEST: 42 ON 27,23 3 = THUNDER
SNOW, ICE PELLETS, HAIL 4 = ICE PELLETS
TOTAL MONTH: M 5 = HAIL
GRTST 24HR M ON M 6 = FREEZING RAIN OR DRIZZLE
GRTST DEPTH: M ON M 7 = DUSTSTORM OR SANDSTORM:
VSBY 1/2 MILE OR LESS
8 = SMOKE OR HAZE
[NO. OF DAYS WITH] [WEATHER - DAYS WITH] 9 = BLOWING SNOW
X = TORNADO
MAX 32 OR BELOW: 0 0.01 INCH OR MORE: 5
MAX 90 OR ABOVE: 0 0.10 INCH OR MORE: 2
MIN 32 OR BELOW: 0 0.50 INCH OR MORE: 1
MIN 0 OR BELOW: 0 1.00 INCH OR MORE: 0
[HDD (BASE 65) ]
TOTAL THIS MO. 208 CLEAR (SCALE 0-3) 20
DPTR FM NORMAL 72 PTCLDY (SCALE 4-7) 7
TOTAL FM JUL 1 221 CLOUDY (SCALE 8-10) 3
DPTR FM NORMAL 56
[CDD (BASE 65) ]
TOTAL THIS MO. 0
DPTR FM NORMAL -28 [PRESSURE DATA]
TOTAL FM JAN 1 1317 HIGHEST SLP 30.29 ON 4
DPTR FM NORMAL 301 LOWEST SLP 29.86 ON 8
[REMARKS]
#FINAL-11-22#