000
CXUS51 KOKX 010910
CF6NYC
PRELIMINARY LOCAL CLIMATOLOGICAL DATA (WS FORM: F-6)
STATION: CENTRAL PARK NY
MONTH: MAY
YEAR: 2023
LATITUDE: 40 46 N
LONGITUDE: 73 58 W
TEMPERATURE IN F: :PCPN: SNOW: WIND :SUNSHINE: SKY :PK WND
================================================================================
1 2 3 4 5 6A 6B 7 8 9 10 11 12 13 14 15 16 17 18
12Z AVG MX 2MIN
DY MAX MIN AVG DEP HDD CDD WTR SNW DPTH SPD SPD DIR MIN PSBL S-S WX SPD DR
================================================================================
1 61 49 55 -4 10 0 0.09 0.0 0 7.0 18 280 M M 7 1 29 270
2 56 44 50 -10 15 0 0.25 0.0 0 4.5 16 230 M M 7 1 28 210
3 57 47 52 -8 13 0 T 0.0 0 3.2 10 280 M M 8 16 260
4 55 48 52 -8 13 0 0.05 0.0 0 3.8 10 60 M M 10 1 17 90
5 66 48 57 -3 8 0 0.00 0.0 0 1.9 12 60 M M 5 1 17 30
6 73 48 61 0 4 0 0.00 0.0 0 2.8 9 10 M M 2 13 350
7 78 54 66 5 0 1 0.02 0.0 0 2.8 9 230 M M 2 17 30
8 77 58 68 7 0 3 T 0.0 0 4.7 13 310 M M 3 21 300
9 71 54 63 2 2 0 0.00 0.0 0 2.8 12 60 M M 0 17 180
10 73 50 62 0 3 0 0.00 0.0 0 2.0 12 230 M M 0 16 220
11 80 57 69 7 0 4 0.00 0.0 0 3.8 12 230 M M 0 17 230
12 87 65 76 14 0 11 0.00 0.0 0 2.9 10 270 M M 1 17 240
13 82 66 74 12 0 9 0.00 0.0 0 2.9 12 290 M M 0 18 10
14 74 59 67 4 0 2 0.00 0.0 0 6.2 12 30 M M 0 20 350
15 74 52 63 0 2 0 0.00 0.0 0 3.7 13 240 M M 0 22 240
16 79 58 69 6 0 4 0.00 0.0 0 5.2 17 240 M M 0 26 240
17 69 50 60 -3 5 0 0.00 0.0 0 5.9 16 300 M M 1 27 300
18 61 43 52 -12 13 0 0.00 0.0 0 4.3 12 50 M M 0 20 40
19 70 52 61 -3 4 0 0.00 0.0 0 2.3 12 120 M M 0 20 220
20 65 57 61 -3 4 0 0.77 0.0 0 2.8 10 60 M M 10 128 14 50
21 70 55 63 -1 2 0 0.02 0.0 0 4.7 14 310 M M 5 1 20 290
22 75 57 66 1 0 1 0.00 0.0 0 2.6 13 70 M M 0 29 90
23 70 54 62 -3 3 0 0.00 0.0 0 3.0 9 190 M M 3 18 160
24 77 53 65 0 0 0 0.08 0.0 0 2.6 14 40 M M 3 1 22 20
25 68 50 59 -7 6 0 0.00 0.0 0 7.3 17 60 M M 1 25 360
26 72 53 63 -3 2 0 0.00 0.0 0 3.3 14 60 M M 0 21 50
27 78 56 67 1 0 2 0.00 0.0 0 3.3 10 70 M M 0 18 260
28 79 59 69 3 0 4 0.00 0.0 0 2.3 7 140 M M 0 13 190
29 79 59 69 2 0 4 0.00 0.0 0 5.4 22 60 M M 0 30 60
30 72 55 64 -3 1 0 0.00 0.0 0 4.9 14 60 M M 0 20 70
31 77 51 64 -3 1 0 0.00 0.0 0 2.3 8 50 M M 0 12 120
================================================================================
SM 2225 1661 111 45 1.28 0.0 117.2 M 68
================================================================================
AV 71.8 53.6 3.8 FASTST M M 2 MAX(MPH)
MISC ----> 22 60 30 60
================================================================================
NOTES:
# LAST OF SEVERAL OCCURRENCES
COLUMN 17 PEAK WIND IN M.P.H.
PRELIMINARY LOCAL CLIMATOLOGICAL DATA (WS FORM: F-6) , PAGE 2
STATION: CENTRAL PARK NY
MONTH: MAY
YEAR: 2023
LATITUDE: 40 46 N
LONGITUDE: 73 58 W
[TEMPERATURE DATA] [PRECIPITATION DATA] SYMBOLS USED IN COLUMN 16
AVERAGE MONTHLY: 62.7 TOTAL FOR MONTH: 1.28 1 = FOG OR MIST
DPTR FM NORMAL: -0.5 DPTR FM NORMAL: -2.68 2 = FOG REDUCING VISIBILITY
HIGHEST: 87 ON 12 GRTST 24HR 2.36 ON 30- 1 TO 1/4 MILE OR LESS
LOWEST: 43 ON 18 3 = THUNDER
SNOW, ICE PELLETS, HAIL 4 = ICE PELLETS
TOTAL MONTH: 0.0 INCH 5 = HAIL
GRTST 24HR 0.0 6 = FREEZING RAIN OR DRIZZLE
GRTST DEPTH: 0 7 = DUSTSTORM OR SANDSTORM:
VSBY 1/2 MILE OR LESS
8 = SMOKE OR HAZE
[NO. OF DAYS WITH] [WEATHER - DAYS WITH] 9 = BLOWING SNOW
X = TORNADO
MAX 32 OR BELOW: 0 0.01 INCH OR MORE: 7
MAX 90 OR ABOVE: 0 0.10 INCH OR MORE: 2
MIN 32 OR BELOW: 0 0.50 INCH OR MORE: 1
MIN 0 OR BELOW: 0 1.00 INCH OR MORE: 0
[HDD (BASE 65) ]
TOTAL THIS MO. 111 CLEAR (SCALE 0-3) 23
DPTR FM NORMAL -11 PTCLDY (SCALE 4-7) 6
TOTAL FM JUL 1 3832 CLOUDY (SCALE 8-10) 2
DPTR FM NORMAL -705
[CDD (BASE 65) ]
TOTAL THIS MO. 45
DPTR FM NORMAL -21 [PRESSURE DATA]
TOTAL FM JAN 1 86 HIGHEST SLP M ON M
DPTR FM NORMAL 5 LOWEST SLP 29.00 ON 1
[REMARKS]
#FINAL-05-23#