000
CXUS51 KOKX 160910
CF6NYC
PRELIMINARY LOCAL CLIMATOLOGICAL DATA (WS FORM: F-6)
STATION: CENTRAL PARK NY
MONTH: APRIL
YEAR: 2024
LATITUDE: 40 46 N
LONGITUDE: 73 58 W
TEMPERATURE IN F: :PCPN: SNOW: WIND :SUNSHINE: SKY :PK WND
================================================================================
1 2 3 4 5 6A 6B 7 8 9 10 11 12 13 14 15 16 17 18
12Z AVG MX 2MIN
DY MAX MIN AVG DEP HDD CDD WTR SNW DPTH SPD SPD DIR MIN PSBL S-S WX SPD DR
================================================================================
1 54 49 52 4 13 0 0.01 0.0 0 3.0 10 90 M M 7 8 16 100
2 51 44 48 0 17 0 0.87 0.0 0 6.9 15 50 M M 9 1 23 60
3 45 41 43 -6 22 0 1.55 0.0 0 14.1 33 60 M M 10 1 59 40
4 53 37 45 -4 20 0 0.21 0.0 0 6.8 26 50 M M 9 1 45 50
5 50 38 44 -6 21 0 T 0.0 0 8.0 16 280 M M 7 8 30 260
6 54 42 48 -2 17 0 0.00 0.0 0 7.7 16 20 M M 8 29 10
7 60 43 52 2 13 0 0.00 0.0 0 6.4 17 50 M M 4 27 40
8 69 43 56 5 9 0 T 0.0 0 2.3 8 220 M M 1 13 290
9 80 55 68 17 0 3 0.00 0.0 0 2.8 12 170 M M 1 19 170
10 67 51 59 7 6 0 0.00 0.0 0 6.7 13 50 M M 4 21 60
11 61 50 56 4 9 0 0.24 0.0 0 6.3 15 150 M M 10 18 30 170
12 63 56 60 8 5 0 0.34 0.0 0 8.9 17 230 M M 8 138 41 230
13 56 47 52 -1 13 0 0.01 0.0 0 11.7 24 280 M M 6 44 280
14 75 48 62 9 3 0 0.10 0.0 0 5.0 22 230 M M 1 39 220
15 82 58 70 16 0 5 T 0.0 0 5.3 17 40 M M 3 30 50
================================================================================
SM 920 702 168 8 3.33 0.0 101.9 M 88
================================================================================
AV 61.3 46.8 6.8 FASTST M M 6 MAX(MPH)
MISC ----> 33 60 59 40
================================================================================
NOTES:
# LAST OF SEVERAL OCCURRENCES
COLUMN 17 PEAK WIND IN M.P.H.
PRELIMINARY LOCAL CLIMATOLOGICAL DATA (WS FORM: F-6) , PAGE 2
STATION: CENTRAL PARK NY
MONTH: APRIL
YEAR: 2024
LATITUDE: 40 46 N
LONGITUDE: 73 58 W
[TEMPERATURE DATA] [PRECIPITATION DATA] SYMBOLS USED IN COLUMN 16
AVERAGE MONTHLY: 54.1 TOTAL FOR MONTH: 3.33 1 = FOG OR MIST
DPTR FM NORMAL: 3.3 DPTR FM NORMAL: 1.30 2 = FOG REDUCING VISIBILITY
HIGHEST: 82 ON 15 GRTST 24HR 1.69 ON 3- 4 TO 1/4 MILE OR LESS
LOWEST: 37 ON 4 3 = THUNDER
SNOW, ICE PELLETS, HAIL 4 = ICE PELLETS
TOTAL MONTH: 0.0 INCH 5 = HAIL
GRTST 24HR 0.0 6 = FREEZING RAIN OR DRIZZLE
GRTST DEPTH: 0 7 = DUSTSTORM OR SANDSTORM:
VSBY 1/2 MILE OR LESS
8 = SMOKE OR HAZE
[NO. OF DAYS WITH] [WEATHER - DAYS WITH] 9 = BLOWING SNOW
X = TORNADO
MAX 32 OR BELOW: 0 0.01 INCH OR MORE: 8
MAX 90 OR ABOVE: 0 0.10 INCH OR MORE: 6
MIN 32 OR BELOW: 0 0.50 INCH OR MORE: 2
MIN 0 OR BELOW: 0 1.00 INCH OR MORE: 1
[HDD (BASE 65) ]
TOTAL THIS MO. 168 CLEAR (SCALE 0-3) 4
DPTR FM NORMAL -49 PTCLDY (SCALE 4-7) 7
TOTAL FM JUL 1 3644 CLOUDY (SCALE 8-10) 4
DPTR FM NORMAL -635
[CDD (BASE 65) ]
TOTAL THIS MO. 8
DPTR FM NORMAL 8 [PRESSURE DATA]
TOTAL FM JAN 1 8 HIGHEST SLP M ON M
DPTR FM NORMAL 7 LOWEST SLP 29.26 ON 4
[REMARKS]