000
CXUS55 KPSR 221502
CF6NYL
PRELIMINARY LOCAL CLIMATOLOGICAL DATA (WS FORM: F-6)
STATION: YUMA AZ
MONTH: APRIL
YEAR: 2021
LATITUDE: 32 39 N
LONGITUDE: 114 37 W
TEMPERATURE IN F: :PCPN: SNOW: WIND :SUNSHINE: SKY :PK WND
================================================================================
1 2 3 4 5 6A 6B 7 8 9 10 11 12 13 14 15 16 17 18
12Z AVG MX 2MIN
DY MAX MIN AVG DEP HDD CDD WTR SNW DPTH SPD SPD DIR MIN PSBL S-S WX SPD DR
================================================================================
1 94 61 78 8 0 13 0.00 M M 6.5 15 30 M M 3 19 30
2 92 57 75 4 0 10 0.00 M M 6.4 15 150 M M 0 16 150
3 97 59 78 7 0 13 0.00 M M 4.1 12 250 M M 0 14 250
4 97 59 78 7 0 13 0.00 M M 4.7 14 290 M M 0 18 290
5 96 62 79 8 0 14 0.00 M M 10.4 23 280 M M 3 28 270
6 94 65 80 9 0 15 0.00 M M 7.1 21 280 M M 1 26 280
7 95 61 78 6 0 13 0.00 M M 5.4 16 220 M M 1 20 220
8 95 67 81 9 0 16 0.00 M M 10.0 22 270 M M 2 28 250
9 96 63 80 8 0 15 0.00 M M 5.0 14 10 M M 1 20 360
10 95 62 79 7 0 14 0.00 M M 5.6 13 190 M M 0 15 280
11 92 64 78 6 0 13 0.00 M M 8.1 21 160 M M 0 24 160
12 90 62 76 4 0 11 0.00 M M 9.4 21 160 M M 0 25 160
13 88 62 75 3 0 10 0.00 M M 10.8 21 210 M M 2 23 210
14 82 56 69 -4 0 4 0.00 M M 6.6 16 280 M M 4 21 280
15 83 54 69 -4 0 4 0.00 M M 5.2 16 300 M M 4 21 330
16 86 58 72 -1 0 7 0.00 M M 3.4 9 260 M M 3 13 250
17 89 58 74 1 0 9 0.00 M M 8.0 22 20 M M 0 27 30
18 88 67 78 5 0 13 0.00 M M 13.2 26 350 M M 0 36 360
19 91 64 78 4 0 13 0.00 M M 6.5 18 220 M M 0 22 210
20 96 58 77 3 0 12 0.00 M M 9.5 20 190 M M 1 25 190
21 87 61 74 0 0 9 0.00 M M 10.0 23 310 M M 1 7 32 300
22 81 57 69 -5 0 4 0.00 M M 7.7 17 300 M M 0 7 22 300
23 87 59 73 -1 0 8 0.00 M M 7.0 16 150 M M 0 20 150
24 93 58 76 1 0 11 0.00 M M 8.9 22 200 M M 0 31 170
25 89 58 74 -1 0 9 0.00 M M 6.8 20 310 M M 0 25 310
26 70 59 65 -10 0 0 T M M 11.8 24 290 M M 6 33 290
27 76 52 64 -12 1 0 0.00 M M 9.2 18 290 M M 1 24 310
28 90 54 72 -4 0 7 0.00 M M 7.7 24 350 M M 0 30 10
29 97 60 79 3 0 14 0.00 M M 5.7 16 40 M M 0 20 70
30 101 65 83 7 0 18 0.00 M M 3.4 10 200 M M 1 13 180
================================================================================
SM 2707 1802 1 312 T M 224.1 M 34
================================================================================
AV 90.2 60.1 7.5 FASTST M M 1 MAX(MPH)
MISC ----> 26 350 36 360
================================================================================
NOTES:
# LAST OF SEVERAL OCCURRENCES
COLUMN 17 PEAK WIND IN M.P.H.
PRELIMINARY LOCAL CLIMATOLOGICAL DATA (WS FORM: F-6) , PAGE 2
STATION: YUMA AZ
MONTH: APRIL
YEAR: 2021
LATITUDE: 32 39 N
LONGITUDE: 114 37 W
[TEMPERATURE DATA] [PRECIPITATION DATA] SYMBOLS USED IN COLUMN 16
AVERAGE MONTHLY: 75.1 TOTAL FOR MONTH: T 1 = FOG OR MIST
DPTR FM NORMAL: 2.0 DPTR FM NORMAL: -0.14 2 = FOG REDUCING VISIBILITY
HIGHEST: 101 ON 30 GRTST 24HR T ON 26-26 TO 1/4 MILE OR LESS
LOWEST: 52 ON 27 3 = THUNDER
SNOW, ICE PELLETS, HAIL 4 = ICE PELLETS
TOTAL MONTH: M 5 = HAIL
GRTST 24HR M ON M 6 = FREEZING RAIN OR DRIZZLE
GRTST DEPTH: M ON M 7 = DUSTSTORM OR SANDSTORM:
VSBY 1/2 MILE OR LESS
8 = SMOKE OR HAZE
[NO. OF DAYS WITH] [WEATHER - DAYS WITH] 9 = BLOWING SNOW
X = TORNADO
MAX 32 OR BELOW: 0 0.01 INCH OR MORE: 0
MAX 90 OR ABOVE: 18 0.10 INCH OR MORE: 0
MIN 32 OR BELOW: 0 0.50 INCH OR MORE: 0
MIN 0 OR BELOW: 0 1.00 INCH OR MORE: 0
[HDD (BASE 65) ]
TOTAL THIS MO. 1 CLEAR (SCALE 0-3) 26
DPTR FM NORMAL -10 PTCLDY (SCALE 4-7) 4
TOTAL FM JUL 1 677 CLOUDY (SCALE 8-10) 0
DPTR FM NORMAL 6
[CDD (BASE 65) ]
TOTAL THIS MO. 312
DPTR FM NORMAL 58 [PRESSURE DATA]
TOTAL FM JAN 1 379 HIGHEST SLP 30.08 ON 29
DPTR FM NORMAL -38 LOWEST SLP 29.57 ON 11
[REMARKS]
#FINAL-04-21#