000
CXUS53 KOAX 280930
CF6OAX
PRELIMINARY LOCAL CLIMATOLOGICAL DATA (WS FORM: F-6)
STATION: VALLEY NWS NE
MONTH: MARCH
YEAR: 2024
LATITUDE: 41 19 N
LONGITUDE: 96 22 W
TEMPERATURE IN F: :PCPN: SNOW: WIND :SUNSHINE: SKY :PK WND
================================================================================
1 2 3 4 5 6A 6B 7 8 9 10 11 12 13 14 15 16 17 18
12Z AVG MX 2MIN
DY MAX MIN AVG DEP HDD CDD WTR SNW DPTH SPD SPD DIR MIN PSBL S-S WX SPD DR
================================================================================
1 55 33 44 11 21 0 0.00 0.0 0 M M M M M M 31 M
2 69 35 52 18 13 0 0.00 0.0 0 M M M M M M 12 37 M
3 68 40 54 20 11 0 0.00 0.0 0 M M M M M M 33 M
4 53 35 44 9 21 0 T 0.0 0 M M M M M M 30 M
5 58 22 40 5 25 0 0.00 0.0 0 M M M M M M 21 M
6 58 27 43 7 22 0 0.00 0.0 0 M M M M M M 24 M
7 57 31 44 8 21 0 T 0.0 0 M M M M M M 28 M
8 47 28 38 1 27 0 0.04 0.4 T M M M M M M 32 M
9 54 22 38 1 27 0 0.00 0.0 0 M M M M M M 25 M
10 67 24 46 8 19 0 0.00 0.0 0 M M M M M M 26 M
11 75 40 58 20 7 0 0.00 0.0 0 M M M M M M 57 M
12 69 41 55 17 10 0 0.00 0.0 0 M M M M M M 18 M
13 70 37 54 15 11 0 0.21 0.0 0 M M M M M M 21 M
14 53 41 47 8 18 0 0.42 0.0 0 M M M M M M 31 M
15 57 35 46 6 19 0 0.00 0.0 0 M M M M M M 24 M
16 56 33 45 5 20 0 0.00 0.0 0 M M M M M M 36 M
17 37 23 30 -11 35 0 0.00 0.0 0 M M M M M M 40 M
18 42 18 30 -11 35 0 0.00 0.0 0 M M M M M M 28 M
19 67 33 50 8 15 0 0.00 0.0 0 M M M M M M 29 M
20 46 33 40 -2 25 0 0.00 0.0 0 M M M M M M 25 M
21 56 31 44 2 21 0 0.00 0.0 0 M M M M M M 19 M
22 45 29 37 -6 28 0 0.08 0.0 0 M M M M M M 4 33 M
23 36 25 31 -12 34 0 T T 0 M M M M M M 24 M
24 49 36 43 -1 22 0 0.53 0.0 0 M M M M M M 35 M
25 49 31 40 -4 25 0 0.13 T 0 M M M M M M 46 39 M
26 31 22 27 -18 38 0 T T T M M M M M M 43 M
27 44 19 32 -13 33 0 0.00 0.0 0 M M M M M M 18 M
================================================================================
SM 1468 824 603 0 1.41 0.4 M M M
================================================================================
AV 54.4 30.5 M FASTST M M M MAX(MPH)
MISC ----> M M 57 9999
================================================================================
NOTES:
# LAST OF SEVERAL OCCURRENCES
COLUMN 17 PEAK WIND IN M.P.H.
PRELIMINARY LOCAL CLIMATOLOGICAL DATA (WS FORM: F-6) , PAGE 2
STATION: VALLEY NWS NE
MONTH: MARCH
YEAR: 2024
LATITUDE: 41 19 N
LONGITUDE: 96 22 W
[TEMPERATURE DATA] [PRECIPITATION DATA] SYMBOLS USED IN COLUMN 16
AVERAGE MONTHLY: 42.4 TOTAL FOR MONTH: 1.41 1 = FOG OR MIST
DPTR FM NORMAL: 3.1 DPTR FM NORMAL: -0.06 2 = FOG REDUCING VISIBILITY
HIGHEST: 75 ON 11 GRTST 24HR 0.53 ON 24-24 TO 1/4 MILE OR LESS
LOWEST: 18 ON 18 3 = THUNDER
SNOW, ICE PELLETS, HAIL 4 = ICE PELLETS
TOTAL MONTH: 0.4 INCH 5 = HAIL
GRTST 24HR 0.4 ON 8- 8 6 = FREEZING RAIN OR DRIZZLE
GRTST DEPTH: T 7 = DUSTSTORM OR SANDSTORM:
VSBY 1/2 MILE OR LESS
8 = SMOKE OR HAZE
[NO. OF DAYS WITH] [WEATHER - DAYS WITH] 9 = BLOWING SNOW
X = TORNADO
MAX 32 OR BELOW: 1 0.01 INCH OR MORE: 6
MAX 90 OR ABOVE: 0 0.10 INCH OR MORE: 4
MIN 32 OR BELOW: 14 0.50 INCH OR MORE: 1
MIN 0 OR BELOW: 0 1.00 INCH OR MORE: 0
[HDD (BASE 65) ]
TOTAL THIS MO. 603 CLEAR (SCALE 0-3) 0
DPTR FM NORMAL -92 PTCLDY (SCALE 4-7) 0
TOTAL FM JUL 1 4533 CLOUDY (SCALE 8-10) 27
DPTR FM NORMAL -767
[CDD (BASE 65) ]
TOTAL THIS MO. 0
DPTR FM NORMAL 0 [PRESSURE DATA]
TOTAL FM JAN 1 0 HIGHEST SLP M ON M
DPTR FM NORMAL 0 LOWEST SLP M ON M
[REMARKS]