000
CXUS55 KCAE 011500
CF6OGB
PRELIMINARY LOCAL CLIMATOLOGICAL DATA (WS FORM: F-6)
STATION: ORANGEBURG AIRPORT SC
MONTH: NOVEMBER
YEAR: 2020
LATITUDE: 33 27 N
LONGITUDE: 80 51 W
TEMPERATURE IN F: :PCPN: SNOW: WIND :SUNSHINE: SKY :PK WND
================================================================================
1 2 3 4 5 6A 6B 7 8 9 10 11 12 13 14 15 16 17 18
12Z AVG MX 2MIN
DY MAX MIN AVG DEP HDD CDD WTR SNW DPTH SPD SPD DIR MIN PSBL S-S WX SPD DR
================================================================================
1 69 56 63 3 2 0 0.01 M M 6.9 18 280 M M 5 1 23 280
2 59 37 48 -12 17 0 0.00 M M 5.2 15 350 M M 0 23 330
3 68 34 51 -9 14 0 0.00 M M 1.2 7 180 M M 0 18 10 250
4 71 37 54 -5 11 0 0.00 M M 2.1 10 190 M M 0 15 150
5 77 46 62 3 3 0 0.00 M M 4.7 10 70 M M 4 14 60
6 78 56 67 8 0 2 0.00 M M 6.9 14 20 M M 2 20 30
7 80 63 72 13 0 7 0.00 M M 7.1 14 80 M M 4 19 80
8 80 64 72 14 0 7 T M M 8.0 21 70 M M 5 28 80
9 81 64 73 15 0 8 0.00 M M 7.5 15 50 M M 3 20 80
10 82 66 74 16 0 9 0.32 M M 6.4 14 120 M M 9 1 21 110
11 81 71 76 18 0 11 3.63 M M 5.3 20 180 M M 9 123 24 180
12 77 66 72 15 0 7 1.16 M M 7.1 22 190 M M 9 1 28 200
13 78 58 68 11 0 3 T M M 3.2 9 330 M M 6 12 12 10
14 72 53 63 6 2 0 0.00 M M 4.2 12 30 M M 6 128 15 70
15 81 59 70 14 0 5 0.00 M M 7.7 21 240 M M 6 12 27 250
16 67 45 56 0 9 0 0.00 M M 3.5 16 300 M M 1 20 290
17 69 39 54 -2 11 0 0.00 M M 5.3 16 290 M M 0 1 22 300
18 57 36 47 -9 18 0 0.00 M M 5.0 17 10 M M 0 23 40
19 62 33 48 -7 17 0 0.00 M M 3.6 12 50 M M 0 15 50
20 74 41 58 3 7 0 0.00 M M 1.4 8 40 M M 3 1 11 30
21 73 46 60 5 5 0 0.00 M M 0.7 7 80 M M 1 1 10 40
22 66 47 57 3 8 0 0.02 M M 1.3 8 60 M M 8 1 10 50
23 69 44 57 3 8 0 0.00 M M 5.4 16 360 M M 2 12 24 340
24 61 40 51 -3 14 0 0.00 M M 4.9 14 70 M M 0 20 70
25 74 46 60 6 5 0 0.00 M M 5.5 10 170 M M 7 14 170
26 71 59 65 12 0 0 0.28 M M 2.9 10 330 M M 6 123 15 320
27 74 53 64 11 1 0 0.00 M M 3.8 16 290 M M 3 128 22 290
28 62 50 56 4 9 0 0.06 M M 2.0 10 300 M M 6 1 13 310
29 62 49 56 4 9 0 0.52 M M 5.0 13 290 M M 8 1 14 290
30 67 41 54 2 11 0 0.29 M M 15.6 29 250 M M 7 1 39 270
================================================================================
SM 2142 1499 181 59 6.29 M 149.4 M 120
================================================================================
AV 71.4 50.0 5.0 FASTST M M 4 MAX(MPH)
MISC ----> 29 250 39 270
================================================================================
NOTES:
# LAST OF SEVERAL OCCURRENCES
COLUMN 17 PEAK WIND IN M.P.H.
PRELIMINARY LOCAL CLIMATOLOGICAL DATA (WS FORM: F-6) , PAGE 2
STATION: ORANGEBURG AIRPORT SC
MONTH: NOVEMBER
YEAR: 2020
LATITUDE: 33 27 N
LONGITUDE: 80 51 W
[TEMPERATURE DATA] [PRECIPITATION DATA] SYMBOLS USED IN COLUMN 16
AVERAGE MONTHLY: 60.7 TOTAL FOR MONTH: 6.29 1 = FOG OR MIST
DPTR FM NORMAL: 4.5 DPTR FM NORMAL: 3.37 2 = FOG REDUCING VISIBILITY
HIGHEST: 82 ON 10 GRTST 24HR 4.47 ON 11-12 TO 1/4 MILE OR LESS
LOWEST: 33 ON 19 3 = THUNDER
SNOW, ICE PELLETS, HAIL 4 = ICE PELLETS
TOTAL MONTH: M 5 = HAIL
GRTST 24HR M ON M 6 = FREEZING RAIN OR DRIZZLE
GRTST DEPTH: M ON M 7 = DUSTSTORM OR SANDSTORM:
VSBY 1/2 MILE OR LESS
8 = SMOKE OR HAZE
[NO. OF DAYS WITH] [WEATHER - DAYS WITH] 9 = BLOWING SNOW
X = TORNADO
MAX 32 OR BELOW: 0 0.01 INCH OR MORE: 9
MAX 90 OR ABOVE: 0 0.10 INCH OR MORE: 6
MIN 32 OR BELOW: 0 0.50 INCH OR MORE: 3
MIN 0 OR BELOW: 0 1.00 INCH OR MORE: 2
[HDD (BASE 65) ]
TOTAL THIS MO. 181 CLEAR (SCALE 0-3) 13
DPTR FM NORMAL -98 PTCLDY (SCALE 4-7) 13
TOTAL FM JUL 1 208 CLOUDY (SCALE 8-10) 4
DPTR FM NORMAL -160
[CDD (BASE 65) ]
TOTAL THIS MO. 59
DPTR FM NORMAL 44 [PRESSURE DATA]
TOTAL FM JAN 1 2358 HIGHEST SLP 30.65 ON 19
DPTR FM NORMAL 256 LOWEST SLP 29.57 ON 30
[REMARKS]
#FINAL-11-20#