000
CXUS55 KSEW 010930
CF6OLM
PRELIMINARY LOCAL CLIMATOLOGICAL DATA (WS FORM: F-6)
STATION: OLYMPIA WA AIRPORT
MONTH: MARCH
YEAR: 2024
LATITUDE: 46 58 N
LONGITUDE: 122 54 W
TEMPERATURE IN F: :PCPN: SNOW: WIND :SUNSHINE: SKY :PK WND
================================================================================
1 2 3 4 5 6A 6B 7 8 9 10 11 12 13 14 15 16 17 18
12Z AVG MX 2MIN
DY MAX MIN AVG DEP HDD CDD WTR SNW DPTH SPD SPD DIR MIN PSBL S-S WX SPD DR
================================================================================
1 44 35 40 -2 25 0 0.22 M M 9.4 22 190 M M 8 1 32 180
2 43 33 38 -4 27 0 0.19 M M 8.0 21 180 M M 8 1 31 190
3 41 33 37 -5 28 0 0.48 M M 11.5 20 170 M M 10 1 28 170
4 43 32 38 -4 27 0 0.13 M M 7.9 18 170 M M 6 1 24 180
5 47 27 37 -6 28 0 0.03 M M 3.3 12 10 M M 7 18 15 360
6 44 21 33 -10 32 0 0.00 M M 0.8 7 230 M M 7 12 14 280
7 50 22 36 -7 29 0 0.00 M M 0.9 7 130 M M 3 12 9 120
8 M M M M M M M M M M M M M M M M M
9 52 35 44 1 21 0 0.05 M M 10.6 25 200 M M 6 1 43 180
10 50 42 46 3 19 0 0.27 M M 15.2 33 180 M M 9 1 59 170
11 49 40 45 1 20 0 0.28 M M 11.3 23 180 M M 9 1 40 190
12 51 36 44 0 21 0 0.63 M M 10.5 20 260 M M 7 1 33 250
13 54 32 43 -1 22 0 0.00 M M 3.9 12 20 M M 3 21 30
14 58 27 43 -1 22 0 0.00 M M 4.0 15 70 M M 2 12 26 10
15 64 32 48 4 17 0 0.00 M M 4.8 14 20 M M 0 23 30
16 74 31 53 9 12 0 0.00 M M 1.8 8 350 M M 0 11 30
17 74 33 54 10 11 0 0.00 M M 2.9 8 10 M M 0 12 12 10
18 70 34 52 8 13 0 0.00 M M 3.4 13 20 M M 1 12 17 60
19 67 35 51 6 14 0 0.00 M M 3.9 15 210 M M 0 1 20 200
20 53 46 50 5 15 0 0.11 M M 5.3 12 180 M M 10 1 21 150
21 56 42 49 4 16 0 0.16 M M 3.8 9 190 M M 10 12 14 220
22 53 46 50 5 15 0 0.16 M M 3.9 9 20 M M 10 12 22 30
23 57 44 51 6 14 0 0.38 M M 3.8 22 230 M M 9 1 34 230
24 60 44 52 7 13 0 0.01 M M 3.6 14 270 M M 6 1 21 280
25 50 43 47 2 18 0 0.14 M M 6.9 14 210 M M 10 18 22 270
26 57 41 49 4 16 0 T M M 6.6 16 260 M M 5 23 260
27 59 42 51 5 14 0 0.58 M M 8.9 23 230 M M 8 13 37 240
28 53 42 48 2 17 0 0.27 M M 11.9 26 180 M M 9 1 50 170
29 59 34 47 1 18 0 T M M 5.0 14 360 M M 2 12 19 360
30 61 30 46 0 19 0 0.00 M M 3.3 12 10 M M 1 1 16 20
31 63 32 48 2 17 0 0.00 M M 2.9 12 350 M M 3 12 14 20
================================================================================
SM 1656 1066 580 0 4.09 M 180.0 M 169
================================================================================
AV 55.2 35.5 6.0 FASTST M M 6 MAX(MPH)
MISC ----> 33 180 59 170
================================================================================
NOTES:
# LAST OF SEVERAL OCCURRENCES
COLUMN 17 PEAK WIND IN M.P.H.
PRELIMINARY LOCAL CLIMATOLOGICAL DATA (WS FORM: F-6) , PAGE 2
STATION: OLYMPIA WA AIRPORT
MONTH: MARCH
YEAR: 2024
LATITUDE: 46 58 N
LONGITUDE: 122 54 W
[TEMPERATURE DATA] [PRECIPITATION DATA] SYMBOLS USED IN COLUMN 16
AVERAGE MONTHLY: 45.4 TOTAL FOR MONTH: 4.09 1 = FOG OR MIST
DPTR FM NORMAL: 1.3 DPTR FM NORMAL: -1.59 2 = FOG REDUCING VISIBILITY
HIGHEST: 74 ON 17,16 GRTST 24HR 0.89 ON 11-12 TO 1/4 MILE OR LESS
LOWEST: 21 ON 6 3 = THUNDER
SNOW, ICE PELLETS, HAIL 4 = ICE PELLETS
TOTAL MONTH: M 5 = HAIL
GRTST 24HR M ON M 6 = FREEZING RAIN OR DRIZZLE
GRTST DEPTH: M ON M 7 = DUSTSTORM OR SANDSTORM:
VSBY 1/2 MILE OR LESS
8 = SMOKE OR HAZE
[NO. OF DAYS WITH] [WEATHER - DAYS WITH] 9 = BLOWING SNOW
X = TORNADO
MAX 32 OR BELOW: 0 0.01 INCH OR MORE: 17
MAX 90 OR ABOVE: 0 0.10 INCH OR MORE: 14
MIN 32 OR BELOW: 10 0.50 INCH OR MORE: 2
MIN 0 OR BELOW: 0 1.00 INCH OR MORE: 0
[HDD (BASE 65) ]
TOTAL THIS MO. 580 CLEAR (SCALE 0-3) 11
DPTR FM NORMAL -68 PTCLDY (SCALE 4-7) 10
TOTAL FM JUL 1 3740 CLOUDY (SCALE 8-10) 10
DPTR FM NORMAL -617
[CDD (BASE 65) ]
TOTAL THIS MO. 0
DPTR FM NORMAL 0 [PRESSURE DATA]
TOTAL FM JAN 1 0 HIGHEST SLP M ON M
DPTR FM NORMAL 0 LOWEST SLP 29.27 ON 1
[REMARKS]
#FINAL-03-24#