000
CXUS55 KTWC 010855
CF6OLS
PRELIMINARY LOCAL CLIMATOLOGICAL DATA (WS FORM: F-6)
STATION: NOGALES AZ AIRPORT
MONTH: JULY
YEAR: 2022
LATITUDE: 31 25 N
LONGITUDE: 110 51 W
TEMPERATURE IN F: :PCPN: SNOW: WIND :SUNSHINE: SKY :PK WND
================================================================================
1 2 3 4 5 6A 6B 7 8 9 10 11 12 13 14 15 16 17 18
12Z AVG MX 2MIN
DY MAX MIN AVG DEP HDD CDD WTR SNW DPTH SPD SPD DIR MIN PSBL S-S WX SPD DR
================================================================================
1 91 66 79 -3 0 14 0.07 M M 5.9 17 270 M M M 13 28 300
2 94 64 79 -3 0 14 0.06 M M 3.7 24 110 M M M 3 34 120
3 94 68 81 -1 0 16 T M M 4.9 17 150 M M M 3 22 150
4 89 68 79 -3 0 14 T M M 6.0 25 220 M M 2 3 37 210
5 94 65 80 -2 0 15 0.00 M M 7.1 20 220 M M 0 30 200
6 95 61 78 -4 0 13 0.00 M M 4.5 16 220 M M 0 23 230
7 99 64 82 1 0 17 0.00 M M 4.8 15 310 M M 0 23 310
8 102 69 86 5 0 21 0.00 M M 5.8 23 150 M M 0 38 150
9 102 71 87 6 0 22 T M M 8.8 28 100 M M 0 41 90
10 104 73 89 8 0 24 0.00 M M 5.4 33 90 M M 2 37 90
11 102 71 87 6 0 22 T M M 6.2 20 120 M M 3 3 28 120
12 96 72 84 3 0 19 0.38 M M 7.1 36 150 M M 2 3 55 150
13 101 70 86 5 0 21 T M M 5.3 25 200 M M 0 3 36 210
14 102 69 86 5 0 21 0.02 M M 4.7 26 180 M M 3 3 35 180
15 101 69 85 4 0 20 0.02 M M 3.3 25 190 M M 1 3 33 180
16 98 68 83 3 0 18 0.36 M M 5.3 25 180 M M 2 138 31 180
17 97 68 83 3 0 18 0.00 M M 4.9 22 220 M M 0 3 30 220
18 97 72 85 5 0 20 T M M 4.5 17 40 M M 1 3 25 50
19 100 67 84 4 0 19 0.27 M M 8.2 38 90 M M 2 3 59 90
20 99 69 84 4 0 19 0.17 M M 6.4 23 150 M M 1 13 34 160
21 98 65 82 2 0 17 0.43 M M 6.6 23 150 M M 2 13 33 170
22 97 72 85 5 0 20 0.17 M M 5.2 20 30 M M 1 3 49 130
23 92 67 80 0 0 15 0.46 M M 7.2 32 140 M M 2 13 52 160
24 86 67 77 -3 0 12 1.32 M M 3.7 20 60 M M 4 3 28 60
25 88 65 77 -3 0 12 0.00 M M 3.9 22 240 M M 1 3 31 240
26 83 69 76 -4 0 11 0.20 M M 2.4 22 300 M M 3 13 33 300
27 85 66 76 -3 0 11 T M M 3.5 21 120 M M 3 3 27 110
28 87 68 78 -1 0 13 0.04 M M 3.5 16 340 M M 5 3 27 330
29 85 67 76 -3 0 11 0.43 M M 2.7 16 150 M M 4 138 22 160
30 89 63 76 -3 0 11 0.41 M M 4.1 38 130 M M 3 13 55 140
31 88 62 75 -4 0 10 0.52 M M 4.0 29 160 M M 2 13 42 170
================================================================================
SM 2935 2095 0 510 5.33 M 159.6 M 49
================================================================================
AV 94.7 67.6 5.1 FASTST M M 2 MAX(MPH)
MISC ----> # 38 90 59 90
================================================================================
NOTES:
# LAST OF SEVERAL OCCURRENCES
COLUMN 17 PEAK WIND IN M.P.H.
PRELIMINARY LOCAL CLIMATOLOGICAL DATA (WS FORM: F-6) , PAGE 2
STATION: NOGALES AZ AIRPORT
MONTH: JULY
YEAR: 2022
LATITUDE: 31 25 N
LONGITUDE: 110 51 W
[TEMPERATURE DATA] [PRECIPITATION DATA] SYMBOLS USED IN COLUMN 16
AVERAGE MONTHLY: 81.1 TOTAL FOR MONTH: 5.33 1 = FOG OR MIST
DPTR FM NORMAL: 0.6 DPTR FM NORMAL: 1.15 2 = FOG REDUCING VISIBILITY
HIGHEST: 104 ON 10 GRTST 24HR 1.32 ON 24-24 TO 1/4 MILE OR LESS
LOWEST: 61 ON 6 3 = THUNDER
SNOW, ICE PELLETS, HAIL 4 = ICE PELLETS
TOTAL MONTH: M 5 = HAIL
GRTST 24HR M ON M 6 = FREEZING RAIN OR DRIZZLE
GRTST DEPTH: M ON M 7 = DUSTSTORM OR SANDSTORM:
VSBY 1/2 MILE OR LESS
8 = SMOKE OR HAZE
[NO. OF DAYS WITH] [WEATHER - DAYS WITH] 9 = BLOWING SNOW
X = TORNADO
MAX 32 OR BELOW: 0 0.01 INCH OR MORE: 17
MAX 90 OR ABOVE: 22 0.10 INCH OR MORE: 12
MIN 32 OR BELOW: 0 0.50 INCH OR MORE: 2
MIN 0 OR BELOW: 0 1.00 INCH OR MORE: 1
[HDD (BASE 65) ]
TOTAL THIS MO. 0 CLEAR (SCALE 0-3) 25
DPTR FM NORMAL 0 PTCLDY (SCALE 4-7) 3
TOTAL FM JUL 1 0 CLOUDY (SCALE 8-10) 3
DPTR FM NORMAL 0
[CDD (BASE 65) ]
TOTAL THIS MO. 510
DPTR FM NORMAL 30 [PRESSURE DATA]
TOTAL FM JAN 1 1312 HIGHEST SLP M ON M
DPTR FM NORMAL 183 LOWEST SLP 29.73 ON 3
[REMARKS]
#FINAL-07-22#