662
CXUS53 KOAX 011000
CF6OMA
PRELIMINARY LOCAL CLIMATOLOGICAL DATA (WS FORM: F-6)
STATION: OMAHA NE
MONTH: JULY
YEAR: 2020
LATITUDE: 41 17 N
LONGITUDE: 95 54 W
TEMPERATURE IN F: :PCPN: SNOW: WIND :SUNSHINE: SKY :PK WND
================================================================================
1 2 3 4 5 6A 6B 7 8 9 10 11 12 13 14 15 16 17 18
12Z AVG MX 2MIN
DY MAX MIN AVG DEP HDD CDD WTR SNW DPTH SPD SPD DIR MIN PSBL S-S WX SPD DR
================================================================================
1 88 66 77 1 0 12 0.47 0.0 0 4.7 28 70 M M 7 13 38 80
2 89 67 78 2 0 13 0.00 0.0 0 6.6 17 110 M M 6 21 130
3 89 72 81 5 0 16 0.00 0.0 0 5.6 15 130 M M 8 19 130
4 90 66 78 2 0 13 0.00 0.0 0 6.0 15 110 M M 4 18 22 100
5 91 69 80 4 0 15 0.00 0.0 0 5.4 15 140 M M 5 18 20 150
6 92 70 81 4 0 16 0.00 0.0 0 5.9 26 350 M M 5 1 34 350
7 94 67 81 4 0 16 0.00 0.0 0 8.5 16 180 M M 4 23 170
8 95 75 85 8 0 20 0.00 0.0 0 13.6 25 170 M M 3 32 200
9 86 67 77 0 0 12 0.07 0.0 0 9.7 28 220 M M 6 3 40 220
10 93 65 79 2 0 14 0.00 0.0 0 6.2 17 180 M M 4 1 24 190
11 91 66 79 2 0 14 T 0.0 0 10.0 31 330 M M 5 3 45 330
12 86 62 74 -3 0 9 0.00 0.0 0 5.4 12 30 M M 3 17 360
13 91 68 80 3 0 15 0.00 0.0 0 14.4 30 160 M M 4 39 150
14 93 70 82 5 0 17 0.00 0.0 0 9.2 21 10 M M 8 29 360
15 77 63 70 -7 0 5 0.05 0.0 0 6.9 15 70 M M 8 13 26 80
16 88 60 74 -3 0 9 0.00 0.0 0 6.7 18 160 M M 6 128 22 170
17 96 73 85 8 0 20 0.00 0.0 0 14.1 25 190 M M 6 32 180
18 98 79 89 12 0 24 T 0.0 0 14.9 26 190 M M 4 3 35 180
19 91 73 82 5 0 17 0.00 0.0 0 7.7 18 360 M M 7 23 360
20 83 68 76 -1 0 11 0.37 0.0 0 7.9 22 270 M M 8 13 32 290
21 88 69 79 2 0 14 0.10 0.0 0 8.2 29 210 M M 7 3 37 190
22 87 64 76 -1 0 11 0.00 0.0 0 5.3 13 130 M M 4 18 130
23 93 71 82 5 0 17 0.00 0.0 0 12.6 21 180 M M 6 29 170
24 94 76 85 8 0 20 0.00 0.0 0 14.8 24 170 M M 6 30 180
25 95 78 87 10 0 22 0.00 0.0 0 14.9 23 180 M M 8 33 210
26 84 74 79 2 0 14 0.15 0.0 0 7.7 16 140 M M 9 1 19 150
27 89 69 79 2 0 14 T 0.0 0 5.9 14 10 M M 5 20 20
28 90 66 78 1 0 13 0.00 0.0 0 8.5 18 180 M M 3 25 180
29 86 72 79 3 0 14 0.27 0.0 0 7.7 25 170 M M 8 13 32 170
30 86 66 76 0 0 11 0.08 0.0 0 11.6 22 360 M M 8 13 30 60
31 85 61 73 -3 0 8 0.00 0.0 0 8.1 15 350 M M 6 21 360
================================================================================
SM 2778 2132 0 446 1.56 0.0 274.7 M 181
================================================================================
AV 89.6 68.8 8.9 FASTST M M 6 MAX(MPH)
MISC ----> # 31 330 # 45 330
================================================================================
NOTES:
# LAST OF SEVERAL OCCURRENCES
COLUMN 17 PEAK WIND IN M.P.H.
PRELIMINARY LOCAL CLIMATOLOGICAL DATA (WS FORM: F-6) , PAGE 2
STATION: OMAHA NE
MONTH: JULY
YEAR: 2020
LATITUDE: 41 17 N
LONGITUDE: 95 54 W
[TEMPERATURE DATA] [PRECIPITATION DATA] SYMBOLS USED IN COLUMN 16
AVERAGE MONTHLY: 79.2 TOTAL FOR MONTH: 1.56 1 = FOG OR MIST
DPTR FM NORMAL: 2.5 DPTR FM NORMAL: -2.27 2 = FOG REDUCING VISIBILITY
HIGHEST: 98 ON 18 GRTST 24HR 0.47 ON 1- 1 TO 1/4 MILE OR LESS
LOWEST: 60 ON 16 3 = THUNDER
SNOW, ICE PELLETS, HAIL 4 = ICE PELLETS
TOTAL MONTH: 0.0 INCH 5 = HAIL
GRTST 24HR 0.0 6 = FREEZING RAIN OR DRIZZLE
GRTST DEPTH: 0 7 = DUSTSTORM OR SANDSTORM:
VSBY 1/2 MILE OR LESS
8 = SMOKE OR HAZE
[NO. OF DAYS WITH] [WEATHER - DAYS WITH] 9 = BLOWING SNOW
X = TORNADO
MAX 32 OR BELOW: 0 0.01 INCH OR MORE: 8
MAX 90 OR ABOVE: 16 0.10 INCH OR MORE: 5
MIN 32 OR BELOW: 0 0.50 INCH OR MORE: 0
MIN 0 OR BELOW: 0 1.00 INCH OR MORE: 0
[HDD (BASE 65) ]
TOTAL THIS MO. 0 CLEAR (SCALE 0-3) 3
DPTR FM NORMAL -1 PTCLDY (SCALE 4-7) 26
TOTAL FM JUL 1 0 CLOUDY (SCALE 8-10) 2
DPTR FM NORMAL -1
[CDD (BASE 65) ]
TOTAL THIS MO. 446
DPTR FM NORMAL 81 [PRESSURE DATA]
TOTAL FM JAN 1 886 HIGHEST SLP 30.08 ON 27
DPTR FM NORMAL 209 LOWEST SLP 29.58 ON 9
[REMARKS]
#FINAL-07-20#