000
CXUS56 KBOI 011346
CF6ONO
PRELIMINARY LOCAL CLIMATOLOGICAL DATA (WS FORM: F-6)
STATION: ONTARIO OR
MONTH: MARCH
YEAR: 2022
LATITUDE: 44 1 N
LONGITUDE: 117 1 W
TEMPERATURE IN F: :PCPN: SNOW: WIND :SUNSHINE: SKY :PK WND
================================================================================
1 2 3 4 5 6A 6B 7 8 9 10 11 12 13 14 15 16 17 18
12Z AVG MX 2MIN
DY MAX MIN AVG DEP HDD CDD WTR SNW DPTH SPD SPD DIR MIN PSBL S-S WX SPD DR
================================================================================
1 56 35 46 4 19 0 0.00 M M 3.5 9 260 M M 7 11 260
2 57 32 45 3 20 0 0.00 M M 3.1 9 250 M M 0 18 13 250
3 58 33 46 3 19 0 0.00 M M 7.6 23 330 M M 4 18 31 320
4 53 36 45 2 20 0 0.00 M M 14.1 22 320 M M 1 29 320
5 56 36 46 3 19 0 0.00 M M 19.8 26 320 M M 1 36 340
6 51 34 43 -1 22 0 0.00 M M 17.9 38 320 M M 1 50 320
7 55 29 42 -2 23 0 0.00 M M 5.4 12 330 M M 2 16 240
8 54 27 41 -3 24 0 0.00 M M 5.4 21 340 M M 7 25 350
9 46 26 36 -9 29 0 T M M 13.2 24 350 M M 6 35 310
10 45 21 33 -12 32 0 0.00 M M 7.8 18 340 M M 0 23 330
11 52 21 37 -8 28 0 0.00 M M 2.7 8 360 M M 5 12 20
12 70 26 48 3 17 0 0.00 M M 7.6 24 240 M M 0 34 230
13 60 42 51 5 14 0 T M M 11.8 33 230 M M 8 46 220
14 62 29 46 0 19 0 0.00 M M 7.1 28 160 M M 4 39 150
15 61 43 52 6 13 0 0.18 M M 13.1 30 160 M M 8 42 170
16 57 32 45 -1 20 0 T M M 10.3 21 340 M M 6 29 340
17 60 24 42 -5 23 0 0.00 M M 3.6 12 340 M M 2 16 140
18 64 30 47 0 18 0 0.00 M M 4.9 12 160 M M 1 18 130
19 62 37 50 3 15 0 0.01 M M 8.3 31 330 M M 4 40 330
20 53 35 44 -3 21 0 0.00 M M 15.0 29 310 M M 1 39 310
21 57 36 47 -1 18 0 0.00 M M 1.8 10 290 M M 7 15 290
22 66 35 51 3 14 0 0.00 M M 2.8 12 330 M M 4 19 10
23 73 34 54 6 11 0 0.00 M M 3.0 13 150 M M 0 17 330
24 70 43 57 9 8 0 0.00 M M 6.4 23 330 M M 0 30 330
25 71 35 53 5 12 0 0.00 M M 3.3 9 260 M M 0 11 120
26 74 42 58 10 7 0 0.00 M M 3.5 10 260 M M 0 13 260
27 69 43 56 7 9 0 0.00 M M 3.2 9 260 M M 0 10 260
28 66 47 57 8 8 0 T M M 11.3 28 310 M M 2 37 310
29 72 49 61 12 4 0 0.00 M M 16.6 23 320 M M 2 33 320
30 62 40 51 2 14 0 0.00 M M 10.1 25 330 M M M 33 340
31 58 39 49 0 16 0 0.00 M M 13.0 25 330 M M M 34 320
================================================================================
SM 1870 1071 536 0 0.19 M 257.2 M 83
================================================================================
AV 60.3 34.5 8.3 FASTST M M 3 MAX(MPH)
MISC ----> 38 320 50 320
================================================================================
NOTES:
# LAST OF SEVERAL OCCURRENCES
COLUMN 17 PEAK WIND IN M.P.H.
PRELIMINARY LOCAL CLIMATOLOGICAL DATA (WS FORM: F-6) , PAGE 2
STATION: ONTARIO OR
MONTH: MARCH
YEAR: 2022
LATITUDE: 44 1 N
LONGITUDE: 117 1 W
[TEMPERATURE DATA] [PRECIPITATION DATA] SYMBOLS USED IN COLUMN 16
AVERAGE MONTHLY: 47.4 TOTAL FOR MONTH: 0.19 1 = FOG OR MIST
DPTR FM NORMAL: 1.3 DPTR FM NORMAL: -0.78 2 = FOG REDUCING VISIBILITY
HIGHEST: 74 ON 26 GRTST 24HR 0.18 ON 15-15 TO 1/4 MILE OR LESS
LOWEST: 21 ON 11,10 3 = THUNDER
SNOW, ICE PELLETS, HAIL 4 = ICE PELLETS
TOTAL MONTH: M 5 = HAIL
GRTST 24HR M ON M 6 = FREEZING RAIN OR DRIZZLE
GRTST DEPTH: M ON M 7 = DUSTSTORM OR SANDSTORM:
VSBY 1/2 MILE OR LESS
8 = SMOKE OR HAZE
[NO. OF DAYS WITH] [WEATHER - DAYS WITH] 9 = BLOWING SNOW
X = TORNADO
MAX 32 OR BELOW: 0 0.01 INCH OR MORE: 2
MAX 90 OR ABOVE: 0 0.10 INCH OR MORE: 1
MIN 32 OR BELOW: 11 0.50 INCH OR MORE: 0
MIN 0 OR BELOW: 0 1.00 INCH OR MORE: 0
[HDD (BASE 65) ]
TOTAL THIS MO. 536 CLEAR (SCALE 0-3) 17
DPTR FM NORMAL -48 PTCLDY (SCALE 4-7) 12
TOTAL FM JUL 1 4556 CLOUDY (SCALE 8-10) 2
DPTR FM NORMAL -96
[CDD (BASE 65) ]
TOTAL THIS MO. 0
DPTR FM NORMAL 0 [PRESSURE DATA]
TOTAL FM JAN 1 0 HIGHEST SLP M ON M
DPTR FM NORMAL 0 LOWEST SLP 29.59 ON 28
[REMARKS]
#FINAL-03-22#