000
CXUS56 KSGX 011145
CF6ONT
PRELIMINARY LOCAL CLIMATOLOGICAL DATA (WS FORM: F-6)
STATION: ONTARIO INTL AIRPORT CA
MONTH: FEBRUARY
YEAR: 2024
LATITUDE: 34 2 N
LONGITUDE: 117 37 W
TEMPERATURE IN F: :PCPN: SNOW: WIND :SUNSHINE: SKY :PK WND
================================================================================
1 2 3 4 5 6A 6B 7 8 9 10 11 12 13 14 15 16 17 18
12Z AVG MX 2MIN
DY MAX MIN AVG DEP HDD CDD WTR SNW DPTH SPD SPD DIR MIN PSBL S-S WX SPD DR
================================================================================
1 55 47 51 -5 14 0 1.16 M M 6.5 18 40 M M 9 18 27 40
2 59 45 52 -4 13 0 0.00 M M 8.0 16 210 M M 6 1 22 260
3 58 45 52 -4 13 0 0.04 M M 4.6 12 260 M M 8 15 260
4 60 48 54 -2 11 0 1.02 M M 4.1 13 130 M M 9 18 19 90
5 55 51 53 -3 12 0 3.62 M M 4.7 10 90 M M 10 1 14 90
6 51 46 49 -7 16 0 1.56 M M 4.4 14 60 M M 10 1 16 60
7 56 46 51 -5 14 0 0.56 M M 4.9 16 260 M M 8 18 21 260
8 54 39 47 -10 18 0 0.04 M M 5.8 15 270 M M 6 18 270
9 57 45 51 -6 14 0 T M M 4.0 12 250 M M 6 8 16 230
10 61 38 50 -7 15 0 0.00 M M 3.8 13 40 M M 2 18 60
11 64 38 51 -6 14 0 0.00 M M 6.2 20 30 M M 0 29 20
12 65 39 52 -5 13 0 0.00 M M 3.1 8 240 M M 1 11 280
13 65 40 53 -4 12 0 0.00 M M 4.0 15 220 M M 3 18 240
14 64 47 56 -1 9 0 0.00 M M 3.8 10 230 M M 6 18 13 240
15 65 45 55 -2 10 0 0.00 M M 3.5 12 220 M M 6 18 14 220
16 69 51 60 3 5 0 0.00 M M 3.3 13 210 M M 9 18 14 220
17 63 50 57 0 8 0 T M M 3.9 12 240 M M 8 128 16 240
18 63 50 57 0 8 0 T M M 2.8 14 230 M M 8 18 16 220
19 58 53 56 -1 9 0 0.38 M M 4.2 12 260 M M 10 18 15 270
20 56 48 52 -6 13 0 2.04 M M 3.4 15 90 M M 9 1 18 90
21 62 49 56 -2 9 0 0.76 M M 4.6 14 230 M M 7 1 18 240
22 67 48 58 0 7 0 0.00 M M 2.9 10 280 M M 3 1 13 260
23 75 47 61 3 4 0 0.00 M M 5.7 18 70 M M 7 26 80
24 76 53 65 7 0 0 0.00 M M 3.6 9 240 M M 8 13 260
25 68 50 59 1 6 0 0.00 M M 3.9 13 270 M M 9 16 280
26 62 49 56 -2 9 0 0.09 M M 4.0 13 220 M M 10 18 15 220
27 62 50 56 -2 9 0 0.04 M M 4.1 10 240 M M 7 18 12 230
28 72 45 59 1 6 0 0.00 M M 5.3 15 240 M M 1 18 19 250
29 64 51 58 0 7 0 T M M 4.7 9 260 M M 8 18 M M
================================================================================
SM 1806 1353 298 0 11.31 M 127.8 M 194
================================================================================
AV 62.3 46.7 4.4 FASTST M M 7 MAX(MPH)
MISC ----> 20 30 29 20
================================================================================
NOTES:
# LAST OF SEVERAL OCCURRENCES
COLUMN 17 PEAK WIND IN M.P.H.
PRELIMINARY LOCAL CLIMATOLOGICAL DATA (WS FORM: F-6) , PAGE 2
STATION: ONTARIO INTL AIRPORT CA
MONTH: FEBRUARY
YEAR: 2024
LATITUDE: 34 2 N
LONGITUDE: 117 37 W
[TEMPERATURE DATA] [PRECIPITATION DATA] SYMBOLS USED IN COLUMN 16
AVERAGE MONTHLY: 54.5 TOTAL FOR MONTH: 11.31 1 = FOG OR MIST
DPTR FM NORMAL: -2.6 DPTR FM NORMAL: 8.24 2 = FOG REDUCING VISIBILITY
HIGHEST: 76 ON 24 GRTST 24HR 4.23 ON 4- 5 TO 1/4 MILE OR LESS
LOWEST: 38 ON 11,10 3 = THUNDER
SNOW, ICE PELLETS, HAIL 4 = ICE PELLETS
TOTAL MONTH: M 5 = HAIL
GRTST 24HR M ON M 6 = FREEZING RAIN OR DRIZZLE
GRTST DEPTH: M ON M 7 = DUSTSTORM OR SANDSTORM:
VSBY 1/2 MILE OR LESS
8 = SMOKE OR HAZE
[NO. OF DAYS WITH] [WEATHER - DAYS WITH] 9 = BLOWING SNOW
X = TORNADO
MAX 32 OR BELOW: 0 0.01 INCH OR MORE: 12
MAX 90 OR ABOVE: 0 0.10 INCH OR MORE: 8
MIN 32 OR BELOW: 0 0.50 INCH OR MORE: 7
MIN 0 OR BELOW: 0 1.00 INCH OR MORE: 5
[HDD (BASE 65) ]
TOTAL THIS MO. 298 CLEAR (SCALE 0-3) 5
DPTR FM NORMAL 70 PTCLDY (SCALE 4-7) 13
TOTAL FM JUL 1 888 CLOUDY (SCALE 8-10) 11
DPTR FM NORMAL -101
[CDD (BASE 65) ]
TOTAL THIS MO. 0
DPTR FM NORMAL -8 [PRESSURE DATA]
TOTAL FM JAN 1 0 HIGHEST SLP 30.24 ON 22
DPTR FM NORMAL -13 LOWEST SLP 29.63 ON 6
[REMARKS]
#FINAL-02-24#