000
CXAK56 PAFG 040515
CF6OTZ
PRELIMINARY LOCAL CLIMATOLOGICAL DATA (WS FORM: F-6)
STATION: KOTZEBUE AK
MONTH: DECEMBER
YEAR: 2021
LATITUDE: 66 52 N
LONGITUDE: 162 38 W
TEMPERATURE IN F: :PCPN: SNOW: WIND :SUNSHINE: SKY :PK WND
================================================================================
1 2 3 4 5 6A 6B 7 8 9 10 11 12 13 14 15 16 17 18
12Z AVG MX 2MIN
DY MAX MIN AVG DEP HDD CDD WTR SNW DPTH SPD SPD DIR MIN PSBL S-S WX SPD DR
================================================================================
1 -19 -31 -25 -32 90 0 0.00 M M 0.9 7 70 M M 0 18 8 340
2 -15 -29 -22 -28 87 0 T M M 9.5 25 110 M M 0 18 30 120
3 -2 -15 -8 -14 73 0 0.24 M M 37.7 52 110 M M 8 1289 59 110
4 3 -2 1 -5 64 0 0.06 M M 32.1 44 110 M M 8 129 52 110
5 31 1 16 10 49 0 0.34 M M 41.4 58 110 M M 6 129 70 110
6 30 20 25 19 40 0 T M M 19.9 43 170 M M 9 1 50 170
7 21 5 13 7 52 0 T M M 15.8 24 290 M M 10 18 27 290
8 6 3 5 0 60 0 T M M 6.4 12 80 M M 10 1 13 110
9 7 -2 3 -2 62 0 0.00 M M 13.4 24 340 M M 9 29 340
10 3 -8 -2 -7 67 0 0.00 M M 24.5 36 330 M M 0 8 41 340
11 -6 -11 -8 -13 73 0 0.00 M M 23.0 33 320 M M 1 40 320
12 -8 -16 -12 -16 77 0 0.00 M M 16.3 26 330 M M 0 30 340
13 -16 -22 -19 -23 84 0 0.00 M M 5.5 12 50 M M 0 13 50
14 -19 -26 -22 -26 87 0 0.00 M M 6.4 15 120 M M 0 16 120
15 2 -25 -11 -15 76 0 0.06 M M 30.3 41 100 M M 6 128 51 100
16 6 2 4 0 61 0 0.20 M M 32.6 45 110 M M 10 12 53 110
17 14 6 10 7 55 0 0.05 M M 29.0 36 90 M M 10 169 42 100
18 19 14 17 14 48 0 0.03 M M 11.9 29 90 M M 10 16 35 90
19 35 19 27 24 38 0 0.33 M M 25.9 33 110 M M 10 1 43 110
20 33 1 17 14 48 0 T M M 13.8 35 230 M M 7 18 40 240
21 7 -3 2 -1 63 0 T M M 11.5 21 280 M M 5 18 24 280
22 4 -3 1 -1 64 0 0.04 M M 10.9 22 80 M M 8 18 25 80
23 5 -4 1 -1 64 0 0.00 M M 13.1 29 290 M M 1 18 33 290
24 6 -3 2 0 63 0 0.01 M M 15.5 26 90 M M 9 18 31 90
25 14 5 10 8 55 0 0.07 M M 23.2 31 110 M M 10 19 38 100
26 21 1 11 9 54 0 0.18 M M 21.9 37 280 M M 8 129 42 300
27 4 -5 0 -1 65 0 0.01 M M 10.1 31 300 M M 5 1 36 290
28 22 3 13 12 52 0 0.43 M M 20.4 47 90 M M 9 12 55 90
29 22 -7 8 7 57 0 0.47 M M 11.9 24 240 M M 10 1 32 240
30 -3 -28 -15 -16 80 0 0.00 M M 5.1 15 10 M M 4 128 18 10
31 -8 -30 -19 -19 84 0 0.00 M M 7.8 23 360 M M 0 18 27 360
================================================================================
SM 219 -190 1992 0 2.52 M 547.7 M 183
================================================================================
AV 7.1 -6.1 17.7 FASTST M M 6 MAX(MPH)
MISC ----> 58 110 70 110
================================================================================
NOTES:
# LAST OF SEVERAL OCCURRENCES
COLUMN 17 PEAK WIND IN M.P.H.
PRELIMINARY LOCAL CLIMATOLOGICAL DATA (WS FORM: F-6) , PAGE 2
STATION: KOTZEBUE AK
MONTH: DECEMBER
YEAR: 2021
LATITUDE: 66 52 N
LONGITUDE: 162 38 W
[TEMPERATURE DATA] [PRECIPITATION DATA] SYMBOLS USED IN COLUMN 16
AVERAGE MONTHLY: 0.5 TOTAL FOR MONTH: 2.52 1 = FOG OR MIST
DPTR FM NORMAL: -3.1 DPTR FM NORMAL: 1.79 2 = FOG REDUCING VISIBILITY
HIGHEST: 35 ON 19 GRTST 24HR 0.86 ON 28-29 TO 1/4 MILE OR LESS
LOWEST: -31 ON 1 3 = THUNDER
SNOW, ICE PELLETS, HAIL 4 = ICE PELLETS
TOTAL MONTH: M 5 = HAIL
GRTST 24HR M ON M 6 = FREEZING RAIN OR DRIZZLE
GRTST DEPTH: M ON M 7 = DUSTSTORM OR SANDSTORM:
VSBY 1/2 MILE OR LESS
8 = SMOKE OR HAZE
[NO. OF DAYS WITH] [WEATHER - DAYS WITH] 9 = BLOWING SNOW
X = TORNADO
MAX 32 OR BELOW: 29 0.01 INCH OR MORE: 15
MAX 90 OR ABOVE: 0 0.10 INCH OR MORE: 7
MIN 32 OR BELOW: 31 0.50 INCH OR MORE: 0
MIN 0 OR BELOW: 19 1.00 INCH OR MORE: 0
[HDD (BASE 65) ]
TOTAL THIS MO. 1992 CLEAR (SCALE 0-3) 9
DPTR FM NORMAL 89 PTCLDY (SCALE 4-7) 7
TOTAL FM JUL 1 6810 CLOUDY (SCALE 8-10) 15
DPTR FM NORMAL 926
[CDD (BASE 65) ]
TOTAL THIS MO. 0
DPTR FM NORMAL 0 [PRESSURE DATA]
TOTAL FM JAN 1 6 HIGHEST SLP 30.52 ON 2
DPTR FM NORMAL -3 LOWEST SLP 28.71 ON 5
[REMARKS]
#FINAL-12-21#