000
CXUS56 KLKN 011210
CF6P68
PRELIMINARY LOCAL CLIMATOLOGICAL DATA (WS FORM: F-6)
STATION: EUREKA AIRPORT NV
MONTH: AUGUST
YEAR: 2023
LATITUDE: 39 30 N
LONGITUDE: 115 58 W
TEMPERATURE IN F: :PCPN: SNOW: WIND :SUNSHINE: SKY :PK WND
================================================================================
1 2 3 4 5 6A 6B 7 8 9 10 11 12 13 14 15 16 17 18
12Z AVG MX 2MIN
DY MAX MIN AVG DEP HDD CDD WTR SNW DPTH SPD SPD DIR MIN PSBL S-S WX SPD DR
================================================================================
1 83 61 72 1 0 7 0.08 M M 6.9 18 130 M M M 25 130
2 79 57 68 -3 0 3 0.05 M M 5.9 28 100 M M M 38 100
3 83 50 67 -3 0 2 0.02 M M 8.9 29 280 M M 0 40 280
4 87 43 65 -5 0 0 0.00 M M 4.2 13 10 M M 0 18 80
5 89 46 68 -2 0 3 0.00 M M 6.5 21 160 M M M 30 180
6 88 47 68 -2 0 3 0.00 M M 5.1 15 350 M M M 21 290
7 90 44 67 -3 0 2 0.00 M M 6.5 21 250 M M M 30 260
8 85 45 65 -5 0 0 0.00 M M 5.0 18 300 M M M 29 300
9 91 49 70 0 0 5 0.00 M M 6.9 25 240 M M M 45 130
10 89 48 69 -1 0 4 0.00 M M 7.8 26 160 M M M 35 160
11 88 55 72 3 0 7 0.18 M M 7.2 20 100 M M M 27 100
12 87 57 72 3 0 7 0.00 M M 5.9 31 50 M M M 39 40
13 91 49 70 1 0 5 0.00 M M 5.1 25 170 0 M 0 33 170
14 89 50 70 1 0 5 0.00 M M 5.9 30 200 M M M 39 200
15 86 51 69 0 0 4 0.00 M M 7.4 20 260 M M M 27 260
16 89 60 75 7 0 10 0.00 M M 7.1 25 90 M M M 38 130
17 87 55 71 3 0 6 0.00 M M 5.4 18 250 M M M 24 240
18 87 45 66 -2 0 1 0.00 M M 7.8 25 180 M M M 35 180
19 80 56 68 0 0 3 0.02 M M 7.1 24 260 M M M 31 260
20 65 55 60 -8 5 0 0.93 M M 6.4 22 160 M M M 34 160
21 69 53 61 -6 4 0 0.09 M M 18.0 33 160 M M 0 49 150
22 77 49 63 -4 2 0 0.00 M M 8.3 28 150 M M 0 35 150
23 82 47 65 -2 0 0 0.00 M M 7.0 20 160 M M 0 30 160
24 84 51 68 1 0 3 0.00 M M 8.2 20 150 M M 0 27 190
25 86 54 70 4 0 5 0.02 M M 9.0 24 190 M M 0 34 170
26 87 54 71 5 0 6 0.00 M M 9.4 23 180 M M 0 38 180
27 87 48 68 2 0 3 0.00 M M 6.2 16 180 M M 0 21 180
28 88 44 66 0 0 1 0.00 M M 5.9 14 160 M M M 20 110
29 92 47 70 5 0 5 0.00 M M 9.2 23 270 M M M 32 270
30 88 43 66 1 0 1 0.00 M M 5.1 16 20 M M M 20 10
31 89 39 64 -1 1 0 0.00 M M 8.1 28 190 M M M 40 200
================================================================================
SM 2642 1552 12 101 1.39 M 223.4 0 0
================================================================================
AV 85.2 50.1 7.2 FASTST 0 M 0 MAX(MPH)
MISC ----> 33 160 49 150
================================================================================
NOTES:
# LAST OF SEVERAL OCCURRENCES
COLUMN 17 PEAK WIND IN M.P.H.
PRELIMINARY LOCAL CLIMATOLOGICAL DATA (WS FORM: F-6) , PAGE 2
STATION: EUREKA AIRPORT NV
MONTH: AUGUST
YEAR: 2023
LATITUDE: 39 30 N
LONGITUDE: 115 58 W
[TEMPERATURE DATA] [PRECIPITATION DATA] SYMBOLS USED IN COLUMN 16
AVERAGE MONTHLY: 67.6 TOTAL FOR MONTH: 1.39 1 = FOG OR MIST
DPTR FM NORMAL: -0.6 DPTR FM NORMAL: 0.85 2 = FOG REDUCING VISIBILITY
HIGHEST: 92 ON 29 GRTST 24HR 0.95 ON 19-20 TO 1/4 MILE OR LESS
LOWEST: 39 ON 31 3 = THUNDER
SNOW, ICE PELLETS, HAIL 4 = ICE PELLETS
TOTAL MONTH: M 5 = HAIL
GRTST 24HR M ON M 6 = FREEZING RAIN OR DRIZZLE
GRTST DEPTH: M ON M 7 = DUSTSTORM OR SANDSTORM:
VSBY 1/2 MILE OR LESS
8 = SMOKE OR HAZE
[NO. OF DAYS WITH] [WEATHER - DAYS WITH] 9 = BLOWING SNOW
X = TORNADO
MAX 32 OR BELOW: 0 0.01 INCH OR MORE: 8
MAX 90 OR ABOVE: 4 0.10 INCH OR MORE: 2
MIN 32 OR BELOW: 0 0.50 INCH OR MORE: 1
MIN 0 OR BELOW: 0 1.00 INCH OR MORE: 0
[HDD (BASE 65) ]
TOTAL THIS MO. 12 CLEAR (SCALE 0-3) 10
DPTR FM NORMAL -12 PTCLDY (SCALE 4-7) 0
TOTAL FM JUL 1 12 CLOUDY (SCALE 8-10) 21
DPTR FM NORMAL -20
[CDD (BASE 65) ]
TOTAL THIS MO. 101
DPTR FM NORMAL -22 [PRESSURE DATA]
TOTAL FM JAN 1 340 HIGHEST SLP 30.18 ON 15
DPTR FM NORMAL 3 LOWEST SLP 29.61 ON 31
[REMARKS]
#FINAL-08-23#