000
CXUS53 KPAH 010800
CF6PAH
PRELIMINARY LOCAL CLIMATOLOGICAL DATA (WS FORM: F-6)
STATION: PADUCAH KY
MONTH: JANUARY
YEAR: 2022
LATITUDE: 37 4 N
LONGITUDE: 88 46 W
TEMPERATURE IN F: :PCPN: SNOW: WIND :SUNSHINE: SKY :PK WND
================================================================================
1 2 3 4 5 6A 6B 7 8 9 10 11 12 13 14 15 16 17 18
12Z AVG MX 2MIN
DY MAX MIN AVG DEP HDD CDD WTR SNW DPTH SPD SPD DIR MIN PSBL S-S WX SPD DR
================================================================================
1 65 42 54 17 11 0 2.46 0.0 0 4.7 15 330 M M 10 138 23 330
2 42 27 35 -2 30 0 0.01 T 0 11.9 21 360 M M 10 1 31 340
3 35 25 30 -6 35 0 0.00 0.0 0 4.8 16 350 M M 6 24 350
4 42 23 33 -3 32 0 0.00 0.0 0 6.8 17 220 M M 3 1 30 220
5 48 31 40 4 25 0 0.00 0.0 0 7.7 15 360 M M 0 24 340
6 31 13 22 -14 43 0 0.20 3.6 4 7.2 17 20 M M 7 12 25 10
7 23 6 15 -21 50 0 0.00 0.0 3 3.4 10 70 M M 1 20 340
8 48 16 32 -4 33 0 1.31 0.0 0 8.1 21 180 M M 8 13 39 170
9 53 26 40 4 25 0 1.13 0.0 0 10.7 23 10 M M 6 13 36 10
10 40 19 30 -6 35 0 0.00 0.0 0 2.7 12 250 M M 0 18 270
11 43 22 33 -3 32 0 0.00 0.0 0 4.1 10 180 M M 0 16 190
12 55 37 46 10 19 0 0.00 0.0 0 6.6 14 220 M M 0 25 230
13 55 31 43 7 22 0 T 0.0 0 3.5 12 340 M M 3 14 340
14 50 28 39 3 26 0 T 0.0 0 2.7 12 90 M M 2 18 17 90
15 42 33 38 2 27 0 0.20 0.0 0 11.5 20 50 M M 10 18 30 60
16 41 27 34 -2 31 0 T T 0 10.3 17 350 M M 5 8 25 350
17 46 26 36 0 29 0 0.01 0.1 0 6.1 17 320 M M 6 31 350
18 53 23 38 2 27 0 0.00 0.0 0 6.1 15 190 M M 0 24 190
19 52 24 38 2 27 0 0.01 T 0 8.3 21 350 M M 9 30 360
20 26 15 21 -15 44 0 T T 0 10.6 21 360 M M 4 33 350
21 29 13 21 -15 44 0 T T 0 4.6 13 40 M M 3 21 20
22 37 10 24 -12 41 0 0.00 0.0 0 3.0 9 210 M M 0 15 260
23 50 24 37 1 28 0 0.00 0.0 0 5.7 15 360 M M 2 23 250
24 56 24 40 4 25 0 0.00 0.0 0 6.8 18 360 M M 5 29 350
25 39 20 30 -6 35 0 0.00 0.0 0 10.4 18 360 M M 4 26 360
26 30 14 22 -14 43 0 0.00 0.0 0 4.2 14 10 M M 0 20 360
27 39 17 28 -8 37 0 0.00 0.0 0 2.2 9 230 M M 8 14 230
28 37 20 29 -7 36 0 T T 0 7.8 22 350 M M 6 37 330
29 36 11 24 -12 41 0 0.00 0.0 0 4.1 13 200 M M 0 21 180
30 49 23 36 0 29 0 0.00 0.0 0 5.3 15 310 M M 0 21 310
31 53 24 39 2 26 0 0.00 0.0 0 4.2 13 140 M M 0 17 140
================================================================================
SM 1345 694 988 0 5.33 3.7 196.1 M 118
================================================================================
AV 43.4 22.4 6.3 FASTST M M 4 MAX(MPH)
MISC ----> 23 10 39 170
================================================================================
NOTES:
# LAST OF SEVERAL OCCURRENCES
COLUMN 17 PEAK WIND IN M.P.H.
PRELIMINARY LOCAL CLIMATOLOGICAL DATA (WS FORM: F-6) , PAGE 2
STATION: PADUCAH KY
MONTH: JANUARY
YEAR: 2022
LATITUDE: 37 4 N
LONGITUDE: 88 46 W
[TEMPERATURE DATA] [PRECIPITATION DATA] SYMBOLS USED IN COLUMN 16
AVERAGE MONTHLY: 32.9 TOTAL FOR MONTH: 5.33 1 = FOG OR MIST
DPTR FM NORMAL: -3.1 DPTR FM NORMAL: 1.48 2 = FOG REDUCING VISIBILITY
HIGHEST: 65 ON 1 GRTST 24HR 2.46 ON 1- 1 TO 1/4 MILE OR LESS
LOWEST: 6 ON 7 3 = THUNDER
SNOW, ICE PELLETS, HAIL 4 = ICE PELLETS
TOTAL MONTH: 3.7 INCHES 5 = HAIL
GRTST 24HR 3.6 ON 6- 6 6 = FREEZING RAIN OR DRIZZLE
GRTST DEPTH: 4 ON 6 7 = DUSTSTORM OR SANDSTORM:
VSBY 1/2 MILE OR LESS
8 = SMOKE OR HAZE
[NO. OF DAYS WITH] [WEATHER - DAYS WITH] 9 = BLOWING SNOW
X = TORNADO
MAX 32 OR BELOW: 5 0.01 INCH OR MORE: 8
MAX 90 OR ABOVE: 0 0.10 INCH OR MORE: 5
MIN 32 OR BELOW: 28 0.50 INCH OR MORE: 3
MIN 0 OR BELOW: 0 1.00 INCH OR MORE: 3
[HDD (BASE 65) ]
TOTAL THIS MO. 988 CLEAR (SCALE 0-3) 16
DPTR FM NORMAL 89 PTCLDY (SCALE 4-7) 10
TOTAL FM JUL 1 2148 CLOUDY (SCALE 8-10) 5
DPTR FM NORMAL -293
[CDD (BASE 65) ]
TOTAL THIS MO. 0
DPTR FM NORMAL 0 [PRESSURE DATA]
TOTAL FM JAN 1 0 HIGHEST SLP M ON M
DPTR FM NORMAL 0 LOWEST SLP 29.60 ON 1
[REMARKS]
#FINAL-01-22#