000
CXUS54 KLZK 020352
CF6PBF
PRELIMINARY LOCAL CLIMATOLOGICAL DATA (WS FORM: F-6)
STATION: PINE BLUFF
MONTH: NOVEMBER
YEAR: 2022
LATITUDE: 34 10 N
LONGITUDE: 91 56 W
TEMPERATURE IN F: :PCPN: SNOW: WIND :SUNSHINE: SKY :PK WND
================================================================================
1 2 3 4 5 6A 6B 7 8 9 10 11 12 13 14 15 16 17 18
12Z AVG MX 2MIN
DY MAX MIN AVG DEP HDD CDD WTR SNW DPTH SPD SPD DIR MIN PSBL S-S WX SPD DR
================================================================================
1 70 48 59 2 6 0 0.02 0.0 0 1.8 9 120 M M 2 1 10 160
2 78 53 66 9 0 1 T 0.0 0 1.3 7 290 M M 4 12 M M
3 83 52 68 11 0 3 0.00 0.0 0 5.7 15 160 M M 2 1 18 160
4 80 58 69 13 0 4 1.74 0.0 0 11.2 31 250 M M 6 138 46 230
5 69 50 60 4 5 0 0.58 0.0 0 6.7 18 260 M M 3 13 25 270
6 71 47 59 3 6 0 0.07 0.0 0 5.7 14 120 M M 5 1 15 120
7 68 60 64 9 1 0 0.02 0.0 0 8.1 14 30 M M 10 1 18 30
8 78 60 69 14 0 4 0.00 0.0 0 4.7 10 30 M M 5 1 13 20
9 85 59 72 17 0 7 0.00 0.0 0 6.0 14 100 M M 0 1 16 100
10 73 51 62 8 3 0 0.00 0.0 0 3.3 10 100 M M 0 18 14 80
11 64 45 55 1 10 0 0.10 0.0 0 8.9 20 10 M M 6 1 26 330
12 51 34 43 -11 22 0 0.09 0.0 0 10.7 25 340 M M 3 1 33 330
13 45 28 37 -16 28 0 0.00 0.0 0 6.9 14 30 M M 0 17 10
14 50 30 40 -13 25 0 0.22 0.0 0 6.9 17 60 M M 4 1 22 330
15 51 39 45 -8 20 0 0.00 0.0 0 9.0 16 330 M M 9 1 23 330
16 54 28 41 -11 24 0 0.00 0.0 0 7.0 14 280 M M 0 18 340
17 51 26 39 -13 26 0 0.00 0.0 0 3.2 9 300 M M 0 12 310
18 47 30 39 -13 26 0 0.00 0.0 0 5.7 20 20 M M 2 24 10
19 45 30 38 -13 27 0 0.00 0.0 0 4.9 12 220 M M 5 18 190
20 45 28 37 -14 28 0 0.00 0.0 0 3.9 14 50 M M 0 17 60
21 54 28 41 -10 24 0 0.00 0.0 0 2.3 8 120 M M 7 9 120
22 63 33 48 -2 17 0 0.00 0.0 0 2.4 8 80 M M 1 8 10 110
23 66 32 49 -1 16 0 0.01 0.0 0 3.4 12 90 M M 4 18 14 100
24 56 50 53 3 12 0 1.47 0.0 0 6.3 17 330 M M 9 1 20 330
25 58 51 55 5 10 0 0.00 0.0 0 9.4 16 20 M M 9 1 23 20
26 63 50 57 8 8 0 0.53 0.0 0 9.1 26 220 M M 9 1 35 210
27 58 42 50 1 15 0 T 0.0 0 8.9 23 230 M M 6 1 33 220
28 66 38 52 3 13 0 0.00 0.0 0 4.4 13 190 M M 0 1 17 200
29 69 46 58 10 7 0 0.52 0.0 0 7.6 22 320 M M 7 123 31 310
30 60 32 46 -2 19 0 0.00 0.0 0 8.4 25 340 M M 0 34 330
================================================================================
SM 1871 1258 398 19 5.37 0.0 183.8 M 118
================================================================================
AV 62.4 41.9 6.1 FASTST M M 4 MAX(MPH)
MISC ----> 31 250 46 230
================================================================================
NOTES:
# LAST OF SEVERAL OCCURRENCES
COLUMN 17 PEAK WIND IN M.P.H.
PRELIMINARY LOCAL CLIMATOLOGICAL DATA (WS FORM: F-6) , PAGE 2
STATION: PINE BLUFF
MONTH: NOVEMBER
YEAR: 2022
LATITUDE: 34 10 N
LONGITUDE: 91 56 W
[TEMPERATURE DATA] [PRECIPITATION DATA] SYMBOLS USED IN COLUMN 16
AVERAGE MONTHLY: 52.2 TOTAL FOR MONTH: 5.37 1 = FOG OR MIST
DPTR FM NORMAL: -0.3 DPTR FM NORMAL: 1.40 2 = FOG REDUCING VISIBILITY
HIGHEST: 85 ON 9 GRTST 24HR 2.32 ON 4- 5 TO 1/4 MILE OR LESS
LOWEST: 26 ON 17 3 = THUNDER
SNOW, ICE PELLETS, HAIL 4 = ICE PELLETS
TOTAL MONTH: 0.0 INCH 5 = HAIL
GRTST 24HR 0.0 6 = FREEZING RAIN OR DRIZZLE
GRTST DEPTH: 0 7 = DUSTSTORM OR SANDSTORM:
VSBY 1/2 MILE OR LESS
8 = SMOKE OR HAZE
[NO. OF DAYS WITH] [WEATHER - DAYS WITH] 9 = BLOWING SNOW
X = TORNADO
MAX 32 OR BELOW: 0 0.01 INCH OR MORE: 12
MAX 90 OR ABOVE: 0 0.10 INCH OR MORE: 7
MIN 32 OR BELOW: 10 0.50 INCH OR MORE: 5
MIN 0 OR BELOW: 0 1.00 INCH OR MORE: 2
[HDD (BASE 65) ]
TOTAL THIS MO. 398 CLEAR (SCALE 0-3) 13
DPTR FM NORMAL 14 PTCLDY (SCALE 4-7) 12
TOTAL FM JUL 1 488 CLOUDY (SCALE 8-10) 5
DPTR FM NORMAL -29
[CDD (BASE 65) ]
TOTAL THIS MO. 19
DPTR FM NORMAL 9 [PRESSURE DATA]
TOTAL FM JAN 1 2573 HIGHEST SLP 30.56 ON 20
DPTR FM NORMAL 424 LOWEST SLP 29.57 ON 26
[REMARKS]
#FINAL-11-22#