000
CXUS51 KBTV 211445
CF6PBG
PRELIMINARY LOCAL CLIMATOLOGICAL DATA (WS FORM: F-6)
STATION: PLATTSBURGH NY
MONTH: JUNE
YEAR: 2022
LATITUDE: 44 39 N
LONGITUDE: 73 28 W
TEMPERATURE IN F: :PCPN: SNOW: WIND :SUNSHINE: SKY :PK WND
================================================================================
1 2 3 4 5 6A 6B 7 8 9 10 11 12 13 14 15 16 17 18
12Z AVG MX 2MIN
DY MAX MIN AVG DEP HDD CDD WTR SNW DPTH SPD SPD DIR MIN PSBL S-S WX SPD DR
================================================================================
1 63 56 60 -1 5 0 0.49 M M 3.8 14 130 M M 10 13 18 140
2 66 57 62 1 3 0 T M M 4.9 20 360 M M 9 1 24 10
3 76 52 64 3 1 0 0.10 M M 3.5 13 300 M M 5 1 19 260
4 78 48 63 2 2 0 0.00 M M 5.9 18 280 M M 3 1 33 270
5 73 48 61 -1 4 0 0.00 M M 5.8 18 310 M M 2 27 290
6 74 48 61 -1 4 0 0.00 M M 2.4 10 140 M M 1 14 140
7 78 55 67 5 0 2 0.07 M M 9.6 24 160 M M 4 1 36 180
8 77 56 67 5 0 2 0.32 M M 4.5 14 280 M M 5 13 20 280
9 62 52 57 -6 8 0 0.58 M M 6.9 22 350 M M 8 1 27 350
10 73 54 64 1 1 0 0.00 M M 5.4 14 260 M M 5 24 280
11 74 53 64 1 1 0 T M M 5.7 17 130 M M 5 24 180
12 79 49 64 0 1 0 T M M 6.6 21 140 M M 3 1 27 150
13 79 56 68 4 0 3 0.00 M M 6.5 17 320 M M 2 1 24 330
14 80 56 68 4 0 3 0.00 M M 4.6 14 340 M M 3 19 330
15 76 54 65 1 0 0 0.00 M M 2.4 10 40 M M 1 13 50
16 77 60 69 4 0 4 0.03 M M 12.8 26 150 M M 3 1 34 160
17 81 53 67 2 0 2 0.02 M M 7.0 30 330 M M 6 1 39 330
18 57 52 55 -10 10 0 0.01 M M 13.0 22 320 M M 10 34 330
19 70 49 60 -5 5 0 0.00 M M 15.7 26 340 M M 3 37 350
20 78 46 62 -4 3 0 0.00 M M 4.5 15 350 M M 0 19 360
21 66 48 57 -9 8 0 0.10 M M 5.3 13 160 M M 7 18 17 160
22 71 56 64 -2 1 0 0.17 M M 13.8 29 160 M M 6 18 36 150
23 67 56 62 -4 3 0 1.35 M M 6.6 18 150 M M 7 18 26 150
24 78 56 67 0 0 2 0.00 M M 3.2 9 110 M M 3 1 12 110
25 84 56 70 3 0 5 0.00 M M 3.0 12 130 M M 1 1 15 140
26 88 59 74 7 0 9 0.00 M M 8.1 21 150 M M 0 1 27 150
27 79 64 72 4 0 7 0.96 M M 5.4 17 10 M M 8 13 22 290
28 72 57 65 -3 0 0 0.01 M M 4.0 10 150 M M 6 17 270
29 77 50 64 -4 1 0 T M M 5.3 16 140 M M 3 3 22 310
30 73 55 64 -4 1 0 0.00 M M 3.5 10 90 M M 0 13 150
================================================================================
SM 2226 1611 62 39 4.21 M 189.7 M 129
================================================================================
AV 74.2 53.7 6.3 FASTST M M 4 MAX(MPH)
MISC ----> 30 330 39 330
================================================================================
NOTES:
# LAST OF SEVERAL OCCURRENCES
COLUMN 17 PEAK WIND IN M.P.H.
PRELIMINARY LOCAL CLIMATOLOGICAL DATA (WS FORM: F-6) , PAGE 2
STATION: PLATTSBURGH NY
MONTH: JUNE
YEAR: 2022
LATITUDE: 44 39 N
LONGITUDE: 73 28 W
[TEMPERATURE DATA] [PRECIPITATION DATA] SYMBOLS USED IN COLUMN 16
AVERAGE MONTHLY: 64.0 TOTAL FOR MONTH: 4.21 1 = FOG OR MIST
DPTR FM NORMAL: -0.5 DPTR FM NORMAL: 0.14 2 = FOG REDUCING VISIBILITY
HIGHEST: 88 ON 26 GRTST 24HR 1.35 ON 23-23 TO 1/4 MILE OR LESS
LOWEST: 46 ON 20 3 = THUNDER
SNOW, ICE PELLETS, HAIL 4 = ICE PELLETS
TOTAL MONTH: M 5 = HAIL
GRTST 24HR M ON M 6 = FREEZING RAIN OR DRIZZLE
GRTST DEPTH: M ON M 7 = DUSTSTORM OR SANDSTORM:
VSBY 1/2 MILE OR LESS
8 = SMOKE OR HAZE
[NO. OF DAYS WITH] [WEATHER - DAYS WITH] 9 = BLOWING SNOW
X = TORNADO
MAX 32 OR BELOW: 0 0.01 INCH OR MORE: 13
MAX 90 OR ABOVE: 0 0.10 INCH OR MORE: 8
MIN 32 OR BELOW: 0 0.50 INCH OR MORE: 3
MIN 0 OR BELOW: 0 1.00 INCH OR MORE: 1
[HDD (BASE 65) ]
TOTAL THIS MO. 62 CLEAR (SCALE 0-3) 14
DPTR FM NORMAL -22 PTCLDY (SCALE 4-7) 13
TOTAL FM JUL 1 7326 CLOUDY (SCALE 8-10) 3
DPTR FM NORMAL -221
[CDD (BASE 65) ]
TOTAL THIS MO. 39
DPTR FM NORMAL -27 [PRESSURE DATA]
TOTAL FM JAN 1 70 HIGHEST SLP 30.23 ON 30
DPTR FM NORMAL -10 LOWEST SLP 29.48 ON 17
[REMARKS]
#FINAL-06-22#