000
CXUS52 KMFL 011030
CF6PBI
PRELIMINARY LOCAL CLIMATOLOGICAL DATA (WS FORM: F-6)
STATION: WEST PALM BEACH
MONTH: JULY
YEAR: 2023
LATITUDE: 26 40 N
LONGITUDE: 80 7 W
TEMPERATURE IN F: :PCPN: SNOW: WIND :SUNSHINE: SKY :PK WND
================================================================================
1 2 3 4 5 6A 6B 7 8 9 10 11 12 13 14 15 16 17 18
12Z AVG MX 2MIN
DY MAX MIN AVG DEP HDD CDD WTR SNW DPTH SPD SPD DIR MIN PSBL S-S WX SPD DR
================================================================================
1 91 77 84 2 0 19 0.00 0.0 0 7.4 18 50 M M 5 3 24 50
2 91 78 85 2 0 20 T 0.0 0 5.4 15 110 M M 5 3 22 120
3 91 79 85 2 0 20 0.05 0.0 0 4.6 18 190 M M 5 3 21 180
4 92 79 86 3 0 21 0.00 0.0 0 6.4 14 120 M M 5 M M
5 92 79 86 3 0 21 0.00 0.0 0 6.4 17 100 M M 5 13 22 100
6 97 76 87 4 0 22 0.01 0.0 0 4.9 23 290 M M 6 38 30 340
7 94 77 86 3 0 21 0.03 0.0 0 6.1 29 210 M M 7 13 32 210
8 89 75 82 -1 0 17 0.30 0.0 0 5.6 24 270 M M 7 138 30 270
9 94 75 85 2 0 20 0.27 0.0 0 5.0 23 260 M M 7 38 29 270
10 94 78 86 3 0 21 0.12 0.0 0 6.2 29 230 M M 6 13 35 220
11 93 78 86 3 0 21 0.00 0.0 0 6.9 15 130 M M 4 18 140
12 94 80 87 4 0 22 0.13 0.0 0 5.8 14 80 M M 5 3 16 10
13 93 72 83 0 0 18 1.81 0.0 0 5.2 49 240 M M 6 123 67 250
14 92 76 84 1 0 19 0.57 0.0 0 5.0 25 220 M M 5 3 29 220
15 91 77 84 1 0 19 0.33 0.0 0 4.0 23 260 M M 5 13 28 250
16 93 73 83 0 0 18 2.00 0.0 0 4.5 26 360 M M 6 13 32 320
17 89 77 83 0 0 18 0.41 M M 4.8 17 310 M M 8 13 20 320
18 92 76 84 1 0 19 0.33 0.0 0 3.1 18 130 M M 6 13 22 120
19 92 77 85 2 0 20 0.00 0.0 0 9.2 20 130 M M 6 3 24 140
20 91 77 84 1 0 19 1.18 0.0 0 6.4 16 130 M M 7 13 20 120
21 94 77 86 3 0 21 0.69 0.0 0 4.7 25 190 M M 4 13 34 190
22 95 75 85 2 0 20 0.32 0.0 0 6.5 32 250 M M 6 13 42 260
23 94 77 86 3 0 21 0.00 0.0 0 7.6 17 130 M M 5 3 20 140
24 94 77 86 3 0 21 0.00 0.0 0 5.4 25 320 M M 3 3 31 310
25 92 78 85 2 0 20 T 0.0 0 5.4 17 340 M M 5 20 340
26 90 78 84 1 0 19 T 0.0 0 6.9 26 100 M M 6 3 34 100
27 89 75 82 -1 0 17 1.10 0.0 0 6.9 18 180 M M 8 13 26 170
28 88 78 83 0 0 18 0.08 0.0 0 6.9 23 120 M M 7 38 26 120
29 91 79 85 2 0 20 T 0.0 0 6.8 15 130 M M 5 3 20 130
30 92 79 86 3 0 21 0.00 0.0 0 7.2 16 130 M M 5 21 140
31 93 75 84 0 0 19 1.81 0.0 0 5.8 24 20 M M 7 13 29 20
================================================================================
SM 2857 2384 0 612 11.54 0.0 183.0 M 177
================================================================================
AV 92.2 76.9 5.9 FASTST M M 6 MAX(MPH)
MISC ----> 49 240 67 250
================================================================================
NOTES:
# LAST OF SEVERAL OCCURRENCES
COLUMN 17 PEAK WIND IN M.P.H.
PRELIMINARY LOCAL CLIMATOLOGICAL DATA (WS FORM: F-6) , PAGE 2
STATION: WEST PALM BEACH
MONTH: JULY
YEAR: 2023
LATITUDE: 26 40 N
LONGITUDE: 80 7 W
[TEMPERATURE DATA] [PRECIPITATION DATA] SYMBOLS USED IN COLUMN 16
AVERAGE MONTHLY: 84.5 TOTAL FOR MONTH: 11.54 1 = FOG OR MIST
DPTR FM NORMAL: 1.4 DPTR FM NORMAL: 5.91 2 = FOG REDUCING VISIBILITY
HIGHEST: 97 ON 6 GRTST 24HR 2.41 ON 16-17 TO 1/4 MILE OR LESS
LOWEST: 72 ON 13 3 = THUNDER
SNOW, ICE PELLETS, HAIL 4 = ICE PELLETS
TOTAL MONTH: 0.0 INCH 5 = HAIL
GRTST 24HR 0.0 6 = FREEZING RAIN OR DRIZZLE
GRTST DEPTH: 0 7 = DUSTSTORM OR SANDSTORM:
VSBY 1/2 MILE OR LESS
8 = SMOKE OR HAZE
[NO. OF DAYS WITH] [WEATHER - DAYS WITH] 9 = BLOWING SNOW
X = TORNADO
MAX 32 OR BELOW: 0 0.01 INCH OR MORE: 19
MAX 90 OR ABOVE: 27 0.10 INCH OR MORE: 15
MIN 32 OR BELOW: 0 0.50 INCH OR MORE: 7
MIN 0 OR BELOW: 0 1.00 INCH OR MORE: 5
[HDD (BASE 65) ]
TOTAL THIS MO. 0 CLEAR (SCALE 0-3) 1
DPTR FM NORMAL 0 PTCLDY (SCALE 4-7) 30
TOTAL FM JUL 1 0 CLOUDY (SCALE 8-10) 0
DPTR FM NORMAL 0
[CDD (BASE 65) ]
TOTAL THIS MO. 612
DPTR FM NORMAL 52 [PRESSURE DATA]
TOTAL FM JAN 1 2797 HIGHEST SLP 30.19 ON 24
DPTR FM NORMAL 550 LOWEST SLP 29.93 ON 6
[REMARKS]
#FINAL-07-23#