000
CXUS56 KPDT 011810
CF6PDT
PRELIMINARY LOCAL CLIMATOLOGICAL DATA (WS FORM: F-6)
STATION: PENDLETON OR
MONTH: MAY
YEAR: 2023
LATITUDE: 45 40 N
LONGITUDE: 118 51 W
TEMPERATURE IN F: :PCPN: SNOW: WIND :SUNSHINE: SKY :PK WND
================================================================================
1 2 3 4 5 6A 6B 7 8 9 10 11 12 13 14 15 16 17 18
12Z AVG MX 2MIN
DY MAX MIN AVG DEP HDD CDD WTR SNW DPTH SPD SPD DIR MIN PSBL S-S WX SPD DR
================================================================================
1 64 47 56 2 9 0 T 0.0 0 9.1 18 290 M M 1 29 280
2 68 42 55 1 10 0 0.00 0.0 0 5.1 14 150 M M 0 15 150
3 82 48 65 11 0 0 0.00 0.0 0 5.0 13 270 M M 0 21 10
4 72 51 62 7 3 0 0.02 0.0 0 9.3 23 280 M M 3 30 290
5 54 49 52 -3 13 0 0.02 0.0 0 13.8 25 240 M M 10 36 240
6 67 49 58 3 7 0 T 0.0 0 8.4 20 250 M M 7 29 260
7 61 42 52 -4 13 0 0.00 0.0 0 9.6 21 250 M M 6 27 270
8 70 39 55 -1 10 0 0.19 0.0 0 6.3 26 140 M M 6 38 33 140
9 66 47 57 1 8 0 T 0.0 0 6.7 17 260 M M 7 23 260
10 72 40 56 -1 9 0 0.00 0.0 0 4.9 12 150 M M 0 15 340
11 76 44 60 3 5 0 0.00 0.0 0 7.3 14 150 M M 0 18 30
12 82 46 64 7 1 0 0.00 0.0 0 8.1 15 30 M M 0 22 20
13 85 51 68 11 0 3 0.00 0.0 0 10.3 23 20 M M 0 31 70
14 87 52 70 12 0 5 0.00 0.0 0 8.3 16 150 M M 1 22 30
15 83 60 72 14 0 7 0.17 0.0 0 6.9 32 220 M M 3 3 44 220
16 83 61 72 14 0 7 T 0.0 0 7.0 16 210 M M 5 19 210
17 82 58 70 12 0 5 T 0.0 0 5.8 13 10 M M 2 17 30
18 87 56 72 13 0 7 0.00 0.0 0 6.2 12 130 M M 0 15 300
19 92 60 76 17 0 11 0.00 0.0 0 7.4 32 250 M M 0 43 240
20 93 62 78 19 0 13 0.05 0.0 0 7.5 38 230 M M 1 3 50 220
21 81 53 67 8 0 2 T 0.0 0 16.2 32 260 M M 2 44 250
22 68 44 56 -4 9 0 0.00 0.0 0 16.5 29 240 M M 2 38 290
23 70 39 55 -5 10 0 0.00 0.0 0 5.2 15 280 M M 0 20 330
24 75 42 59 -1 6 0 0.00 0.0 0 7.4 14 290 M M 0 20 250
25 79 43 61 1 4 0 0.00 0.0 0 6.8 17 350 M M 0 23 20
26 80 46 63 3 2 0 0.00 0.0 0 5.1 15 280 M M 0 20 270
27 80 52 66 5 0 1 0.00 0.0 0 5.9 14 250 M M 2 18 250
28 84 52 68 7 0 3 0.00 0.0 0 5.4 16 300 M M 0 21 270
29 85 51 68 7 0 3 0.00 0.0 0 8.5 16 270 M M 0 25 280
30 82 52 67 6 0 2 0.00 0.0 0 10.7 22 260 M M 0 30 260
31 73 49 61 0 4 0 0.00 0.0 0 12.1 22 290 M M 0 34 260
================================================================================
SM 2383 1527 123 69 0.45 0.0 252.8 M 58
================================================================================
AV 76.9 49.3 8.2 FASTST M M 2 MAX(MPH)
MISC ----> 38 230 50 220
================================================================================
NOTES:
# LAST OF SEVERAL OCCURRENCES
COLUMN 17 PEAK WIND IN M.P.H.
PRELIMINARY LOCAL CLIMATOLOGICAL DATA (WS FORM: F-6) , PAGE 2
STATION: PENDLETON OR
MONTH: MAY
YEAR: 2023
LATITUDE: 45 40 N
LONGITUDE: 118 51 W
[TEMPERATURE DATA] [PRECIPITATION DATA] SYMBOLS USED IN COLUMN 16
AVERAGE MONTHLY: 63.1 TOTAL FOR MONTH: 0.45 1 = FOG OR MIST
DPTR FM NORMAL: 5.2 DPTR FM NORMAL: -1.00 2 = FOG REDUCING VISIBILITY
HIGHEST: 93 ON 20 GRTST 24HR 0.19 ON 8- 8 TO 1/4 MILE OR LESS
LOWEST: 39 ON 23, 8 3 = THUNDER
SNOW, ICE PELLETS, HAIL 4 = ICE PELLETS
TOTAL MONTH: 0.0 INCH 5 = HAIL
GRTST 24HR 0.0 6 = FREEZING RAIN OR DRIZZLE
GRTST DEPTH: 0 7 = DUSTSTORM OR SANDSTORM:
VSBY 1/2 MILE OR LESS
8 = SMOKE OR HAZE
[NO. OF DAYS WITH] [WEATHER - DAYS WITH] 9 = BLOWING SNOW
X = TORNADO
MAX 32 OR BELOW: 0 0.01 INCH OR MORE: 5
MAX 90 OR ABOVE: 2 0.10 INCH OR MORE: 2
MIN 32 OR BELOW: 0 0.50 INCH OR MORE: 0
MIN 0 OR BELOW: 0 1.00 INCH OR MORE: 0
[HDD (BASE 65) ]
TOTAL THIS MO. 123 CLEAR (SCALE 0-3) 25
DPTR FM NORMAL -115 PTCLDY (SCALE 4-7) 5
TOTAL FM JUL 1 4999 CLOUDY (SCALE 8-10) 1
DPTR FM NORMAL -255
[CDD (BASE 65) ]
TOTAL THIS MO. 69
DPTR FM NORMAL 49 [PRESSURE DATA]
TOTAL FM JAN 1 71 HIGHEST SLP 30.23 ON 13
DPTR FM NORMAL 50 LOWEST SLP 29.54 ON 3
[REMARKS]
#FINAL-05-23#