000
CXUS56 KPDT 060948
CF6PDT
PRELIMINARY LOCAL CLIMATOLOGICAL DATA (WS FORM: F-6)
STATION: PENDLETON OR
MONTH: OCTOBER
YEAR: 2023
LATITUDE: 45 40 N
LONGITUDE: 118 51 W
TEMPERATURE IN F: :PCPN: SNOW: WIND :SUNSHINE: SKY :PK WND
================================================================================
1 2 3 4 5 6A 6B 7 8 9 10 11 12 13 14 15 16 17 18
12Z AVG MX 2MIN
DY MAX MIN AVG DEP HDD CDD WTR SNW DPTH SPD SPD DIR MIN PSBL S-S WX SPD DR
================================================================================
1 62 35 49 -9 16 0 0.00 0.0 0 5.9 12 160 M M 5 17 310
2 70 50 60 2 5 0 0.22 0.0 0 8.1 21 260 M M 6 12 27 270
3 70 54 62 5 3 0 0.10 0.0 0 7.5 17 290 M M 6 1 20 290
4 75 48 62 5 3 0 0.00 0.0 0 5.6 14 140 M M 0 21 260
5 79 49 64 8 1 0 0.00 0.0 0 6.2 16 20 M M 0 20 20
6 77 49 63 7 2 0 0.00 0.0 0 5.9 12 320 M M 0 16 310
7 80 48 64 9 1 0 0.00 0.0 0 4.9 12 50 M M 0 8 17 340
8 84 48 66 11 0 1 0.00 0.0 0 4.8 14 60 M M 0 17 150
9 79 50 65 11 0 0 T 0.0 0 5.0 24 290 M M 2 18 29 290
10 60 49 55 1 10 0 0.14 0.0 0 6.0 23 270 M M 8 1 29 270
11 60 46 53 -1 12 0 0.07 0.0 0 7.5 21 290 M M 8 24 290
12 65 44 55 2 10 0 0.00 0.0 0 4.9 12 40 M M 5 13 50
13 74 41 58 5 7 0 T 0.0 0 6.3 20 260 M M 1 25 260
14 71 50 61 9 4 0 T 0.0 0 4.8 14 300 M M 7 17 290
15 75 50 63 11 2 0 0.00 0.0 0 5.3 16 20 M M 4 8 20 10
16 64 44 54 3 11 0 0.02 0.0 0 5.7 20 260 M M 3 26 260
17 67 49 58 7 7 0 0.00 0.0 0 6.6 17 260 M M 4 8 22 260
18 75 43 59 9 6 0 0.00 0.0 0 4.2 10 140 M M 0 8 12 310
19 80 48 64 14 1 0 0.00 0.0 0 6.0 13 150 M M 0 8 14 140
20 75 50 63 13 2 0 0.00 0.0 0 4.7 12 310 M M 0 8 15 300
21 75 45 60 11 5 0 0.00 0.0 0 5.2 13 60 M M 0 8 15 50
22 67 48 58 9 7 0 0.03 0.0 0 3.7 10 310 M M 5 8 14 320
23 63 46 55 7 10 0 0.00 0.0 0 14.3 29 260 M M 5 38 270
24 53 41 47 -1 18 0 0.48 0.0 0 8.5 16 260 M M 7 12 23 250
25 54 37 46 -2 19 0 0.14 0.0 0 9.3 23 270 M M 8 1 31 270
26 48 37 43 -4 22 0 0.05 0.0 0 4.1 17 10 M M 10 1 22 10
27 44 28 36 -11 29 0 0.01 0.0 0 6.2 13 350 M M 7 1 15 350
28 44 23 34 -13 31 0 0.00 0.0 0 4.3 10 70 M M 0 1 12 330
29 46 24 35 -11 30 0 0.00 0.0 0 4.7 9 160 M M 0 10 280
30 49 23 36 -10 29 0 0.00 0.0 0 4.7 12 60 M M 0 1 14 60
31 48 25 37 -9 28 0 0.00 0.0 0 3.4 8 290 M M 0 18 10 30
================================================================================
SM 2033 1322 331 1 1.26 0.0 184.3 M 101
================================================================================
AV 65.6 42.6 5.9 FASTST M M 3 MAX(MPH)
MISC ----> 29 260 38 270
================================================================================
NOTES:
# LAST OF SEVERAL OCCURRENCES
COLUMN 17 PEAK WIND IN M.P.H.
PRELIMINARY LOCAL CLIMATOLOGICAL DATA (WS FORM: F-6) , PAGE 2
STATION: PENDLETON OR
MONTH: OCTOBER
YEAR: 2023
LATITUDE: 45 40 N
LONGITUDE: 118 51 W
[TEMPERATURE DATA] [PRECIPITATION DATA] SYMBOLS USED IN COLUMN 16
AVERAGE MONTHLY: 54.1 TOTAL FOR MONTH: 1.26 1 = FOG OR MIST
DPTR FM NORMAL: 2.6 DPTR FM NORMAL: 0.17 2 = FOG REDUCING VISIBILITY
HIGHEST: 84 ON 8 GRTST 24HR 0.58 ON 24-25 TO 1/4 MILE OR LESS
LOWEST: 23 ON 30,28 3 = THUNDER
SNOW, ICE PELLETS, HAIL 4 = ICE PELLETS
TOTAL MONTH: 0.0 INCH 5 = HAIL
GRTST 24HR 0.0 6 = FREEZING RAIN OR DRIZZLE
GRTST DEPTH: 0 7 = DUSTSTORM OR SANDSTORM:
VSBY 1/2 MILE OR LESS
8 = SMOKE OR HAZE
[NO. OF DAYS WITH] [WEATHER - DAYS WITH] 9 = BLOWING SNOW
X = TORNADO
MAX 32 OR BELOW: 0 0.01 INCH OR MORE: 10
MAX 90 OR ABOVE: 0 0.10 INCH OR MORE: 5
MIN 32 OR BELOW: 5 0.50 INCH OR MORE: 0
MIN 0 OR BELOW: 0 1.00 INCH OR MORE: 0
[HDD (BASE 65) ]
TOTAL THIS MO. 331 CLEAR (SCALE 0-3) 15
DPTR FM NORMAL -92 PTCLDY (SCALE 4-7) 15
TOTAL FM JUL 1 425 CLOUDY (SCALE 8-10) 1
DPTR FM NORMAL -127
[CDD (BASE 65) ]
TOTAL THIS MO. 1
DPTR FM NORMAL -2 [PRESSURE DATA]
TOTAL FM JAN 1 941 HIGHEST SLP 30.62 ON 29
DPTR FM NORMAL 304 LOWEST SLP 29.53 ON 10
[REMARKS]
#FINAL-10-23#