000
CXUS54 KMAF 011110
CF6PEQ
PRELIMINARY LOCAL CLIMATOLOGICAL DATA (WS FORM: F-6)
STATION: PECOS MUNICIPAL AIRPORT
MONTH: JULY
YEAR: 2023
LATITUDE: 31 22 N
LONGITUDE: 103 31 W
TEMPERATURE IN F: :PCPN: SNOW: WIND :SUNSHINE: SKY :PK WND
================================================================================
1 2 3 4 5 6A 6B 7 8 9 10 11 12 13 14 15 16 17 18
12Z AVG MX 2MIN
DY MAX MIN AVG DEP HDD CDD WTR SNW DPTH SPD SPD DIR MIN PSBL S-S WX SPD DR
================================================================================
1 98 74 86 M 0 21 M M M 9.1 38 110 M M 1 43 110
2 97 69 83 M 0 18 M M M 5.0 16 80 M M 0 23 140
3 98 70 84 M 0 19 M M M 5.1 23 340 M M 1 8 45 0
4 99 71 85 M 0 20 M M M 4.8 18 110 M M 0 26 110
5 103 73 88 M 0 23 M M M 6.9 18 90 M M 0 26 70
6 100 77 89 M 0 24 M M M 13.7 20 100 M M 0 26 100
7 102 73 88 M 0 23 M M M 11.9 25 110 M M 0 29 110
8 103 74 89 M 0 24 M M M 14.2 22 70 M M 1 29 70
9 106 79 93 M 0 28 M M M 5.4 17 100 M M 0 30 100
10 107 79 93 M 0 28 M M M 8.8 29 210 M M 1 8 33 210
11 109 79 94 M 0 29 M M M 3.6 20 200 M M 1 8 25 200
12 111 78 95 M 0 30 M M M 8.1 22 130 M M 1 29 150
13 109 83 96 M 0 31 M M M 4.9 16 130 M M 1 30 0
14 109 78 94 M 0 29 M M M 7.1 16 130 M M 1 23 120
15 105 81 93 M 0 28 M M M 9.8 18 100 M M 0 28 90
16 104 76 90 M 0 25 M M M 10.4 21 50 M M 0 30 50
17 107 73 90 M 0 25 M M M 6.7 14 120 M M 0 21 50
18 110 69 90 M 0 25 M M M 5.9 15 130 M M 0 8 21 0
19 110 73 92 M 0 27 M M M 6.6 17 100 M M 0 24 100
20 104 75 90 M 0 25 M M M 9.9 21 100 M M 0 25 100
21 104 72 88 M 0 23 M M M 7.6 22 90 M M 0 25 90
22 100 77 89 M 0 24 M M M 7.3 16 60 M M 0 24 60
23 103 78 91 M 0 26 M M M 3.2 8 350 M M 1 18 110
24 104 73 89 M 0 24 M M M 5.1 13 110 M M 0 23 110
25 102 71 87 M 0 22 M M M 7.1 16 90 M M 0 8 25 110
26 103 72 88 M 0 23 M M M 8.3 18 90 M M 0 25 100
27 102 72 87 M 0 22 M M M 10.9 20 110 M M 0 8 26 130
28 101 72 87 M 0 22 M M M 8.4 18 110 M M 0 25 90
29 101 76 89 M 0 24 M M M 6.3 16 80 M M 0 23 130
30 99 70 85 M 0 20 M M M 7.2 17 100 M M 1 25 100
31 101 76 89 M 0 24 M M M 3.1 17 160 M M 1 16 160
================================================================================
SM 3211 2313 0 756 M M 232.5 M 11
================================================================================
AV103.6 74.6 7.5 FASTST M M 0 MAX(MPH)
MISC ----> 38 110 45 0
================================================================================
NOTES:
# LAST OF SEVERAL OCCURRENCES
COLUMN 17 PEAK WIND IN M.P.H.
PRELIMINARY LOCAL CLIMATOLOGICAL DATA (WS FORM: F-6) , PAGE 2
STATION: PECOS MUNICIPAL AIRPORT
MONTH: JULY
YEAR: 2023
LATITUDE: 31 22 N
LONGITUDE: 103 31 W
[TEMPERATURE DATA] [PRECIPITATION DATA] SYMBOLS USED IN COLUMN 16
AVERAGE MONTHLY: 89.1 TOTAL FOR MONTH: M 1 = FOG OR MIST
DPTR FM NORMAL: 0.0 DPTR FM NORMAL: M 2 = FOG REDUCING VISIBILITY
HIGHEST: 111 ON 12 GRTST 24HR M ON M TO 1/4 MILE OR LESS
LOWEST: 69 ON 18, 2 3 = THUNDER
SNOW, ICE PELLETS, HAIL 4 = ICE PELLETS
TOTAL MONTH: M 5 = HAIL
GRTST 24HR M ON M 6 = FREEZING RAIN OR DRIZZLE
GRTST DEPTH: M ON M 7 = DUSTSTORM OR SANDSTORM:
VSBY 1/2 MILE OR LESS
8 = SMOKE OR HAZE
[NO. OF DAYS WITH] [WEATHER - DAYS WITH] 9 = BLOWING SNOW
X = TORNADO
MAX 32 OR BELOW: 0 0.01 INCH OR MORE: 0
MAX 90 OR ABOVE: 31 0.10 INCH OR MORE: 0
MIN 32 OR BELOW: 0 0.50 INCH OR MORE: 0
MIN 0 OR BELOW: 0 1.00 INCH OR MORE: 0
[HDD (BASE 65) ]
TOTAL THIS MO. 0 CLEAR (SCALE 0-3) 31
DPTR FM NORMAL M PTCLDY (SCALE 4-7) 0
TOTAL FM JUL 1 0 CLOUDY (SCALE 8-10) 0
DPTR FM NORMAL M
[CDD (BASE 65) ]
TOTAL THIS MO. 756
DPTR FM NORMAL M [PRESSURE DATA]
TOTAL FM JAN 1 1815 HIGHEST SLP M ON M
DPTR FM NORMAL M LOWEST SLP M ON M
[REMARKS]
#FINAL-07-23#