000
CXUS54 KMAF 011210
CF6PEQ
PRELIMINARY LOCAL CLIMATOLOGICAL DATA (WS FORM: F-6)
STATION: PECOS MUNICIPAL AIRPORT
MONTH: FEBRUARY
YEAR: 2024
LATITUDE: 31 22 N
LONGITUDE: 103 31 W
TEMPERATURE IN F: :PCPN: SNOW: WIND :SUNSHINE: SKY :PK WND
================================================================================
1 2 3 4 5 6A 6B 7 8 9 10 11 12 13 14 15 16 17 18
12Z AVG MX 2MIN
DY MAX MIN AVG DEP HDD CDD WTR SNW DPTH SPD SPD DIR MIN PSBL S-S WX SPD DR
================================================================================
1 M M M M M M M M M M M M M M M M M
2 M M M M M M M M M M M M M M M M M
3 M M M M M M M M M M M M M M M M M
4 M M M M M M M M M M M M M M M M M
5 M M M M M M M M M M M M M M M M M
6 M M M M M M M M M M M M M M M M M
7 M M M M M M M M M M M M M M M M M
8 M M M M M M M M M M M M M M M M M
9 M M M M M M M M M M M M M M M M M
10 M M M M M M M M M M M M M M M M M
11 M M M M M M M M M M M M M M M M M
12 62 49 56 M 9 0 M M M 4.8 10 290 M M 0 17 280
13 68 33 51 M 14 0 M M M 3.9 8 50 M M 0 M M
14 76 29 53 M 12 0 M M M 7.0 20 270 M M 0 25 260
15 73 36 55 M 10 0 M M M 5.3 12 100 M M 0 17 240
16 72 41 57 M 8 0 M M M 8.1 18 60 M M 0 25 50
17 41 32 37 M 28 0 M M M 10.0 18 50 M M 8 22 50
18 58 29 44 M 21 0 M M M 4.3 9 100 M M 0 M M
19 79 29 54 M 11 0 M M M 3.0 14 250 M M 0 24 0
20 85 39 62 M 3 0 M M M 6.5 16 250 M M 0 24 240
21 92 39 66 M 0 1 M M M 7.5 22 280 M M 1 8 28 280
22 76 46 61 M 4 0 M M M 7.7 14 220 M M 0 17 310
23 68 39 54 M 11 0 M M M 5.2 8 120 M M 0 M M
24 78 37 58 M 7 0 M M M 2.6 10 240 M M 0 M M
25 89 52 71 M 0 6 M M M 11.3 23 280 M M 0 28 280
26 91 53 72 M 0 7 M M M 6.9 17 270 M M 0 26 280
27 84 58 71 M 0 6 M M M 12.7 29 260 M M 0 8 39 250
28 71 44 58 M 7 0 M M M 11.2 23 40 M M 3 8 30 40
29 51 35 43 M 22 0 0.06 M M 3.8 15 50 M M 6 M M
================================================================================
SM 1314 720 167 20 0.06 M 121.8 M 18
================================================================================
AV 73.0 40.0 6.8 FASTST M M 1 MAX(MPH)
MISC ----> 29 260 39 250
================================================================================
NOTES:
# LAST OF SEVERAL OCCURRENCES
COLUMN 17 PEAK WIND IN M.P.H.
PRELIMINARY LOCAL CLIMATOLOGICAL DATA (WS FORM: F-6) , PAGE 2
STATION: PECOS MUNICIPAL AIRPORT
MONTH: FEBRUARY
YEAR: 2024
LATITUDE: 31 22 N
LONGITUDE: 103 31 W
[TEMPERATURE DATA] [PRECIPITATION DATA] SYMBOLS USED IN COLUMN 16
AVERAGE MONTHLY: 56.5 TOTAL FOR MONTH: 0.06 1 = FOG OR MIST
DPTR FM NORMAL: 0.0 DPTR FM NORMAL: M 2 = FOG REDUCING VISIBILITY
HIGHEST: 92 ON 21 GRTST 24HR 0.06 ON 29-29 TO 1/4 MILE OR LESS
LOWEST: 29 ON 19,18 3 = THUNDER
SNOW, ICE PELLETS, HAIL 4 = ICE PELLETS
TOTAL MONTH: M 5 = HAIL
GRTST 24HR M ON M 6 = FREEZING RAIN OR DRIZZLE
GRTST DEPTH: M ON M 7 = DUSTSTORM OR SANDSTORM:
VSBY 1/2 MILE OR LESS
8 = SMOKE OR HAZE
[NO. OF DAYS WITH] [WEATHER - DAYS WITH] 9 = BLOWING SNOW
X = TORNADO
MAX 32 OR BELOW: 0 0.01 INCH OR MORE: 1
MAX 90 OR ABOVE: 2 0.10 INCH OR MORE: 0
MIN 32 OR BELOW: 4 0.50 INCH OR MORE: 0
MIN 0 OR BELOW: 0 1.00 INCH OR MORE: 0
[HDD (BASE 65) ]
TOTAL THIS MO. 167 CLEAR (SCALE 0-3) 16
DPTR FM NORMAL M PTCLDY (SCALE 4-7) 2
TOTAL FM JUL 1 1511 CLOUDY (SCALE 8-10) 11
DPTR FM NORMAL M
[CDD (BASE 65) ]
TOTAL THIS MO. 20
DPTR FM NORMAL M [PRESSURE DATA]
TOTAL FM JAN 1 20 HIGHEST SLP M ON M
DPTR FM NORMAL M LOWEST SLP M ON M
[REMARKS]
#FINAL-02-24#