000
CXUS52 KTBW 011223
CF6PGD
PRELIMINARY LOCAL CLIMATOLOGICAL DATA (WS FORM: F-6)
STATION: PUNTA GORDA
MONTH: APRIL
YEAR: 2021
LATITUDE: 26 55 N
LONGITUDE: 82 0 W
TEMPERATURE IN F: :PCPN: SNOW: WIND :SUNSHINE: SKY :PK WND
================================================================================
1 2 3 4 5 6A 6B 7 8 9 10 11 12 13 14 15 16 17 18
12Z AVG MX 2MIN
DY MAX MIN AVG DEP HDD CDD WTR SNW DPTH SPD SPD DIR MIN PSBL S-S WX SPD DR
================================================================================
1 85 57 71 1 0 6 0.13 0.0 0 8.0 24 360 M M 5 123 28 10
2 76 49 63 -7 2 0 0.00 0.0 0 14.9 23 30 M M 0 31 30
3 78 46 62 -8 3 0 0.00 0.0 0 12.5 23 70 M M 3 28 70
4 81 53 67 -3 0 2 0.00 0.0 0 9.2 18 100 M M 3 25 80
5 83 52 68 -2 0 3 0.00 0.0 0 7.0 15 70 M M 2 20 80
6 84 50 67 -4 0 2 0.00 0.0 0 5.2 15 70 M M 1 20 300
7 86 53 70 -1 0 5 0.00 0.0 0 4.9 17 230 M M 2 21 140
8 85 55 70 -1 0 5 0.00 0.0 0 6.5 16 240 M M 1 19 240
9 89 58 74 3 0 9 0.00 0.0 0 8.6 20 240 M M 1 24 230
10 89 55 72 1 0 7 0.17 0.0 0 10.6 32 340 M M 3 13 40 320
11 85 64 75 4 0 10 1.71 0.0 0 11.5 25 230 M M 4 13 32 240
12 86 67 77 6 0 12 0.02 0.0 0 7.4 15 260 M M 5 1 19 290
13 92 56 74 3 0 9 0.00 0.0 0 4.4 14 20 M M 0 17 30
14 90 61 76 4 0 11 0.00 0.0 0 6.7 17 150 M M 1 12 23 120
15 85 64 75 3 0 10 0.00 0.0 0 8.5 18 260 M M 2 1 23 220
16 85 63 74 2 0 9 0.00 0.0 0 5.8 15 240 M M 3 12 20 240
17 86 67 77 5 0 12 0.00 0.0 0 9.2 18 230 M M 2 18 25 220
18 89 65 77 5 0 12 0.00 0.0 0 8.6 20 220 M M 3 12 24 250
19 86 73 80 8 0 15 0.16 0.0 0 9.2 20 230 M M 6 13 26 220
20 83 71 77 5 0 12 0.57 0.0 0 9.2 30 200 M M 7 1 40 200
21 86 68 77 5 0 12 0.13 0.0 0 6.1 16 330 M M 6 13 20 330
22 88 64 76 3 0 11 0.00 0.0 0 8.9 17 50 M M 0 21 50
23 88 60 74 1 0 9 0.00 0.0 0 10.4 17 120 M M 2 1 23 120
24 91 69 80 7 0 15 0.00 0.0 0 12.2 23 220 M M 2 28 220
25 88 73 81 8 0 16 0.00 0.0 0 10.7 21 270 M M 4 26 260
26 92 62 77 4 0 12 0.00 0.0 0 7.6 17 110 M M 1 22 80
27 90 60 75 1 0 10 0.00 0.0 0 8.6 18 110 M M 2 23 140
28 90 60 75 1 0 10 0.00 0.0 0 7.4 17 130 M M 1 1 22 120
29 91 62 77 3 0 12 0.00 0.0 0 7.7 20 250 M M 2 1 24 240
30 90 69 80 6 0 15 0.00 0.0 0 7.5 17 240 M M 2 1 22 250
================================================================================
SM 2597 1826 5 273 2.89 0.0 255.0 M 76
================================================================================
AV 86.6 60.9 8.5 FASTST M M 3 MAX(MPH)
MISC ----> 32 340 # 40 320
================================================================================
NOTES:
# LAST OF SEVERAL OCCURRENCES
COLUMN 17 PEAK WIND IN M.P.H.
PRELIMINARY LOCAL CLIMATOLOGICAL DATA (WS FORM: F-6) , PAGE 2
STATION: PUNTA GORDA
MONTH: APRIL
YEAR: 2021
LATITUDE: 26 55 N
LONGITUDE: 82 0 W
[TEMPERATURE DATA] [PRECIPITATION DATA] SYMBOLS USED IN COLUMN 16
AVERAGE MONTHLY: 73.7 TOTAL FOR MONTH: 2.89 1 = FOG OR MIST
DPTR FM NORMAL: 1.9 DPTR FM NORMAL: 0.46 2 = FOG REDUCING VISIBILITY
HIGHEST: 92 ON 26,13 GRTST 24HR 1.73 ON 11-12 TO 1/4 MILE OR LESS
LOWEST: 46 ON 3 3 = THUNDER
SNOW, ICE PELLETS, HAIL 4 = ICE PELLETS
TOTAL MONTH: 0.0 INCH 5 = HAIL
GRTST 24HR 0.0 6 = FREEZING RAIN OR DRIZZLE
GRTST DEPTH: 0 7 = DUSTSTORM OR SANDSTORM:
VSBY 1/2 MILE OR LESS
8 = SMOKE OR HAZE
[NO. OF DAYS WITH] [WEATHER - DAYS WITH] 9 = BLOWING SNOW
X = TORNADO
MAX 32 OR BELOW: 0 0.01 INCH OR MORE: 7
MAX 90 OR ABOVE: 8 0.10 INCH OR MORE: 6
MIN 32 OR BELOW: 0 0.50 INCH OR MORE: 2
MIN 0 OR BELOW: 0 1.00 INCH OR MORE: 1
[HDD (BASE 65) ]
TOTAL THIS MO. 5 CLEAR (SCALE 0-3) 21
DPTR FM NORMAL -2 PTCLDY (SCALE 4-7) 9
TOTAL FM JUL 1 289 CLOUDY (SCALE 8-10) 0
DPTR FM NORMAL -103
[CDD (BASE 65) ]
TOTAL THIS MO. 273
DPTR FM NORMAL 60 [PRESSURE DATA]
TOTAL FM JAN 1 683 HIGHEST SLP 30.35 ON 3
DPTR FM NORMAL 193 LOWEST SLP 29.76 ON 12
[REMARKS]
#FINAL-04-21#