000
CXUS52 KTBW 011000
CF6PGD
PRELIMINARY LOCAL CLIMATOLOGICAL DATA (WS FORM: F-6)
STATION: Punta Gorda
MONTH: AUGUST
YEAR: 2020
LATITUDE: 26 55 N
LONGITUDE: 82 0 W
TEMPERATURE IN F: :PCPN: SNOW: WIND :SUNSHINE: SKY :PK WND
================================================================================
1 2 3 4 5 6A 6B 7 8 9 10 11 12 13 14 15 16 17 18
12Z AVG MX 2MIN
DY MAX MIN AVG DEP HDD CDD WTR SNW DPTH SPD SPD DIR MIN PSBL S-S WX SPD DR
================================================================================
1 95 75 85 2 0 20 0.00 0.0 0 9.8 30 100 M M 2 1 40 100
2 93 75 84 1 0 19 0.08 0.0 0 8.6 21 20 M M 4 1 27 80
3 94 76 85 2 0 20 0.00 0.0 0 4.6 13 260 M M 1 21 220
4 94 77 86 3 0 21 0.00 0.0 0 4.9 15 240 M M 3 13 20 240
5 92 75 84 1 0 19 1.26 0.0 0 6.9 29 100 M M 2 13 34 100
6 93 75 84 1 0 19 T 0.0 0 6.6 14 230 M M 1 17 230
7 93 75 84 1 0 19 0.09 0.0 0 5.2 21 110 M M 3 3 29 110
8 97 74 86 3 0 21 T 0.0 0 4.4 24 170 M M 1 13 32 170
9 97 75 86 3 0 21 T 0.0 0 5.8 36 160 M M 2 3 44 160
10 96 75 86 3 0 21 1.66 0.0 0 5.5 36 130 M M 4 13 46 130
11 94 76 85 2 0 20 0.52 0.0 0 4.9 17 320 M M 1 138 22 40
12 96 74 85 2 0 20 0.71 0.0 0 4.1 17 210 M M 2 3 20 200
13 94 74 84 1 0 19 0.90 0.0 0 5.7 28 360 M M 1 138 33 10
14 93 75 84 1 0 19 0.03 0.0 0 3.3 29 120 M M 2 13 36 120
15 92 76 84 1 0 19 0.09 0.0 0 4.8 18 270 M M 2 13 20 280
16 92 79 86 3 0 21 0.32 0.0 0 3.3 18 270 M M 2 13 22 260
17 92 78 85 2 0 20 T 0.0 0 5.7 16 120 M M 1 3 23 230
18 91 75 83 0 0 18 0.01 0.0 0 6.5 16 220 M M 1 3 20 220
19 88 75 82 -1 0 17 0.08 0.0 0 4.8 16 220 M M 2 13 21 220
20 92 75 84 1 0 19 0.02 0.0 0 7.3 20 140 M M 1 13 25 290
21 92 74 83 0 0 18 1.09 0.0 0 6.8 22 160 M M 2 13 30 160
22 89 75 82 -1 0 17 0.62 0.0 0 6.8 20 180 M M 4 13 23 170
23 93 75 84 1 0 19 0.32 0.0 0 9.8 25 110 M M 1 138 31 110
24 93 78 86 3 0 21 0.21 0.0 0 10.3 30 160 M M 3 13 36 170
25 96 79 88 5 0 23 T 0.0 0 11.8 22 150 M M 1 27 110
26 94 76 85 2 0 20 0.36 0.0 0 6.2 36 120 M M 2 13 43 120
27 93 77 85 2 0 20 0.13 0.0 0 6.4 21 170 M M 2 13 24 170
28 93 78 86 3 0 21 0.05 0.0 0 5.8 17 230 M M 2 13 20 230
29 93 79 86 3 0 21 0.00 0.0 0 5.7 16 240 M M 2 3 19 200
30 92 76 84 1 0 19 0.94 0.0 0 7.1 22 350 M M 4 13 27 350
31 92 76 84 1 0 19 0.12 0.0 0 6.1 20 280 M M 2 3 24 280
================================================================================
SM 2888 2352 0 610 9.61 0.0 195.5 M 63
================================================================================
AV 93.2 75.9 6.3 FASTST M M 2 MAX(MPH)
MISC ----> # 36 160 # 46 130
================================================================================
NOTES:
# LAST OF SEVERAL OCCURRENCES
COLUMN 17 PEAK WIND IN M.P.H.
PRELIMINARY LOCAL CLIMATOLOGICAL DATA (WS FORM: F-6) , PAGE 2
STATION: Punta Gorda
MONTH: AUGUST
YEAR: 2020
LATITUDE: 26 55 N
LONGITUDE: 82 0 W
[TEMPERATURE DATA] [PRECIPITATION DATA] SYMBOLS USED IN COLUMN 16
AVERAGE MONTHLY: 84.5 TOTAL FOR MONTH: 9.61 1 = FOG OR MIST
DPTR FM NORMAL: 1.5 DPTR FM NORMAL: 1.00 2 = FOG REDUCING VISIBILITY
HIGHEST: 97 ON 9, 8 GRTST 24HR 1.66 ON 10-10 TO 1/4 MILE OR LESS
LOWEST: 74 ON 21,13 3 = THUNDER
SNOW, ICE PELLETS, HAIL 4 = ICE PELLETS
TOTAL MONTH: 0.0 INCH 5 = HAIL
GRTST 24HR 0.0 6 = FREEZING RAIN OR DRIZZLE
GRTST DEPTH: 0 7 = DUSTSTORM OR SANDSTORM:
VSBY 1/2 MILE OR LESS
8 = SMOKE OR HAZE
[NO. OF DAYS WITH] [WEATHER - DAYS WITH] 9 = BLOWING SNOW
X = TORNADO
MAX 32 OR BELOW: 0 0.01 INCH OR MORE: 22
MAX 90 OR ABOVE: 29 0.10 INCH OR MORE: 14
MIN 32 OR BELOW: 0 0.50 INCH OR MORE: 8
MIN 0 OR BELOW: 0 1.00 INCH OR MORE: 3
[HDD (BASE 65) ]
TOTAL THIS MO. 0 CLEAR (SCALE 0-3) 27
DPTR FM NORMAL 0 PTCLDY (SCALE 4-7) 4
TOTAL FM JUL 1 0 CLOUDY (SCALE 8-10) 0
DPTR FM NORMAL 0
[CDD (BASE 65) ]
TOTAL THIS MO. 610
DPTR FM NORMAL 54 [PRESSURE DATA]
TOTAL FM JAN 1 2977 HIGHEST SLP 30.18 ON 8
DPTR FM NORMAL 489 LOWEST SLP 29.81 ON 2
[REMARKS]
#FINAL-08-20#