000
CXUS51 KPHI 010815
CF6PHL
PRELIMINARY LOCAL CLIMATOLOGICAL DATA (WS FORM: F-6)
STATION: PHILADELPHIA PA
MONTH: AUGUST
YEAR: 2021
LATITUDE: 39 52 N
LONGITUDE: 75 15 W
TEMPERATURE IN F: :PCPN: SNOW: WIND :SUNSHINE: SKY :PK WND
================================================================================
1 2 3 4 5 6A 6B 7 8 9 10 11 12 13 14 15 16 17 18
12Z AVG MX 2MIN
DY MAX MIN AVG DEP HDD CDD WTR SNW DPTH SPD SPD DIR MIN PSBL S-S WX SPD DR
================================================================================
1 77 64 71 -7 0 6 0.11 0.0 0 5.0 24 360 M M 9 8 28 360
2 81 61 71 -7 0 6 0.00 0.0 0 7.2 17 340 M M 4 22 330
3 80 65 73 -5 0 8 0.00 0.0 0 4.8 9 120 M M 9 17 360
4 80 65 73 -5 0 8 0.00 0.0 0 5.4 14 90 M M 9 18 70
5 86 64 75 -3 0 10 0.00 0.0 0 6.8 14 360 M M 4 22 340
6 90 69 80 2 0 15 0.00 0.0 0 7.4 17 210 M M 3 25 230
7 87 68 78 0 0 13 0.13 0.0 0 6.6 17 190 M M 8 1 21 180
8 82 66 74 -4 0 9 0.69 0.0 0 8.0 21 80 M M 7 1 30 80
9 91 68 80 2 0 15 T 0.0 0 5.4 20 210 M M 5 3 24 220
10 93 73 83 5 0 18 0.39 0.0 0 7.9 36 260 M M 7 13 43 260
11 95 73 84 6 0 19 0.10 0.0 0 8.5 31 310 M M 6 3 39 290
12 96 75 86 8 0 21 0.00 0.0 0 8.1 16 230 M M 4 1 25 190
13 95 79 87 10 0 22 0.00 0.0 0 6.8 17 240 M M 6 21 240
14 90 75 83 6 0 18 0.00 0.0 0 9.1 16 20 M M 7 21 340
15 87 72 80 3 0 15 0.00 0.0 0 7.9 17 30 M M 8 25 10
16 82 71 77 0 0 12 0.00 0.0 0 6.6 13 120 M M 10 16 120
17 83 73 78 1 0 13 0.06 0.0 0 5.1 10 150 M M 9 16 160
18 91 76 84 7 0 19 T 0.0 0 10.0 21 180 M M 9 3 29 160
19 90 79 85 8 0 20 0.00 0.0 0 12.6 22 200 M M 8 3 28 190
20 82 74 78 2 0 13 0.27 0.0 0 5.1 13 260 M M 9 1 14 260
21 83 72 78 2 0 13 0.18 0.0 0 4.6 18 130 M M 8 13 22 130
22 83 73 78 2 0 13 0.86 0.0 0 9.3 16 250 M M 9 1 19 330
23 90 73 82 6 0 17 0.22 0.0 0 12.5 22 260 M M 7 13 27 230
24 92 74 83 7 0 18 0.00 0.0 0 6.7 15 280 M M 2 21 210
25 94 73 84 8 0 19 0.00 0.0 0 4.3 10 230 M M 2 14 210
26 93 75 84 8 0 19 0.00 0.0 0 5.7 15 230 M M 4 18 20 220
27 93 76 85 10 0 20 T 0.0 0 4.6 16 320 M M 5 13 19 310
28 78 69 74 -1 0 9 3.17 0.0 0 8.7 21 50 M M 10 13 25 50
29 80 68 74 -1 0 9 0.00 0.0 0 6.6 13 50 M M 9 18 20
30 90 73 82 7 0 17 T 0.0 0 6.1 15 230 M M 7 138 22 280
31 86 74 80 5 0 15 0.00 0.0 0 4.9 13 320 M M 9 16 310
================================================================================
SM 2700 2210 0 449 6.18 0.0 218.3 M 213
================================================================================
AV 87.1 71.3 7.0 FASTST M M 7 MAX(MPH)
MISC ----> 36 260 43 260
================================================================================
NOTES:
# LAST OF SEVERAL OCCURRENCES
COLUMN 17 PEAK WIND IN M.P.H.
PRELIMINARY LOCAL CLIMATOLOGICAL DATA (WS FORM: F-6) , PAGE 2
STATION: PHILADELPHIA PA
MONTH: AUGUST
YEAR: 2021
LATITUDE: 39 52 N
LONGITUDE: 75 15 W
[TEMPERATURE DATA] [PRECIPITATION DATA] SYMBOLS USED IN COLUMN 16
AVERAGE MONTHLY: 79.2 TOTAL FOR MONTH: 6.18 1 = FOG OR MIST
DPTR FM NORMAL: 2.4 DPTR FM NORMAL: 1.89 2 = FOG REDUCING VISIBILITY
HIGHEST: 96 ON 12 GRTST 24HR 3.17 ON 28-28 TO 1/4 MILE OR LESS
LOWEST: 61 ON 2 3 = THUNDER
SNOW, ICE PELLETS, HAIL 4 = ICE PELLETS
TOTAL MONTH: 0.0 INCH 5 = HAIL
GRTST 24HR 0.0 6 = FREEZING RAIN OR DRIZZLE
GRTST DEPTH: 0 7 = DUSTSTORM OR SANDSTORM:
VSBY 1/2 MILE OR LESS
8 = SMOKE OR HAZE
[NO. OF DAYS WITH] [WEATHER - DAYS WITH] 9 = BLOWING SNOW
X = TORNADO
MAX 32 OR BELOW: 0 0.01 INCH OR MORE: 11
MAX 90 OR ABOVE: 15 0.10 INCH OR MORE: 10
MIN 32 OR BELOW: 0 0.50 INCH OR MORE: 3
MIN 0 OR BELOW: 0 1.00 INCH OR MORE: 1
[HDD (BASE 65) ]
TOTAL THIS MO. 0 CLEAR (SCALE 0-3) 2
DPTR FM NORMAL -1 PTCLDY (SCALE 4-7) 18
TOTAL FM JUL 1 0 CLOUDY (SCALE 8-10) 11
DPTR FM NORMAL 0
[CDD (BASE 65) ]
TOTAL THIS MO. 449
DPTR FM NORMAL 81 [PRESSURE DATA]
TOTAL FM JAN 1 1309 HIGHEST SLP 30.25 ON 28
DPTR FM NORMAL 152 LOWEST SLP 29.77 ON 23
[REMARKS]
#FINAL-08-21#