000
CXUS53 KUNR 011030
CF6PHP
PRELIMINARY LOCAL CLIMATOLOGICAL DATA (WS FORM: F-6)
STATION: PHILIP SD
MONTH: NOVEMBER
YEAR: 2022
LATITUDE: 44 3 N
LONGITUDE: 101 36 W
TEMPERATURE IN F: :PCPN: SNOW: WIND :SUNSHINE: SKY :PK WND
================================================================================
1 2 3 4 5 6A 6B 7 8 9 10 11 12 13 14 15 16 17 18
12Z AVG MX 2MIN
DY MAX MIN AVG DEP HDD CDD WTR SNW DPTH SPD SPD DIR MIN PSBL S-S WX SPD DR
================================================================================
1 78 27 53 12 12 0 0.00 M M 7.9 20 180 M M 0 29 190
2 79 41 60 20 5 0 0.00 M M 9.7 30 340 M M 0 45 350
3 43 30 37 -3 28 0 0.03 M M 15.3 29 340 M M 5 1 40 340
4 46 15 31 -9 34 0 0.00 M M 5.0 13 170 M M 1 17 160
5 62 13 38 -1 27 0 T M M 6.7 29 290 M M 2 1 38 280
6 47 18 33 -6 32 0 0.00 M M 15.6 39 300 M M 0 51 310
7 47 19 33 -5 32 0 0.00 M M 15.3 29 130 M M 7 38 140
8 46 25 36 -2 29 0 0.00 M M 13.5 26 340 M M 5 35 340
9 28 21 25 -13 40 0 0.05 M M 11.8 22 360 M M 10 16 30 360
10 26 12 19 -18 46 0 0.02 M M 18.4 31 310 M M 6 1 40 310
11 22 -1 11 -26 54 0 0.00 M M 8.7 18 330 M M 0 23 310
12 30 -5 13 -23 52 0 0.00 M M 5.4 13 80 M M 0 15 80
13 19 7 13 -23 52 0 T M M 9.2 20 340 M M 5 1 24 330
14 38 9 24 -12 41 0 T M M 7.7 21 330 M M 9 29 320
15 24 0 12 -23 53 0 T M M 8.6 17 350 M M 6 18 25 310
16 36 0 18 -17 47 0 T M M 11.6 25 340 M M 8 1 34 340
17 28 10 19 -15 46 0 T M M 22.9 39 310 M M 9 52 310
18 31 2 17 -17 48 0 0.01 M M 17.3 40 320 M M 5 1 53 310
19 31 15 23 -10 42 0 T M M 11.3 29 340 M M 5 39 340
20 52 17 35 2 30 0 0.00 M M 11.6 22 300 M M 0 30 300
21 48 14 31 -2 34 0 0.00 M M 5.8 14 270 M M 0 16 270
22 57 14 36 4 29 0 0.00 M M 6.3 14 270 M M 0 20 260
23 55 14 35 3 30 0 0.00 M M 10.8 30 320 M M 0 36 320
24 50 21 36 5 29 0 0.00 M M 11.5 24 320 M M 0 31 310
25 66 27 47 16 18 0 0.00 M M 8.6 16 220 M M 0 20 210
26 55 24 40 10 25 0 0.00 M M 11.9 25 340 M M 2 34 350
27 50 10 30 0 35 0 0.00 M M 7.5 17 190 M M 0 21 170
28 40 19 30 0 35 0 0.00 M M 9.9 23 330 M M 6 29 330
29 26 9 18 -11 47 0 0.00 M M 16.1 32 310 M M 0 42 310
30 28 1 15 -14 50 0 0.00 M M 8.7 18 290 M M 0 25 300
================================================================================
SM 1288 428 1082 0 0.11 M 330.6 M 91
================================================================================
AV 42.9 14.3 11.0 FASTST M M 3 MAX(MPH)
MISC ----> 40 320 53 310
================================================================================
NOTES:
# LAST OF SEVERAL OCCURRENCES
COLUMN 17 PEAK WIND IN M.P.H.
PRELIMINARY LOCAL CLIMATOLOGICAL DATA (WS FORM: F-6) , PAGE 2
STATION: PHILIP SD
MONTH: NOVEMBER
YEAR: 2022
LATITUDE: 44 3 N
LONGITUDE: 101 36 W
[TEMPERATURE DATA] [PRECIPITATION DATA] SYMBOLS USED IN COLUMN 16
AVERAGE MONTHLY: 28.6 TOTAL FOR MONTH: 0.11 1 = FOG OR MIST
DPTR FM NORMAL: -6.3 DPTR FM NORMAL: -0.38 2 = FOG REDUCING VISIBILITY
HIGHEST: 79 ON 2 GRTST 24HR 0.06 ON 9-10 TO 1/4 MILE OR LESS
LOWEST: -5 ON 12 3 = THUNDER
SNOW, ICE PELLETS, HAIL 4 = ICE PELLETS
TOTAL MONTH: M 5 = HAIL
GRTST 24HR M ON M 6 = FREEZING RAIN OR DRIZZLE
GRTST DEPTH: M ON M 7 = DUSTSTORM OR SANDSTORM:
VSBY 1/2 MILE OR LESS
8 = SMOKE OR HAZE
[NO. OF DAYS WITH] [WEATHER - DAYS WITH] 9 = BLOWING SNOW
X = TORNADO
MAX 32 OR BELOW: 11 0.01 INCH OR MORE: 4
MAX 90 OR ABOVE: 0 0.10 INCH OR MORE: 0
MIN 32 OR BELOW: 29 0.50 INCH OR MORE: 0
MIN 0 OR BELOW: 4 1.00 INCH OR MORE: 0
[HDD (BASE 65) ]
TOTAL THIS MO. 1082 CLEAR (SCALE 0-3) 17
DPTR FM NORMAL 178 PTCLDY (SCALE 4-7) 10
TOTAL FM JUL 1 1615 CLOUDY (SCALE 8-10) 3
DPTR FM NORMAL 29
[CDD (BASE 65) ]
TOTAL THIS MO. 0
DPTR FM NORMAL 0 [PRESSURE DATA]
TOTAL FM JAN 1 995 HIGHEST SLP 30.59 ON 17
DPTR FM NORMAL 162 LOWEST SLP 29.22 ON 5
[REMARKS]
#FINAL-11-22#