000
CXUS54 KBRO 011652
CF6PIL
PRELIMINARY LOCAL CLIMATOLOGICAL DATA (WS FORM: F-6)
STATION: BAYVIEW
MONTH: DECEMBER
YEAR: 2022
LATITUDE: 26 10 N
LONGITUDE: 97 20 W
TEMPERATURE IN F: :PCPN: SNOW: WIND :SUNSHINE: SKY :PK WND
================================================================================
1 2 3 4 5 6A 6B 7 8 9 10 11 12 13 14 15 16 17 18
12Z AVG MX 2MIN
DY MAX MIN AVG DEP HDD CDD WTR SNW DPTH SPD SPD DIR MIN PSBL S-S WX SPD DR
================================================================================
1 69 56 63 -3 2 0 0.03 0.0 0 10.0 18 330 M M 10 1 22 330
2 72 59 66 0 0 1 0.00 0.0 0 3.6 8 300 M M 10 12 12 260
3 81 67 74 8 0 9 0.00 0.0 0 5.3 14 60 M M 6 12 18 80
4 78 66 72 7 0 7 0.00 0.0 0 5.9 12 80 M M 7 12 14 10
5 83 66 75 10 0 10 0.00 0.0 0 11.5 22 160 M M 5 12 31 160
6 84 71 78 13 0 13 0.00 0.0 0 13.5 25 160 M M 3 33 170
7 83 69 76 11 0 11 0.00 0.0 0 12.4 22 140 M M 6 1 30 140
8 83 71 77 13 0 12 0.00 0.0 0 10.8 21 160 M M 4 1 28 170
9 82 68 75 11 0 10 0.00 0.0 0 9.8 21 140 M M 2 12 27 140
10 83 70 77 13 0 12 0.00 0.0 0 10.6 22 160 M M 1 30 150
11 80 67 74 10 0 9 0.00 0.0 0 6.7 15 120 M M 3 12 20 110
12 82 70 76 12 0 11 0.00 0.0 0 12.6 22 150 M M 4 1 29 150
13 83 73 78 15 0 13 T 0.0 0 15.7 30 180 M M 5 1 44 180
14 75 54 65 2 0 0 T 0.0 0 11.6 29 350 M M 6 1 39 360
15 75 50 63 0 2 0 0.00 0.0 0 8.0 15 120 M M 0 19 60
16 78 60 69 6 0 4 0.00 0.0 0 7.3 17 130 M M 3 22 120
17 68 48 58 -5 7 0 0.06 0.0 0 17.3 28 340 M M 10 1 37 340
18 68 53 61 -1 4 0 0.08 0.0 0 10.2 15 70 M M 10 18 23 50
19 71 54 63 1 2 0 0.09 0.0 0 10.3 20 120 M M 10 1 28 120
20 58 51 55 -7 10 0 0.00 0.0 0 13.3 20 340 M M 9 27 350
21 63 51 57 -5 8 0 0.00 0.0 0 10.8 17 10 M M 5 23 360
22 73 42 58 -4 7 0 T 0.0 0 10.7 37 360 M M 5 1 50 360
23 M M M M M M M M M M M M M M M M M
24 39 32 36 -26 29 0 0.00 0.0 0 17.7 24 330 M M 9 32 330
25 53 39 46 -15 19 0 0.00 0.0 0 12.2 21 360 M M 10 26 340
26 65 42 54 -7 11 0 0.00 0.0 0 6.1 15 360 M M 9 19 360
27 68 44 56 -5 9 0 0.00 0.0 0 7.1 15 40 M M 0 22 40
28 80 46 63 2 2 0 0.00 0.0 0 13.3 28 160 M M 0 38 150
29 82 64 73 12 0 8 0.00 0.0 0 13.2 30 180 M M 2 1 44 190
30 76 61 69 8 0 4 0.00 0.0 0 5.4 15 360 M M 4 12 20 20
31 79 56 68 7 0 3 0.00 0.0 0 4.2 15 140 M M 5 12 18 140
================================================================================
SM 2214 1720 112 137 0.26 0.0 307.1 M 163
================================================================================
AV 73.8 57.3 10.2 FASTST M M 5 MAX(MPH)
MISC ----> 37 360 50 360
================================================================================
NOTES:
# LAST OF SEVERAL OCCURRENCES
COLUMN 17 PEAK WIND IN M.P.H.
PRELIMINARY LOCAL CLIMATOLOGICAL DATA (WS FORM: F-6) , PAGE 2
STATION: BAYVIEW
MONTH: DECEMBER
YEAR: 2022
LATITUDE: 26 10 N
LONGITUDE: 97 20 W
[TEMPERATURE DATA] [PRECIPITATION DATA] SYMBOLS USED IN COLUMN 16
AVERAGE MONTHLY: 65.6 TOTAL FOR MONTH: 0.26 1 = FOG OR MIST
DPTR FM NORMAL: 2.6 DPTR FM NORMAL: -1.00 2 = FOG REDUCING VISIBILITY
HIGHEST: 84 ON 6 GRTST 24HR 0.17 ON 18-19 TO 1/4 MILE OR LESS
LOWEST: 32 ON 24 3 = THUNDER
SNOW, ICE PELLETS, HAIL 4 = ICE PELLETS
TOTAL MONTH: 0.0 INCH 5 = HAIL
GRTST 24HR 0.0 6 = FREEZING RAIN OR DRIZZLE
GRTST DEPTH: 0 7 = DUSTSTORM OR SANDSTORM:
VSBY 1/2 MILE OR LESS
8 = SMOKE OR HAZE
[NO. OF DAYS WITH] [WEATHER - DAYS WITH] 9 = BLOWING SNOW
X = TORNADO
MAX 32 OR BELOW: 0 0.01 INCH OR MORE: 4
MAX 90 OR ABOVE: 0 0.10 INCH OR MORE: 0
MIN 32 OR BELOW: 1 0.50 INCH OR MORE: 0
MIN 0 OR BELOW: 0 1.00 INCH OR MORE: 0
[HDD (BASE 65) ]
TOTAL THIS MO. 112 CLEAR (SCALE 0-3) 7
DPTR FM NORMAL -35 PTCLDY (SCALE 4-7) 14
TOTAL FM JUL 1 207 CLOUDY (SCALE 8-10) 10
DPTR FM NORMAL 6
[CDD (BASE 65) ]
TOTAL THIS MO. 137
DPTR FM NORMAL 52 [PRESSURE DATA]
TOTAL FM JAN 1 4308 HIGHEST SLP 30.68 ON 23
DPTR FM NORMAL 170 LOWEST SLP 29.63 ON 14
[REMARKS]
#FINAL-12-22#