940
CXUS51 KRLX 020005
CF6PKB
PRELIMINARY LOCAL CLIMATOLOGICAL DATA (WS FORM: F-6)
STATION: PARKERSBURG WV
MONTH: AUGUST
YEAR: 2020
LATITUDE: 39 20 N
LONGITUDE: 81 26 W
TEMPERATURE IN F: :PCPN: SNOW: WIND :SUNSHINE: SKY :PK WND
================================================================================
1 2 3 4 5 6A 6B 7 8 9 10 11 12 13 14 15 16 17 18
12Z AVG MX 2MIN
DY MAX MIN AVG DEP HDD CDD WTR SNW DPTH SPD SPD DIR MIN PSBL S-S WX SPD DR
================================================================================
1 87 71 79 5 0 14 0.27 M M 2.9 13 280 M M 8 13 22 290
2 76 63 70 -4 0 5 T M M 6.8 17 240 M M 7 18 26 230
3 84 61 73 -1 0 8 0.00 M M 4.1 12 330 M M 3 1 16 310
4 80 64 72 -2 0 7 0.14 M M 3.7 14 300 M M 6 1 19 310
5 83 60 72 -2 0 7 0.00 M M 2.3 9 310 M M 3 12 13 340
6 86 60 73 -1 0 8 0.00 M M 2.1 9 60 M M 5 13 20
7 86 63 75 1 0 10 0.00 M 0 2.7 9 310 M M 3 13 300
8 87 63 75 1 0 10 0.00 M M 1.8 12 290 M M 3 15 280
9 90 60 75 1 0 10 0.00 M M 1.2 9 280 M M 2 12 13 290
10 90 63 77 3 0 12 0.00 M M 2.1 9 170 M M 1 128 12 190
11 88 69 79 5 0 14 0.00 M M 3.8 14 230 M M 3 18 240
12 91 65 78 4 0 13 0.00 M M 1.8 9 310 M M 2 12 11 310
13 95 69 82 8 0 17 0.50 M M 4.2 26 110 M M 2 38 34 120
14 90 69 80 6 0 15 T M M 3.4 13 40 M M 2 1 17 40
15 74 65 70 -4 0 5 1.02 M M 5.0 14 70 M M 9 1 18 60
16 82 65 74 0 0 9 0.04 M M 1.9 9 320 M M 8 1 13 290
17 84 63 74 0 0 9 0.18 M M 2.1 18 310 M M 7 12 25 320
18 82 59 71 -3 0 6 0.00 M M 2.4 9 320 M M 6 1 13 320
19 80 57 69 -4 0 4 0.00 M M 4.9 14 330 M M 3 19 330
20 85 52 69 -4 0 4 0.00 M M 1.2 8 70 M M 1 10 150
21 81 65 73 0 0 8 0.00 M M 1.7 8 200 M M 4 1 11 210
22 85 68 77 4 0 12 0.13 M M 2.4 14 360 M M 3 123 22 360
23 86 66 76 3 0 11 0.00 M M 2.8 10 230 M M 3 13 14 230
24 87 68 78 5 0 13 0.03 M M 3.7 13 230 M M 3 13 17 230
25 91 67 79 6 0 14 0.13 M M 5.5 24 320 M M 3 13 34 310
26 88 64 76 4 0 11 0.02 M M 3.4 9 190 M M 4 123 12 210
27 84 71 78 6 0 13 0.24 M M 5.8 14 260 M M 3 138 18 260
28 88 72 80 8 0 15 T M M 4.3 15 250 M M 3 3 23 250
29 86 63 75 3 0 10 0.01 M M 5.8 18 290 M M 6 1 26 290
30 81 57 69 -3 0 4 0.00 M M 3.0 12 320 M M 1 15 330
31 76 61 69 -2 0 4 0.28 M M 1.8 7 160 M M 7 12 11 140
================================================================================
SM 2633 1983 0 302 2.99 M 100.6 M 124
================================================================================
AV 84.9 64.0 3.2 FASTST M M 4 MAX(MPH)
MISC ----> 26 110 # 34 120
================================================================================
NOTES:
# LAST OF SEVERAL OCCURRENCES
COLUMN 17 PEAK WIND IN M.P.H.
PRELIMINARY LOCAL CLIMATOLOGICAL DATA (WS FORM: F-6) , PAGE 2
STATION: PARKERSBURG WV
MONTH: AUGUST
YEAR: 2020
LATITUDE: 39 20 N
LONGITUDE: 81 26 W
[TEMPERATURE DATA] [PRECIPITATION DATA] SYMBOLS USED IN COLUMN 16
AVERAGE MONTHLY: 74.5 TOTAL FOR MONTH: 2.99 1 = FOG OR MIST
DPTR FM NORMAL: 1.2 DPTR FM NORMAL: -0.62 2 = FOG REDUCING VISIBILITY
HIGHEST: 95 ON 13 GRTST 24HR 1.02 ON 14-15 TO 1/4 MILE OR LESS
LOWEST: 52 ON 20 3 = THUNDER
SNOW, ICE PELLETS, HAIL 4 = ICE PELLETS
TOTAL MONTH: M 5 = HAIL
GRTST 24HR M ON M 6 = FREEZING RAIN OR DRIZZLE
GRTST DEPTH: 0 7 = DUSTSTORM OR SANDSTORM:
VSBY 1/2 MILE OR LESS
8 = SMOKE OR HAZE
[NO. OF DAYS WITH] [WEATHER - DAYS WITH] 9 = BLOWING SNOW
X = TORNADO
MAX 32 OR BELOW: 0 0.01 INCH OR MORE: 13
MAX 90 OR ABOVE: 6 0.10 INCH OR MORE: 9
MIN 32 OR BELOW: 0 0.50 INCH OR MORE: 2
MIN 0 OR BELOW: 0 1.00 INCH OR MORE: 1
[HDD (BASE 65) ]
TOTAL THIS MO. 0 CLEAR (SCALE 0-3) 11
DPTR FM NORMAL -4 PTCLDY (SCALE 4-7) 18
TOTAL FM JUL 1 0 CLOUDY (SCALE 8-10) 2
DPTR FM NORMAL -1
[CDD (BASE 65) ]
TOTAL THIS MO. 302
DPTR FM NORMAL 39 [PRESSURE DATA]
TOTAL FM JAN 1 1055 HIGHEST SLP 30.19 ON 8
DPTR FM NORMAL 225 LOWEST SLP 29.64 ON 29
[REMARKS]
#FINAL-08-20#