000
CXUS53 KPAH 010800
CF6POF
PRELIMINARY LOCAL CLIMATOLOGICAL DATA (WS FORM: F-6)
STATION: POPLAR BLUFF MO
MONTH: DECEMBER
YEAR: 2021
LATITUDE: 36 46 N
LONGITUDE: 90 19 W
TEMPERATURE IN F: :PCPN: SNOW: WIND :SUNSHINE: SKY :PK WND
================================================================================
1 2 3 4 5 6A 6B 7 8 9 10 11 12 13 14 15 16 17 18
12Z AVG MX 2MIN
DY MAX MIN AVG DEP HDD CDD WTR SNW DPTH SPD SPD DIR MIN PSBL S-S WX SPD DR
================================================================================
1 65 41 53 11 12 0 0.01 M M 4.4 12 220 M M 1 3 17 260
2 78 38 58 16 7 0 0.00 M M 5.5 12 220 M M 1 17 180
3 73 38 56 14 9 0 0.00 M M 3.5 12 210 M M 1 12 17 210
4 61 44 53 12 12 0 0.00 M M 9.0 17 40 M M 3 1 23 10
5 67 47 57 16 8 0 0.11 M M 9.3 23 210 M M 9 13 35 210
6 66 30 48 7 17 0 0.85 M M 10.5 29 290 M M 2 13 42 270
7 40 27 34 -7 31 0 0.00 M M 4.3 12 90 M M 1 18 100
8 51 26 39 -1 26 0 0.00 M M 3.3 9 210 M M 0 13 220
9 58 34 46 6 19 0 0.00 M M 7.8 18 220 M M 5 1 25 220
10 72 55 64 24 1 0 0.28 M M 9.2 32 190 M M 9 123 53 180
11 66 28 47 7 18 0 0.00 M M 9.9 28 280 M M 3 40 290
12 51 25 38 -2 27 0 0.00 M M 4.8 14 200 M M 0 18 200
13 57 26 42 3 23 0 0.00 M M 4.2 13 210 M M 0 18 190
14 64 37 51 12 14 0 0.11 M M 3.3 12 150 M M 7 1 15 160
15 64 58 61 22 4 0 T M M 13.8 24 170 M M 10 1 37 160
16 65 46 56 17 9 0 0.31 M M 8.5 21 190 M M 9 123 34 180
17 48 42 45 7 20 0 1.10 M M 5.9 17 300 M M 9 1 24 310
18 56 34 45 7 20 0 0.81 M M 9.8 20 330 M M 8 13 28 330
19 42 27 35 -3 30 0 0.00 M M 5.0 14 20 M M 4 8 19 10
20 45 23 34 -4 31 0 0.00 M M 1.5 6 180 M M 0 9 140
21 53 27 40 2 25 0 0.00 M M 4.2 13 200 M M 0 1 17 190
22 45 26 36 -2 29 0 0.00 M M 3.7 10 50 M M 0 15 70
23 54 26 40 2 25 0 0.00 M M 6.4 18 210 M M 5 27 220
24 66 51 59 22 6 0 0.00 M M 16.4 26 200 M M 7 39 200
25 77 52 65 28 0 0 0.00 M M 12.0 22 200 M M 0 34 200
26 65 45 55 18 10 0 0.00 M M 7.7 20 190 M M 7 128 29 190
27 73 53 63 26 2 0 T M M 11.3 18 210 M M 6 29 220
28 70 51 61 24 4 0 0.21 M M 5.5 29 220 M M 10 1 45 210
29 56 42 49 12 16 0 0.19 M M 6.1 15 30 M M 7 12 24 40
30 53 45 49 13 16 0 0.00 M M 3.7 13 180 M M 10 12 18 180
31 66 49 58 22 7 0 0.24 M M 7.3 22 200 M M 8 12 32 200
================================================================================
SM 1867 1193 478 0 4.22 M 217.8 M 142
================================================================================
AV 60.2 38.5 7.0 FASTST M M 5 MAX(MPH)
MISC ----> 32 190 53 180
================================================================================
NOTES:
# LAST OF SEVERAL OCCURRENCES
COLUMN 17 PEAK WIND IN M.P.H.
PRELIMINARY LOCAL CLIMATOLOGICAL DATA (WS FORM: F-6) , PAGE 2
STATION: POPLAR BLUFF MO
MONTH: DECEMBER
YEAR: 2021
LATITUDE: 36 46 N
LONGITUDE: 90 19 W
[TEMPERATURE DATA] [PRECIPITATION DATA] SYMBOLS USED IN COLUMN 16
AVERAGE MONTHLY: 49.4 TOTAL FOR MONTH: 4.22 1 = FOG OR MIST
DPTR FM NORMAL: 10.5 DPTR FM NORMAL: -0.04 2 = FOG REDUCING VISIBILITY
HIGHEST: 78 ON 2 GRTST 24HR 1.76 ON 17-18 TO 1/4 MILE OR LESS
LOWEST: 23 ON 20 3 = THUNDER
SNOW, ICE PELLETS, HAIL 4 = ICE PELLETS
TOTAL MONTH: M 5 = HAIL
GRTST 24HR M ON M 6 = FREEZING RAIN OR DRIZZLE
GRTST DEPTH: M ON M 7 = DUSTSTORM OR SANDSTORM:
VSBY 1/2 MILE OR LESS
8 = SMOKE OR HAZE
[NO. OF DAYS WITH] [WEATHER - DAYS WITH] 9 = BLOWING SNOW
X = TORNADO
MAX 32 OR BELOW: 0 0.01 INCH OR MORE: 11
MAX 90 OR ABOVE: 0 0.10 INCH OR MORE: 10
MIN 32 OR BELOW: 11 0.50 INCH OR MORE: 3
MIN 0 OR BELOW: 0 1.00 INCH OR MORE: 1
[HDD (BASE 65) ]
TOTAL THIS MO. 478 CLEAR (SCALE 0-3) 13
DPTR FM NORMAL -331 PTCLDY (SCALE 4-7) 10
TOTAL FM JUL 1 1175 CLOUDY (SCALE 8-10) 8
DPTR FM NORMAL -403
[CDD (BASE 65) ]
TOTAL THIS MO. 0
DPTR FM NORMAL 0 [PRESSURE DATA]
TOTAL FM JAN 1 1632 HIGHEST SLP M ON M
DPTR FM NORMAL 4 LOWEST SLP 29.50 ON 11
[REMARKS]
#FINAL-12-21#