000
CXUS53 KPAH 280731
CF6POF
PRELIMINARY LOCAL CLIMATOLOGICAL DATA (WS FORM: F-6)
STATION: POPLAR BLUFF MO
MONTH: MARCH
YEAR: 2024
LATITUDE: 36 46 N
LONGITUDE: 90 19 W
TEMPERATURE IN F: :PCPN: SNOW: WIND :SUNSHINE: SKY :PK WND
================================================================================
1 2 3 4 5 6A 6B 7 8 9 10 11 12 13 14 15 16 17 18
12Z AVG MX 2MIN
DY MAX MIN AVG DEP HDD CDD WTR SNW DPTH SPD SPD DIR MIN PSBL S-S WX SPD DR
================================================================================
1 49 38 44 0 21 0 0.11 M M 4.1 13 130 M M 9 16 130
2 61 32 47 3 18 0 0.00 M M 4.6 15 150 M M 3 12 20 160
3 71 38 55 10 10 0 0.00 M M 7.6 22 190 M M 4 12 32 190
4 79 51 65 20 0 0 1.01 M M 8.8 26 210 M M 6 13 37 210
5 75 54 65 20 0 0 1.03 M M 6.6 29 320 M M 3 13 38 310
6 66 50 58 12 7 0 0.00 M M 6.8 15 360 M M 5 23 350
7 56 47 52 6 13 0 0.28 M M 4.9 12 120 M M 7 1 15 140
8 64 51 58 12 7 0 0.75 M M 7.9 18 350 M M 9 13 25 330
9 56 42 49 3 16 0 0.11 M M 10.2 17 310 M M 6 1 24 340
10 60 34 47 0 18 0 0.00 M M 4.8 14 290 M M 0 19 300
11 64 33 49 2 16 0 0.00 M M 6.9 20 210 M M 0 25 210
12 68 39 54 7 11 0 0.00 M M 7.0 21 220 M M 0 29 210
13 77 46 62 14 3 0 0.00 M M 9.1 23 210 M M 1 31 210
14 78 61 70 22 0 5 0.21 M M 12.6 30 310 M M 8 3 45 320
15 63 44 54 6 11 0 0.01 M M 7.9 21 320 M M 5 31 300
16 68 38 53 4 12 0 0.00 M M 6.6 20 210 M M 0 24 220
17 63 40 52 3 13 0 0.00 M M 10.6 21 10 M M 1 27 360
18 47 30 39 -10 26 0 0.00 M M 8.4 20 300 M M 1 8 33 340
19 60 27 44 -6 21 0 0.00 M M 11.1 24 210 M M 0 35 210
20 68 43 56 6 9 0 0.00 M M 7.5 13 50 M M 0 19 80
21 63 39 51 1 14 0 0.00 M M 8.4 15 50 M M 1 23 70
22 71 46 59 8 6 0 0.00 M M 8.9 29 360 M M 8 38 360
23 55 40 48 -3 17 0 0.00 M M 11.6 28 360 M M 5 38 10
24 64 37 51 0 14 0 0.00 M M 8.3 17 130 M M 0 26 170
25 69 50 60 8 5 0 1.18 M M 17.8 38 160 M M 9 1 51 150
26 54 41 48 -4 17 0 0.00 M M 12.9 29 220 M M 5 12 38 210
27 56 32 44 -8 21 0 0.00 M M 3.5 13 310 M M 0 8 17 290
================================================================================
SM 1725 1123 326 5 4.69 M 225.4 M 96
================================================================================
AV 63.9 41.6 8.3 FASTST M M 4 MAX(MPH)
MISC ----> 38 160 51 150
================================================================================
NOTES:
# LAST OF SEVERAL OCCURRENCES
COLUMN 17 PEAK WIND IN M.P.H.
PRELIMINARY LOCAL CLIMATOLOGICAL DATA (WS FORM: F-6) , PAGE 2
STATION: POPLAR BLUFF MO
MONTH: MARCH
YEAR: 2024
LATITUDE: 36 46 N
LONGITUDE: 90 19 W
[TEMPERATURE DATA] [PRECIPITATION DATA] SYMBOLS USED IN COLUMN 16
AVERAGE MONTHLY: 52.7 TOTAL FOR MONTH: 4.69 1 = FOG OR MIST
DPTR FM NORMAL: 4.7 DPTR FM NORMAL: 0.40 2 = FOG REDUCING VISIBILITY
HIGHEST: 79 ON 4 GRTST 24HR 1.85 ON 4- 5 TO 1/4 MILE OR LESS
LOWEST: 27 ON 19 3 = THUNDER
SNOW, ICE PELLETS, HAIL 4 = ICE PELLETS
TOTAL MONTH: M 5 = HAIL
GRTST 24HR M ON M 6 = FREEZING RAIN OR DRIZZLE
GRTST DEPTH: M ON M 7 = DUSTSTORM OR SANDSTORM:
VSBY 1/2 MILE OR LESS
8 = SMOKE OR HAZE
[NO. OF DAYS WITH] [WEATHER - DAYS WITH] 9 = BLOWING SNOW
X = TORNADO
MAX 32 OR BELOW: 0 0.01 INCH OR MORE: 9
MAX 90 OR ABOVE: 0 0.10 INCH OR MORE: 8
MIN 32 OR BELOW: 4 0.50 INCH OR MORE: 4
MIN 0 OR BELOW: 0 1.00 INCH OR MORE: 3
[HDD (BASE 65) ]
TOTAL THIS MO. 326 CLEAR (SCALE 0-3) 13
DPTR FM NORMAL -135 PTCLDY (SCALE 4-7) 11
TOTAL FM JUL 1 3117 CLOUDY (SCALE 8-10) 3
DPTR FM NORMAL -505
[CDD (BASE 65) ]
TOTAL THIS MO. 5
DPTR FM NORMAL 5 [PRESSURE DATA]
TOTAL FM JAN 1 9 HIGHEST SLP M ON M
DPTR FM NORMAL 9 LOWEST SLP 29.42 ON 25
[REMARKS]