000
CXUS54 KFWD 010731
CF6PSN
PRELIMINARY LOCAL CLIMATOLOGICAL DATA (WS FORM: F-6)
STATION: PALESTINE
MONTH: JULY
YEAR: 2020
LATITUDE: 31 46 N
LONGITUDE: 95 42 W
TEMPERATURE IN F: :PCPN: SNOW: WIND :SUNSHINE: SKY :PK WND
================================================================================
1 2 3 4 5 6A 6B 7 8 9 10 11 12 13 14 15 16 17 18
12Z AVG MX 2MIN
DY MAX MIN AVG DEP HDD CDD WTR SNW DPTH SPD SPD DIR MIN PSBL S-S WX SPD DR
================================================================================
1 91 78 85 4 0 20 0.00 0.0 0 7.1 17 200 M M 2 23 200
2 93 77 85 4 0 20 0.00 0.0 0 4.2 9 210 M M 3 1 M M
3 95 72 84 3 0 19 0.00 0.0 0 3.7 16 110 M M 0 24 110
4 94 69 82 1 0 17 0.00 0.0 0 1.5 7 270 M M 0 M M
5 93 75 84 3 0 19 0.00 0.0 0 4.3 10 200 M M 1 16 180
6 90 72 81 0 0 16 0.79 0.0 0 5.1 9 10 M M 5 M M
7 76 74 75 -7 0 10 0.56 0.0 0 4.7 9 120 M M 8 M M
8 92 80 86 4 0 21 0.00 0.0 M 6.0 9 180 M M 3 M M
9 93 77 85 3 0 20 0.00 0.0 0 6.9 13 210 M M 4 18 190
10 93 74 84 2 0 19 0.00 0.0 0 4.2 12 180 M M 2 1 17 180
11 94 78 86 4 0 21 0.00 0.0 0 4.5 9 210 M M 1 M M
12 95 77 86 4 0 21 0.00 0.0 0 3.9 12 190 M M 1 22 190
13 96 77 87 5 0 22 0.00 0.0 0 4.7 9 140 M M 0 M M
14 95 76 86 4 0 21 0.00 0.0 0 8.2 12 180 M M 1 16 180
15 92 78 85 3 0 20 0.00 0.0 0 7.3 12 150 M M 2 17 150
16 94 76 85 3 0 20 0.00 0.0 0 4.2 9 170 M M 0 M M
17 95 75 85 3 0 20 0.00 0.0 0 4.1 9 90 M M 1 M M
18 94 73 84 2 0 19 0.00 0.0 0 4.7 9 120 M M 2 M M
19 94 73 84 2 0 19 0.00 0.0 0 3.0 8 170 M M 2 M M
20 94 73 84 1 0 19 0.00 0.0 0 4.8 15 120 M M 1 27 120
21 90 74 82 -1 0 17 0.00 0.0 0 4.7 8 150 M M 5 M M
22 93 74 84 1 0 19 0.06 0.0 0 3.1 8 110 M M 4 M M
23 95 73 84 1 0 19 0.00 0.0 0 3.5 10 70 M M 2 10 40
24 93 76 85 2 0 20 0.02 0.0 0 7.2 14 80 M M 3 18 80
25 92 75 84 1 0 19 0.19 0.0 0 5.8 10 90 M M 6 17 90
26 92 74 83 0 0 18 0.00 0.0 0 4.6 9 70 M M 6 M M
27 91 73 82 -1 0 17 0.00 0.0 0 1.2 5 110 M M 5 M M
28 92 74 83 0 0 18 0.00 0.0 0 3.0 12 220 M M 3 M M
29 94 75 85 2 0 20 0.00 0.0 0 6.5 12 180 M M 3 21 170
30 95 76 86 3 0 21 0.00 0.0 0 8.3 14 180 M M 3 21 210
31 92 75 84 1 0 19 0.00 0.0 0 6.3 16 260 M M 5 21 260
================================================================================
SM 2872 2323 0 590 1.62 0.0 151.3 M 84
================================================================================
AV 92.7 74.9 4.9 FASTST M M 3 MAX(MPH)
MISC ----> # 17 200 # 27 120
================================================================================
NOTES:
# LAST OF SEVERAL OCCURRENCES
COLUMN 17 PEAK WIND IN M.P.H.
PRELIMINARY LOCAL CLIMATOLOGICAL DATA (WS FORM: F-6) , PAGE 2
STATION: PALESTINE
MONTH: JULY
YEAR: 2020
LATITUDE: 31 46 N
LONGITUDE: 95 42 W
[TEMPERATURE DATA] [PRECIPITATION DATA] SYMBOLS USED IN COLUMN 16
AVERAGE MONTHLY: 83.8 TOTAL FOR MONTH: 1.62 1 = FOG OR MIST
DPTR FM NORMAL: 1.6 DPTR FM NORMAL: -1.03 2 = FOG REDUCING VISIBILITY
HIGHEST: 96 ON 13 GRTST 24HR 0.79 ON 6- 6 TO 1/4 MILE OR LESS
LOWEST: 69 ON 4 3 = THUNDER
SNOW, ICE PELLETS, HAIL 4 = ICE PELLETS
TOTAL MONTH: 0.0 INCH 5 = HAIL
GRTST 24HR 0.0 6 = FREEZING RAIN OR DRIZZLE
GRTST DEPTH: 0 7 = DUSTSTORM OR SANDSTORM:
VSBY 1/2 MILE OR LESS
8 = SMOKE OR HAZE
[NO. OF DAYS WITH] [WEATHER - DAYS WITH] 9 = BLOWING SNOW
X = TORNADO
MAX 32 OR BELOW: 0 0.01 INCH OR MORE: 5
MAX 90 OR ABOVE: 30 0.10 INCH OR MORE: 3
MIN 32 OR BELOW: 0 0.50 INCH OR MORE: 2
MIN 0 OR BELOW: 0 1.00 INCH OR MORE: 0
[HDD (BASE 65) ]
TOTAL THIS MO. 0 CLEAR (SCALE 0-3) 21
DPTR FM NORMAL 0 PTCLDY (SCALE 4-7) 9
TOTAL FM JUL 1 0 CLOUDY (SCALE 8-10) 1
DPTR FM NORMAL 0
[CDD (BASE 65) ]
TOTAL THIS MO. 590
DPTR FM NORMAL 57 [PRESSURE DATA]
TOTAL FM JAN 1 1467 HIGHEST SLP M ON M
DPTR FM NORMAL 174 LOWEST SLP M ON M
[REMARKS]
#FINAL-07-20#